{"id":60,"date":"2019-03-12T08:28:46","date_gmt":"2019-03-12T07:28:46","guid":{"rendered":"http:\/\/kalinski.pl\/?page_id=60"},"modified":"2019-07-08T13:48:07","modified_gmt":"2019-07-08T11:48:07","slug":"dzialania-spoleczne","status":"publish","type":"page","link":"https:\/\/kalinski.pl\/serwis\/dzialania-spoleczne\/","title":{"rendered":"Dzia\u0142ania spo\u0142eczne"},"content":{"rendered":"<div class=\"onas_img\"><img fetchpriority=\"high\" decoding=\"async\" src=\"https:\/\/kalinski.pl\/wp-content\/uploads\/dzialaniaspoleczne2.jpg\" alt=\"\" width=\"1110\" height=\"380\" class=\"alignnone size-full wp-image-592\" \/><\/div>\n<p>Przez wszystkie lata obecno\u015bci na rynku zbudowali\u015bmy \u015bwietny zesp\u00f3\u0142 i pr\u0119\u017cnie dzia\u0142aj\u0105ce przedsi\u0119biorstwo. Jednocze\u015bnie stworzyli\u015bmy wizerunek wiarygodnej, godnej zaufania marki. Potwierdzaj\u0105 to opinie naszych klient\u00f3w.<\/p>\n<p>Jednym z naszych najwa\u017cniejszych dzia\u0142a\u0144 promocyjnych jest udzia\u0142 w imprezach targowych. Swoje produkty eksponowali\u015bmy podczas event\u00f3w w Amsterdamie, Pradze, Wroc\u0142awiu, Gda\u0144sku i oczywi\u015bcie Poznaniu. Nasze stanowisko zazwyczaj mocno przyci\u0105ga uwag\u0119 widz\u00f3w. Ch\u0119tnie prezentujemy si\u0119 podczas Motor Show oraz na innych imprezach motoryzacyjnych na pozna\u0144skich targach.<\/p>\n<p>Nasz logotyp zobaczysz w wielu bran\u017cowych czasopismach, a tak\u017ce u naszych partner\u00f3w. Ju\u017c od kilku lat wspieramy m\u0142odych kierowc\u00f3w z Politechniki Pozna\u0144skiej, z kt\u00f3rymi stworzyli\u015bmy uk\u0142ad wydechowy do bolidu startuj\u0105cego w Formule Student. Cyklicznie wspieramy r\u00f3wnie\u017c Festiwal Je\u017adziecki Babor\u00f3wko oraz wydarzenia motoryzacyjne i sportowe. Uczestniczymy w wielu eventach, poniewa\u017c wiemy, jak wa\u017cna jest spo\u0142eczna odpowiedzialno\u015b\u0107 biznesu oraz jakie zalety ma sponsoring.<\/p>\n<p>Jako firma nie ograniczamy si\u0119 tylko do motoryzacji, kochamy te\u017c muzyk\u0119 i wspieramy lokalne dzia\u0142ania. Co roku we wrze\u015bniu wsp\u00f3\u0142organizujemy \u201eKierski Festiwal\u201d. Podczas tej imprezy go\u015bcili\u015bmy ju\u017c takie gwiazdy muzyczne jak Ray Wilson, Elektryczne Gitary, Zesp\u00f3\u0142 Ra, Dwa, Trzy, Sebastiana Riedla, Cree oraz innych \u015bwietnych wykonawc\u00f3w. W trakcie festiwalu organizujemy r\u00f3wnie\u017c konkurs wolty\u017cerki oraz inne atrakcje. Impreza cieszy si\u0119 du\u017c\u0105 popularno\u015bci\u0105 i jest otwarta dla wszystkich.<\/p>\n<p>Nasz\u0105 firm\u0119 tworz\u0105 ludzie z wieloma pasjami oraz wielkim sercem. W\u015br\u00f3d nas s\u0105 pasjonaci sportu, naturalnej przyrody czy my\u015blistwa. Opr\u00f3cz tego znajdziemy w naszej firmie mi\u0142o\u015bnik\u00f3w muzyki, koni a tak\u017ce biegacza z ponad 150 biegami marato\u0144skimi na koncie. Nie pozostajemy te\u017c oboj\u0119tni na potrzeby innych. Opr\u00f3cz wspieranie sportu jeste\u015bmy patronem zespo\u0142u wyst\u0119puj\u0105cego w charytatywnym wy\u015bcigu Z\u0142ombol, wspieramy WO\u015aP a tak\u017ce wsp\u00f3\u0142organizujemy lokalne festiwale muzyczne.<\/p>\n","protected":false},"excerpt":{"rendered":"<p>Przez wszystkie lata obecno\u015bci na rynku zbudowali\u015bmy \u015bwietny zesp\u00f3\u0142 i pr\u0119\u017cnie dzia\u0142aj\u0105ce przedsi\u0119biorstwo. Jednocze\u015bnie stworzyli\u015bmy wizerunek wiarygodnej, godnej zaufania marki. Potwierdzaj\u0105 to opinie naszych klient\u00f3w. Jednym z naszych najwa\u017cniejszych dzia\u0142a\u0144 promocyjnych jest udzia\u0142 w imprezach targowych. Swoje produkty eksponowali\u015bmy podczas event\u00f3w w Amsterdamie, Pradze, Wroc\u0142awiu, Gda\u0144sku i oczywi\u015bcie Poznaniu. Nasze stanowisko zazwyczaj mocno przyci\u0105ga uwag\u0119 &hellip; <a href=\"https:\/\/kalinski.pl\/serwis\/dzialania-spoleczne\/\" class=\"more-link\">Czytaj dalej<span class=\"screen-reader-text\"> Dzia\u0142ania spo\u0142eczne<\/span><\/a><\/p>\n","protected":false},"author":821792,"featured_media":0,"parent":0,"menu_order":0,"comment_status":"closed","ping_status":"closed","template":"","meta":{"footnotes":""},"class_list":["post-60","page","type-page","status-publish","hentry"],"yoast_head":"<!-- This site is optimized with the Yoast SEO plugin v26.7 - https:\/\/yoast.com\/wordpress\/plugins\/seo\/ -->\n<title>Dzia\u0142ania spo\u0142eczne | Kali\u0144ski<\/title>\n<meta name=\"robots\" content=\"index, follow, max-snippet:-1, max-image-preview:large, max-video-preview:-1\" \/>\n<link rel=\"canonical\" href=\"https:\/\/kalinski.pl\/serwis\/dzialania-spoleczne\/\" \/>\n<meta property=\"og:locale\" content=\"pl_PL\" \/>\n<meta property=\"og:type\" content=\"article\" \/>\n<meta property=\"og:title\" content=\"Dzia\u0142ania spo\u0142eczne | Kali\u0144ski\" \/>\n<meta property=\"og:description\" content=\"Przez wszystkie lata obecno\u015bci na rynku zbudowali\u015bmy \u015bwietny zesp\u00f3\u0142 i pr\u0119\u017cnie dzia\u0142aj\u0105ce przedsi\u0119biorstwo. Jednocze\u015bnie stworzyli\u015bmy wizerunek wiarygodnej, godnej zaufania marki. Potwierdzaj\u0105 to opinie naszych klient\u00f3w. Jednym z naszych najwa\u017cniejszych dzia\u0142a\u0144 promocyjnych jest udzia\u0142 w imprezach targowych. Swoje produkty eksponowali\u015bmy podczas event\u00f3w w Amsterdamie, Pradze, Wroc\u0142awiu, Gda\u0144sku i oczywi\u015bcie Poznaniu. Nasze stanowisko zazwyczaj mocno przyci\u0105ga uwag\u0119 &hellip; Czytaj dalej Dzia\u0142ania spo\u0142eczne\" \/>\n<meta property=\"og:url\" content=\"https:\/\/kalinski.pl\/serwis\/dzialania-spoleczne\/\" \/>\n<meta property=\"og:site_name\" content=\"Kali\u0144ski\" \/>\n<meta property=\"article:modified_time\" content=\"2019-07-08T11:48:07+00:00\" \/>\n<meta property=\"og:image\" content=\"https:\/\/kalinski.pl\/wp-content\/uploads\/dzialaniaspoleczne2.jpg\" \/>\n<meta name=\"twitter:card\" content=\"summary_large_image\" \/>\n<meta name=\"twitter:label1\" content=\"Szacowany czas czytania\" \/>\n\t<meta name=\"twitter:data1\" content=\"2 minuty\" \/>\n<script type=\"application\/ld+json\" class=\"yoast-schema-graph\">{\"@context\":\"https:\/\/schema.org\",\"@graph\":[{\"@type\":\"WebPage\",\"@id\":\"https:\/\/kalinski.pl\/serwis\/dzialania-spoleczne\/\",\"url\":\"https:\/\/kalinski.pl\/serwis\/dzialania-spoleczne\/\",\"name\":\"Dzia\u0142ania spo\u0142eczne | Kali\u0144ski\",\"isPartOf\":{\"@id\":\"https:\/\/kalinski.pl\/serwis\/#website\"},\"primaryImageOfPage\":{\"@id\":\"https:\/\/kalinski.pl\/serwis\/dzialania-spoleczne\/#primaryimage\"},\"image\":{\"@id\":\"https:\/\/kalinski.pl\/serwis\/dzialania-spoleczne\/#primaryimage\"},\"thumbnailUrl\":\"https:\/\/kalinski.pl\/wp-content\/uploads\/dzialaniaspoleczne2.jpg\",\"datePublished\":\"2019-03-12T07:28:46+00:00\",\"dateModified\":\"2019-07-08T11:48:07+00:00\",\"breadcrumb\":{\"@id\":\"https:\/\/kalinski.pl\/serwis\/dzialania-spoleczne\/#breadcrumb\"},\"inLanguage\":\"pl-PL\",\"potentialAction\":[{\"@type\":\"ReadAction\",\"target\":[\"https:\/\/kalinski.pl\/serwis\/dzialania-spoleczne\/\"]}]},{\"@type\":\"ImageObject\",\"inLanguage\":\"pl-PL\",\"@id\":\"https:\/\/kalinski.pl\/serwis\/dzialania-spoleczne\/#primaryimage\",\"url\":\"https:\/\/kalinski.pl\/wp-content\/uploads\/dzialaniaspoleczne2.jpg\",\"contentUrl\":\"https:\/\/kalinski.pl\/wp-content\/uploads\/dzialaniaspoleczne2.jpg\"},{\"@type\":\"BreadcrumbList\",\"@id\":\"https:\/\/kalinski.pl\/serwis\/dzialania-spoleczne\/#breadcrumb\",\"itemListElement\":[{\"@type\":\"ListItem\",\"position\":1,\"name\":\"Strona g\u0142\u00f3wna\",\"item\":\"https:\/\/kalinski.pl\/serwis\/\"},{\"@type\":\"ListItem\",\"position\":2,\"name\":\"Dzia\u0142ania spo\u0142eczne\"}]},{\"@type\":\"WebSite\",\"@id\":\"https:\/\/kalinski.pl\/serwis\/#website\",\"url\":\"https:\/\/kalinski.pl\/serwis\/\",\"name\":\"Kali\u0144ski\",\"description\":\"Uk\u0142ady wydechowe\",\"publisher\":{\"@id\":\"https:\/\/kalinski.pl\/serwis\/#organization\"},\"potentialAction\":[{\"@type\":\"SearchAction\",\"target\":{\"@type\":\"EntryPoint\",\"urlTemplate\":\"https:\/\/kalinski.pl\/serwis\/?s={search_term_string}\"},\"query-input\":{\"@type\":\"PropertyValueSpecification\",\"valueRequired\":true,\"valueName\":\"search_term_string\"}}],\"inLanguage\":\"pl-PL\"},{\"@type\":\"Organization\",\"@id\":\"https:\/\/kalinski.pl\/serwis\/#organization\",\"name\":\"Kali\u0144ski\",\"url\":\"https:\/\/kalinski.pl\/serwis\/\",\"logo\":{\"@type\":\"ImageObject\",\"inLanguage\":\"pl-PL\",\"@id\":\"https:\/\/kalinski.pl\/serwis\/#\/schema\/logo\/image\/\",\"url\":\"https:\/\/kalinski.pl\/serwis\/wp-content\/uploads\/2019\/03\/cropped-logo_white.jpg\",\"contentUrl\":\"https:\/\/kalinski.pl\/serwis\/wp-content\/uploads\/2019\/03\/cropped-logo_white.jpg\",\"width\":240,\"height\":63,\"caption\":\"Kali\u0144ski\"},\"image\":{\"@id\":\"https:\/\/kalinski.pl\/serwis\/#\/schema\/logo\/image\/\"}}]}<\/script>\n<!-- \/ Yoast SEO plugin. -->","yoast_head_json":{"title":"Dzia\u0142ania spo\u0142eczne | Kali\u0144ski","robots":{"index":"index","follow":"follow","max-snippet":"max-snippet:-1","max-image-preview":"max-image-preview:large","max-video-preview":"max-video-preview:-1"},"canonical":"https:\/\/kalinski.pl\/serwis\/dzialania-spoleczne\/","og_locale":"pl_PL","og_type":"article","og_title":"Dzia\u0142ania spo\u0142eczne | Kali\u0144ski","og_description":"Przez wszystkie lata obecno\u015bci na rynku zbudowali\u015bmy \u015bwietny zesp\u00f3\u0142 i pr\u0119\u017cnie dzia\u0142aj\u0105ce przedsi\u0119biorstwo. Jednocze\u015bnie stworzyli\u015bmy wizerunek wiarygodnej, godnej zaufania marki. Potwierdzaj\u0105 to opinie naszych klient\u00f3w. Jednym z naszych najwa\u017cniejszych dzia\u0142a\u0144 promocyjnych jest udzia\u0142 w imprezach targowych. Swoje produkty eksponowali\u015bmy podczas event\u00f3w w Amsterdamie, Pradze, Wroc\u0142awiu, Gda\u0144sku i oczywi\u015bcie Poznaniu. Nasze stanowisko zazwyczaj mocno przyci\u0105ga uwag\u0119 &hellip; Czytaj dalej Dzia\u0142ania spo\u0142eczne","og_url":"https:\/\/kalinski.pl\/serwis\/dzialania-spoleczne\/","og_site_name":"Kali\u0144ski","article_modified_time":"2019-07-08T11:48:07+00:00","og_image":[{"url":"https:\/\/kalinski.pl\/wp-content\/uploads\/dzialaniaspoleczne2.jpg","type":"","width":"","height":""}],"twitter_card":"summary_large_image","twitter_misc":{"Szacowany czas czytania":"2 minuty"},"schema":{"@context":"https:\/\/schema.org","@graph":[{"@type":"WebPage","@id":"https:\/\/kalinski.pl\/serwis\/dzialania-spoleczne\/","url":"https:\/\/kalinski.pl\/serwis\/dzialania-spoleczne\/","name":"Dzia\u0142ania spo\u0142eczne | Kali\u0144ski","isPartOf":{"@id":"https:\/\/kalinski.pl\/serwis\/#website"},"primaryImageOfPage":{"@id":"https:\/\/kalinski.pl\/serwis\/dzialania-spoleczne\/#primaryimage"},"image":{"@id":"https:\/\/kalinski.pl\/serwis\/dzialania-spoleczne\/#primaryimage"},"thumbnailUrl":"https:\/\/kalinski.pl\/wp-content\/uploads\/dzialaniaspoleczne2.jpg","datePublished":"2019-03-12T07:28:46+00:00","dateModified":"2019-07-08T11:48:07+00:00","breadcrumb":{"@id":"https:\/\/kalinski.pl\/serwis\/dzialania-spoleczne\/#breadcrumb"},"inLanguage":"pl-PL","potentialAction":[{"@type":"ReadAction","target":["https:\/\/kalinski.pl\/serwis\/dzialania-spoleczne\/"]}]},{"@type":"ImageObject","inLanguage":"pl-PL","@id":"https:\/\/kalinski.pl\/serwis\/dzialania-spoleczne\/#primaryimage","url":"https:\/\/kalinski.pl\/wp-content\/uploads\/dzialaniaspoleczne2.jpg","contentUrl":"https:\/\/kalinski.pl\/wp-content\/uploads\/dzialaniaspoleczne2.jpg"},{"@type":"BreadcrumbList","@id":"https:\/\/kalinski.pl\/serwis\/dzialania-spoleczne\/#breadcrumb","itemListElement":[{"@type":"ListItem","position":1,"name":"Strona g\u0142\u00f3wna","item":"https:\/\/kalinski.pl\/serwis\/"},{"@type":"ListItem","position":2,"name":"Dzia\u0142ania spo\u0142eczne"}]},{"@type":"WebSite","@id":"https:\/\/kalinski.pl\/serwis\/#website","url":"https:\/\/kalinski.pl\/serwis\/","name":"Kali\u0144ski","description":"Uk\u0142ady wydechowe","publisher":{"@id":"https:\/\/kalinski.pl\/serwis\/#organization"},"potentialAction":[{"@type":"SearchAction","target":{"@type":"EntryPoint","urlTemplate":"https:\/\/kalinski.pl\/serwis\/?s={search_term_string}"},"query-input":{"@type":"PropertyValueSpecification","valueRequired":true,"valueName":"search_term_string"}}],"inLanguage":"pl-PL"},{"@type":"Organization","@id":"https:\/\/kalinski.pl\/serwis\/#organization","name":"Kali\u0144ski","url":"https:\/\/kalinski.pl\/serwis\/","logo":{"@type":"ImageObject","inLanguage":"pl-PL","@id":"https:\/\/kalinski.pl\/serwis\/#\/schema\/logo\/image\/","url":"https:\/\/kalinski.pl\/serwis\/wp-content\/uploads\/2019\/03\/cropped-logo_white.jpg","contentUrl":"https:\/\/kalinski.pl\/serwis\/wp-content\/uploads\/2019\/03\/cropped-logo_white.jpg","width":240,"height":63,"caption":"Kali\u0144ski"},"image":{"@id":"https:\/\/kalinski.pl\/serwis\/#\/schema\/logo\/image\/"}}]}},"_links":{"self":[{"href":"https:\/\/kalinski.pl\/serwis\/wp-json\/wp\/v2\/pages\/60","targetHints":{"allow":["GET"]}}],"collection":[{"href":"https:\/\/kalinski.pl\/serwis\/wp-json\/wp\/v2\/pages"}],"about":[{"href":"https:\/\/kalinski.pl\/serwis\/wp-json\/wp\/v2\/types\/page"}],"author":[{"embeddable":true,"href":"https:\/\/kalinski.pl\/serwis\/wp-json\/wp\/v2\/users\/821792"}],"replies":[{"embeddable":true,"href":"https:\/\/kalinski.pl\/serwis\/wp-json\/wp\/v2\/comments?post=60"}],"version-history":[{"count":0,"href":"https:\/\/kalinski.pl\/serwis\/wp-json\/wp\/v2\/pages\/60\/revisions"}],"wp:attachment":[{"href":"https:\/\/kalinski.pl\/serwis\/wp-json\/wp\/v2\/media?parent=60"}],"curies":[{"name":"wp","href":"https:\/\/api.w.org\/{rel}","templated":true}]}}