{"id":4507,"date":"2025-03-07T14:54:48","date_gmt":"2025-03-07T13:54:48","guid":{"rendered":"https:\/\/kalinski.pl\/?page_id=4507"},"modified":"2025-03-07T15:08:22","modified_gmt":"2025-03-07T14:08:22","slug":"rodo","status":"publish","type":"page","link":"https:\/\/kalinski.pl\/serwis\/rodo\/","title":{"rendered":"RODO"},"content":{"rendered":"\t\t<div data-elementor-type=\"wp-page\" data-elementor-id=\"4507\" class=\"elementor elementor-4507\">\n\t\t\t\t\t\t<section class=\"elementor-section elementor-top-section elementor-element elementor-element-b26a942 elementor-section-boxed elementor-section-height-default elementor-section-height-default\" data-id=\"b26a942\" data-element_type=\"section\">\n\t\t\t\t\t\t<div class=\"elementor-container elementor-column-gap-default\">\n\t\t\t\t\t<div class=\"elementor-column elementor-col-100 elementor-top-column elementor-element elementor-element-2b3bd7a\" data-id=\"2b3bd7a\" data-element_type=\"column\">\n\t\t\t<div class=\"elementor-widget-wrap elementor-element-populated\">\n\t\t\t\t\t\t<div class=\"elementor-element elementor-element-6d94061 elementor-widget elementor-widget-text-editor\" data-id=\"6d94061\" data-element_type=\"widget\" data-widget_type=\"text-editor.default\">\n\t\t\t\t<div class=\"elementor-widget-container\">\n\t\t\t\t\t\t\t\t\t<p><b>V. OCHRONA DANYCH OSOBOWYCH BEZPIECZE\u0143STWO ZAKUP\u00d3W<\/b><\/p>\n<ol>\n<li>\n<p align=\"JUSTIFY\">Administratorem danych osobowych jest Kali\u0144ski sp\u00f3\u0142ka z ograniczon\u0105 odpowiedzialno\u015bci\u0105 sp\u00f3\u0142ka komandytowa, ul. Szamotulska 40, 62-081 Chyby, NIP: 7811989586, REGON: 382450750, wpisan\u0105 do rejestru przedsi\u0119biorstw prowadzonego przez S\u0105d Rejonowy Nowe Miasto i Wilda w Poznaniu, VIII Wydzia\u0142 Krajowego Rejestru S\u0105dowego pod numerem KRS 0000803297, o kapitale zak\u0142adowym wp\u0142aconym w ca\u0142o\u015bci w wysoko\u015bci 1.429.129,45 z\u0142 (dalej Administrator).<\/p>\n<\/li>\n<li>\n<p align=\"JUSTIFY\">Zasady dotycz\u0105ce przetwarzania danych osobowych zosta\u0142y opracowane na podstawie obowi\u0105zuj\u0105cego od dnia 25 maja 2018 r. Rozporz\u0105dzenia Parlamentu Europejskiego i Rady (UE) 2016\/679 z dnia 27 kwietnia 2016 r. w sprawie ochrony os\u00f3b fizycznych w zwi\u0105zku z przetwarzaniem danych osobowych i w sprawie swobodnego przep\u0142ywu takich danych oraz uchylenia dyrektywy 95\/46\/WE (og\u00f3lne rozporz\u0105dzenie o ochronie danych) (\u201eRODO\u201d) oraz zgodnie z obowi\u0105zuj\u0105cymi przepisami prawa powszechnie obowi\u0105zuj\u0105cego w Polsce w zakresie danych osobowych. Administrator danych osobowych wyznaczy\u0142 osob\u0119 upowa\u017cnion\u0105 do kontaktu w sprawie przetwarzania danych, z kt\u00f3rym mo\u017cna skontaktowa\u0107 si\u0119 pod numerem telefonu +48\u00a0607\u00a0809 809 lub pod adresem email: mateusz@kalinski.pl<\/p>\n<\/li>\n<li>\n<p align=\"JUSTIFY\">Administrator przetwarza dane osobowe Klienta oraz os\u00f3b upowa\u017cnionych przez Klienta lub dzia\u0142aj\u0105cych w jego imieniu w celu:<\/p>\n<ol>\n<li>\n<p align=\"JUSTIFY\">dzia\u0142a\u0144 zmierzaj\u0105cych do zawarcia umowy, wykonania umowy, realizacji zam\u00f3wienia (art. 6 ust. 1 lit. b RODO);<\/p>\n<\/li>\n<li>\n<p align=\"JUSTIFY\">prowadzenia i przechowywania dokumentacji ksi\u0119gowej(art. 6 ust. 1 lit. b RODO);<\/p>\n<\/li>\n<li>\n<p align=\"JUSTIFY\">wype\u0142niania obowi\u0105zk\u00f3w prawnych, w tym prowadzenia ksi\u0105g rachunkowych oraz obowi\u0105zk\u00f3w podatkowych (art. 6 ust. 1 lit. b RODO);<\/p>\n<\/li>\n<li>\n<p align=\"JUSTIFY\">ustalenia, dochodzenia lub obrony roszcze\u0144 (art. 6 ust. 1 lit. f RODO);<\/p>\n<\/li>\n<li>\n<p align=\"JUSTIFY\">realizacji innych prawnie uzasadnionych interes\u00f3w Administratora, tj. marketingu us\u0142ug oferowanych przez Administratora oraz na potrzeby wewn\u0119trznych cel\u00f3w administracyjnych (art. 6 ust. 1 lit. f RODO);<\/p>\n<\/li>\n<li>\n<p align=\"JUSTIFY\">prowadzenia komunikacji w kana\u0142ach elektronicznych (podstawa prawna: art. 6 ust. 1 lit. a RODO),<\/p>\n<\/li>\n<li>\n<p align=\"JUSTIFY\">marketingu us\u0142ug oferowanych przez Administratora w kana\u0142ach elektronicznych (podstawa prawna: art. 6 ust. 1 lit. a RODO).<\/p>\n<\/li>\n<\/ol>\n<\/li>\n<li>\n<p align=\"JUSTIFY\">Dane osobowe Klient\u00f3w oraz os\u00f3b upowa\u017cnionych przez Przedsi\u0119biorc\u0119 lub dzia\u0142aj\u0105cych w jego imieniu mog\u0105 by\u0107 udost\u0119pniane przez Administratora nast\u0119puj\u0105cym odbiorcom lub grupom odbiorc\u00f3w:<\/p>\n<\/li>\n<\/ol>\n<ol>\n<li style=\"list-style-type: none;\">\n<ol>\n<li style=\"list-style-type: none;\">\n<ol>\n<li>\n<p align=\"JUSTIFY\">innym podmiotom wsp\u00f3\u0142pracuj\u0105cym z Administratorem przy realizacji umowy, w tym firm\u0105 kurierskim: DPD, Poczta Polska i InPost;<\/p>\n<\/li>\n<li>\n<p align=\"JUSTIFY\">podmiotom \u015bwiadcz\u0105cym na rzecz Administratora us\u0142ugi z zakresu w rozwi\u0105za\u0144 teleinformatycznych oraz z zakresu wsparcia technicznego oraz organizacyjnego;<\/p>\n<\/li>\n<li>\n<p align=\"JUSTIFY\">podmiotom \u015bwiadcz\u0105cym na rzecz Administratora us\u0142ugi w obszarze marketingowym;<\/p>\n<\/li>\n<li>\n<p align=\"JUSTIFY\">podmiotom \u015bwiadcz\u0105cym na rzecz Administratora us\u0142ugi prawne lub doradcze;<\/p>\n<\/li>\n<li>\n<p align=\"JUSTIFY\">innym podmiotom, kt\u00f3rym Administrator powierzy\u0142 przetwarzanie danych osobowych;<\/p>\n<\/li>\n<li>\n<p align=\"JUSTIFY\">innym podmiotom upowa\u017cnionym do odbioru danych osobowych na podstawie odpowiednich przepis\u00f3w prawa.<\/p>\n<\/li>\n<\/ol>\n<\/li>\n<\/ol>\n<\/li>\n<\/ol>\n<ol start=\"5\">\n<li>\n<p align=\"JUSTIFY\">Dane osobowe Klient\u00f3w oraz os\u00f3b upowa\u017cnionych przez Klienta lub dzia\u0142aj\u0105cych w jego imieniu s\u0105 przez Administratora przechowywane przez okres niezb\u0119dny dla realizacji cel\u00f3w ich przetwarzania, tj. w zakresie:<\/p>\n<\/li>\n<\/ol>\n<ol>\n<li style=\"list-style-type: none;\">\n<ol>\n<li style=\"list-style-type: none;\">\n<ol>\n<li>\n<p align=\"JUSTIFY\">dzia\u0142a\u0144 zmierzaj\u0105cych do zawarcia umowy, wykonania umowy, realizacji zam\u00f3wienia\u2013 do czasu zako\u0144czenia realizacji umowy, a po tym czasie \u2013 przez okres oraz w zakresie wymaganym przez przepisy prawa lub koniecznym dla zabezpieczenia ewentualnych roszcze\u0144 Administratora;<\/p>\n<\/li>\n<li>\n<p align=\"JUSTIFY\">prowadzenia ksi\u0105g rachunkowych oraz obowi\u0105zk\u00f3w podatkowych \u2013 przez okres 5 lat licz\u0105c od ko\u0144ca roku kalendarzowego, w kt\u00f3rym powsta\u0142 obowi\u0105zek podatkowy;<\/p>\n<\/li>\n<li>\n<p align=\"JUSTIFY\">marketingu us\u0142ug oferowanych przez Administratora \u2013 do czasu wyra\u017cenia sprzeciwu lub cofni\u0119cia zgody;<\/p>\n<\/li>\n<li>\n<p align=\"JUSTIFY\">komunikacji w kana\u0142ach elektronicznych \u2013 do czasu cofni\u0119cia zgody;<\/p>\n<\/li>\n<li>\n<p align=\"JUSTIFY\">realizacji innych prawnie uzasadnionych interes\u00f3w realizowanych przez Administratora &#8211; do czasu wyra\u017cenia sprzeciwu, o ile nie istnieje nadrz\u0119dna prawnie uzasadniona podstawa przetwarzania;<\/p>\n<\/li>\n<li>\n<p align=\"JUSTIFY\">opartym wy\u0142\u0105cznie na zgodzie \u2013 do czasu cofni\u0119cia zgody, o ile nie ma innej podstawy prawnej przetwarzania albo nie zachodzi inna przes\u0142anka zaprzestania przetwarzania.<\/p>\n<\/li>\n<\/ol>\n<\/li>\n<\/ol>\n<\/li>\n<\/ol>\n<ol start=\"6\">\n<li>\n<p align=\"JUSTIFY\">Je\u017celi Administrator przetwarza dane osobowe wy\u0142\u0105cznie na podstawie zgody udzielonej przez lub w imieniu osoby, kt\u00f3rej dane dotycz\u0105, osoba ta ma prawo w dowolnym momencie wycofa\u0107 t\u0119 zgod\u0119. Cofni\u0119cie zgody nie wp\u0142ywa na zgodno\u015b\u0107 z prawem przetwarzania, kt\u00f3rego dokonano na podstawie zgody przed jej wycofaniem.<\/p>\n<\/li>\n<li>\n<p align=\"JUSTIFY\">Osobie fizycznej, kt\u00f3rej dane s\u0105 przetwarzane przez Administratora, przys\u0142uguje prawo do:<\/p>\n<\/li>\n<\/ol>\n<ol>\n<li style=\"list-style-type: none;\">\n<ol>\n<li style=\"list-style-type: none;\">\n<ol>\n<li>\n<p align=\"JUSTIFY\">uzyskania potwierdzenia, czy jej dane s\u0105 przetwarzane przez Administratora, a tak\u017ce prawo dost\u0119pu do swoich danych (art. 15 RODO);<\/p>\n<\/li>\n<li>\n<p align=\"JUSTIFY\">sprostowania oraz uzupe\u0142nienia swoich danych (art. 16 RODO);<\/p>\n<\/li>\n<li>\n<p align=\"JUSTIFY\">usuni\u0119cia swoich danych (art. 17 RODO);<\/p>\n<\/li>\n<li>\n<p align=\"JUSTIFY\">\u017c\u0105dania ograniczenia przetwarzania swoich danych (art. 18 RODO);<\/p>\n<\/li>\n<li>\n<p align=\"JUSTIFY\">przenoszenia swoich danych do innego administratora (art.. 20 RODO).<\/p>\n<\/li>\n<\/ol>\n<\/li>\n<\/ol>\n<\/li>\n<\/ol>\n<ol start=\"8\">\n<li>\n<p align=\"JUSTIFY\">Osoba fizyczna, kt\u00f3rej dane s\u0105 przetwarzane przez Administratora, ma prawo wniesienia w dowolnym momencie &#8211; z przyczyn zwi\u0105zanych z jej szczeg\u00f3ln\u0105 sytuacj\u0105 &#8211; sprzeciwu wobec przetwarzania jej danych w celu wykonania zadania realizowanego w interesie publicznym lub w celu realizacji prawnie uzasadnionych interes\u00f3w Administratora. W takim przypadku Administrator mo\u017ce przetwarza\u0107 dane tej osoby, o ile wyka\u017ce istnienie wa\u017cnych prawnie uzasadnionych podstaw do przetwarzania, nadrz\u0119dnych wobec interes\u00f3w, praw i wolno\u015bci tej osoby lub podstaw do ustalenia, dochodzenia lub obrony roszcze\u0144 (art. 21 ust. 1 RODO).<\/p>\n<\/li>\n<li>\n<p align=\"JUSTIFY\">Je\u017celi dane osobowe s\u0105 przetwarzane na potrzeby marketingu bezpo\u015bredniego, osoba, kt\u00f3rej dane dotycz\u0105, ma prawo w dowolnym momencie wnie\u015b\u0107 sprzeciw wobec przetwarzania jej danych osobowych na potrzeby takiego marketingu, w tym profilowania, w zakresie, w jakim przetwarzanie jest zwi\u0105zane z takim marketingiem bezpo\u015brednim (art. 21 ust. 2 RODO).<\/p>\n<\/li>\n<li>\n<p align=\"JUSTIFY\">Osoba fizyczna, kt\u00f3rej dane s\u0105 przetwarzane przez Administratora, ma prawo do wniesienia skargi do organu nadzorczego, tj. do Prezesa Urz\u0119du Ochrony Danych Osobowych.<\/p>\n<\/li>\n<li>\n<p align=\"JUSTIFY\">Niezb\u0119dnym elementem procedury rejestracji oraz z\u0142o\u017cenia zam\u00f3wienia jest podanie przez Klienta jego danych osobowych, oznaczonych jako obligatoryjne oraz wyra\u017cenie przez Klienta zgody na przetwarzanie jego danych osobowych podanych podczas rejestracji. Podanie danych osobowych oznaczonych jako obligatoryjne jest dobrowolne, jednak\u017ce konieczne w celu rejestracji oraz z\u0142o\u017cenia zam\u00f3wienia, ich realizacji oraz obs\u0142ugi. Podanie danych osobowych nieoznaczonych jako obligatoryjne jest dobrowolne.<\/p>\n<\/li>\n<li>\n<p align=\"JUSTIFY\">W przypadku, gdy Klient wyrazi\u0142 zgod\u0119 na us\u0142ug\u0119 \u015bwiadczon\u0105 drog\u0105 elektroniczn\u0105, kt\u00f3rej przedmiotem jest bezp\u0142atne dostarczanie newsletter\u00f3w, uzyskany adres poczty elektronicznej (adres e-mail) jest dodawany do listy e-mailingowej i jest wykorzystywany w celach marketingowych do przesy\u0142ania Klientowi informacji handlowej drog\u0105 elektroniczn\u0105 w postaci Newslettera.<\/p>\n<\/li>\n<li>\n<p align=\"JUSTIFY\">Wyra\u017cenie zgody na przetwarzanie danych osobowych nast\u0119puje przez zaznaczenie przez Klienta odpowiedniego pola na formularzu.<\/p>\n<\/li>\n<\/ol>\n<p>\u00a0<\/p>\t\t\t\t\t\t\t\t<\/div>\n\t\t\t\t<\/div>\n\t\t\t\t\t<\/div>\n\t\t<\/div>\n\t\t\t\t\t<\/div>\n\t\t<\/section>\n\t\t\t\t<\/div>\n\t\t","protected":false},"excerpt":{"rendered":"<p>V. OCHRONA DANYCH OSOBOWYCH BEZPIECZE\u0143STWO ZAKUP\u00d3W Administratorem danych osobowych jest Kali\u0144ski sp\u00f3\u0142ka z ograniczon\u0105 odpowiedzialno\u015bci\u0105 sp\u00f3\u0142ka komandytowa, ul. Szamotulska 40, 62-081 Chyby, NIP: 7811989586, REGON: 382450750, wpisan\u0105 do rejestru przedsi\u0119biorstw prowadzonego przez S\u0105d Rejonowy Nowe Miasto i Wilda w Poznaniu, VIII Wydzia\u0142 Krajowego Rejestru S\u0105dowego pod numerem KRS 0000803297, o kapitale zak\u0142adowym wp\u0142aconym w ca\u0142o\u015bci &hellip; <a href=\"https:\/\/kalinski.pl\/serwis\/rodo\/\" class=\"more-link\">Czytaj dalej<span class=\"screen-reader-text\"> RODO<\/span><\/a><\/p>\n","protected":false},"author":821792,"featured_media":0,"parent":0,"menu_order":0,"comment_status":"closed","ping_status":"closed","template":"","meta":{"footnotes":""},"class_list":["post-4507","page","type-page","status-publish","hentry"],"yoast_head":"<!-- This site is optimized with the Yoast SEO plugin v26.7 - https:\/\/yoast.com\/wordpress\/plugins\/seo\/ -->\n<title>RODO | Kali\u0144ski<\/title>\n<meta name=\"robots\" content=\"index, follow, max-snippet:-1, max-image-preview:large, max-video-preview:-1\" \/>\n<link rel=\"canonical\" href=\"https:\/\/kalinski.pl\/serwis\/rodo\/\" \/>\n<meta property=\"og:locale\" content=\"pl_PL\" \/>\n<meta property=\"og:type\" content=\"article\" \/>\n<meta property=\"og:title\" content=\"RODO | Kali\u0144ski\" \/>\n<meta property=\"og:description\" content=\"V. OCHRONA DANYCH OSOBOWYCH BEZPIECZE\u0143STWO ZAKUP\u00d3W Administratorem danych osobowych jest Kali\u0144ski sp\u00f3\u0142ka z ograniczon\u0105 odpowiedzialno\u015bci\u0105 sp\u00f3\u0142ka komandytowa, ul. Szamotulska 40, 62-081 Chyby, NIP: 7811989586, REGON: 382450750, wpisan\u0105 do rejestru przedsi\u0119biorstw prowadzonego przez S\u0105d Rejonowy Nowe Miasto i Wilda w Poznaniu, VIII Wydzia\u0142 Krajowego Rejestru S\u0105dowego pod numerem KRS 0000803297, o kapitale zak\u0142adowym wp\u0142aconym w ca\u0142o\u015bci &hellip; Czytaj dalej RODO\" \/>\n<meta property=\"og:url\" content=\"https:\/\/kalinski.pl\/serwis\/rodo\/\" \/>\n<meta property=\"og:site_name\" content=\"Kali\u0144ski\" \/>\n<meta property=\"article:modified_time\" content=\"2025-03-07T14:08:22+00:00\" \/>\n<meta name=\"twitter:card\" content=\"summary_large_image\" \/>\n<meta name=\"twitter:label1\" content=\"Szacowany czas czytania\" \/>\n\t<meta name=\"twitter:data1\" content=\"6 minut\" \/>\n<script type=\"application\/ld+json\" class=\"yoast-schema-graph\">{\"@context\":\"https:\/\/schema.org\",\"@graph\":[{\"@type\":\"WebPage\",\"@id\":\"https:\/\/kalinski.pl\/serwis\/rodo\/\",\"url\":\"https:\/\/kalinski.pl\/serwis\/rodo\/\",\"name\":\"RODO | Kali\u0144ski\",\"isPartOf\":{\"@id\":\"https:\/\/kalinski.pl\/serwis\/#website\"},\"datePublished\":\"2025-03-07T13:54:48+00:00\",\"dateModified\":\"2025-03-07T14:08:22+00:00\",\"breadcrumb\":{\"@id\":\"https:\/\/kalinski.pl\/serwis\/rodo\/#breadcrumb\"},\"inLanguage\":\"pl-PL\",\"potentialAction\":[{\"@type\":\"ReadAction\",\"target\":[\"https:\/\/kalinski.pl\/serwis\/rodo\/\"]}]},{\"@type\":\"BreadcrumbList\",\"@id\":\"https:\/\/kalinski.pl\/serwis\/rodo\/#breadcrumb\",\"itemListElement\":[{\"@type\":\"ListItem\",\"position\":1,\"name\":\"Strona g\u0142\u00f3wna\",\"item\":\"https:\/\/kalinski.pl\/serwis\/\"},{\"@type\":\"ListItem\",\"position\":2,\"name\":\"RODO\"}]},{\"@type\":\"WebSite\",\"@id\":\"https:\/\/kalinski.pl\/serwis\/#website\",\"url\":\"https:\/\/kalinski.pl\/serwis\/\",\"name\":\"Kali\u0144ski\",\"description\":\"Uk\u0142ady wydechowe\",\"publisher\":{\"@id\":\"https:\/\/kalinski.pl\/serwis\/#organization\"},\"potentialAction\":[{\"@type\":\"SearchAction\",\"target\":{\"@type\":\"EntryPoint\",\"urlTemplate\":\"https:\/\/kalinski.pl\/serwis\/?s={search_term_string}\"},\"query-input\":{\"@type\":\"PropertyValueSpecification\",\"valueRequired\":true,\"valueName\":\"search_term_string\"}}],\"inLanguage\":\"pl-PL\"},{\"@type\":\"Organization\",\"@id\":\"https:\/\/kalinski.pl\/serwis\/#organization\",\"name\":\"Kali\u0144ski\",\"url\":\"https:\/\/kalinski.pl\/serwis\/\",\"logo\":{\"@type\":\"ImageObject\",\"inLanguage\":\"pl-PL\",\"@id\":\"https:\/\/kalinski.pl\/serwis\/#\/schema\/logo\/image\/\",\"url\":\"https:\/\/kalinski.pl\/serwis\/wp-content\/uploads\/2019\/03\/cropped-logo_white.jpg\",\"contentUrl\":\"https:\/\/kalinski.pl\/serwis\/wp-content\/uploads\/2019\/03\/cropped-logo_white.jpg\",\"width\":240,\"height\":63,\"caption\":\"Kali\u0144ski\"},\"image\":{\"@id\":\"https:\/\/kalinski.pl\/serwis\/#\/schema\/logo\/image\/\"}}]}<\/script>\n<!-- \/ Yoast SEO plugin. -->","yoast_head_json":{"title":"RODO | Kali\u0144ski","robots":{"index":"index","follow":"follow","max-snippet":"max-snippet:-1","max-image-preview":"max-image-preview:large","max-video-preview":"max-video-preview:-1"},"canonical":"https:\/\/kalinski.pl\/serwis\/rodo\/","og_locale":"pl_PL","og_type":"article","og_title":"RODO | Kali\u0144ski","og_description":"V. OCHRONA DANYCH OSOBOWYCH BEZPIECZE\u0143STWO ZAKUP\u00d3W Administratorem danych osobowych jest Kali\u0144ski sp\u00f3\u0142ka z ograniczon\u0105 odpowiedzialno\u015bci\u0105 sp\u00f3\u0142ka komandytowa, ul. Szamotulska 40, 62-081 Chyby, NIP: 7811989586, REGON: 382450750, wpisan\u0105 do rejestru przedsi\u0119biorstw prowadzonego przez S\u0105d Rejonowy Nowe Miasto i Wilda w Poznaniu, VIII Wydzia\u0142 Krajowego Rejestru S\u0105dowego pod numerem KRS 0000803297, o kapitale zak\u0142adowym wp\u0142aconym w ca\u0142o\u015bci &hellip; Czytaj dalej RODO","og_url":"https:\/\/kalinski.pl\/serwis\/rodo\/","og_site_name":"Kali\u0144ski","article_modified_time":"2025-03-07T14:08:22+00:00","twitter_card":"summary_large_image","twitter_misc":{"Szacowany czas czytania":"6 minut"},"schema":{"@context":"https:\/\/schema.org","@graph":[{"@type":"WebPage","@id":"https:\/\/kalinski.pl\/serwis\/rodo\/","url":"https:\/\/kalinski.pl\/serwis\/rodo\/","name":"RODO | Kali\u0144ski","isPartOf":{"@id":"https:\/\/kalinski.pl\/serwis\/#website"},"datePublished":"2025-03-07T13:54:48+00:00","dateModified":"2025-03-07T14:08:22+00:00","breadcrumb":{"@id":"https:\/\/kalinski.pl\/serwis\/rodo\/#breadcrumb"},"inLanguage":"pl-PL","potentialAction":[{"@type":"ReadAction","target":["https:\/\/kalinski.pl\/serwis\/rodo\/"]}]},{"@type":"BreadcrumbList","@id":"https:\/\/kalinski.pl\/serwis\/rodo\/#breadcrumb","itemListElement":[{"@type":"ListItem","position":1,"name":"Strona g\u0142\u00f3wna","item":"https:\/\/kalinski.pl\/serwis\/"},{"@type":"ListItem","position":2,"name":"RODO"}]},{"@type":"WebSite","@id":"https:\/\/kalinski.pl\/serwis\/#website","url":"https:\/\/kalinski.pl\/serwis\/","name":"Kali\u0144ski","description":"Uk\u0142ady wydechowe","publisher":{"@id":"https:\/\/kalinski.pl\/serwis\/#organization"},"potentialAction":[{"@type":"SearchAction","target":{"@type":"EntryPoint","urlTemplate":"https:\/\/kalinski.pl\/serwis\/?s={search_term_string}"},"query-input":{"@type":"PropertyValueSpecification","valueRequired":true,"valueName":"search_term_string"}}],"inLanguage":"pl-PL"},{"@type":"Organization","@id":"https:\/\/kalinski.pl\/serwis\/#organization","name":"Kali\u0144ski","url":"https:\/\/kalinski.pl\/serwis\/","logo":{"@type":"ImageObject","inLanguage":"pl-PL","@id":"https:\/\/kalinski.pl\/serwis\/#\/schema\/logo\/image\/","url":"https:\/\/kalinski.pl\/serwis\/wp-content\/uploads\/2019\/03\/cropped-logo_white.jpg","contentUrl":"https:\/\/kalinski.pl\/serwis\/wp-content\/uploads\/2019\/03\/cropped-logo_white.jpg","width":240,"height":63,"caption":"Kali\u0144ski"},"image":{"@id":"https:\/\/kalinski.pl\/serwis\/#\/schema\/logo\/image\/"}}]}},"_links":{"self":[{"href":"https:\/\/kalinski.pl\/serwis\/wp-json\/wp\/v2\/pages\/4507","targetHints":{"allow":["GET"]}}],"collection":[{"href":"https:\/\/kalinski.pl\/serwis\/wp-json\/wp\/v2\/pages"}],"about":[{"href":"https:\/\/kalinski.pl\/serwis\/wp-json\/wp\/v2\/types\/page"}],"author":[{"embeddable":true,"href":"https:\/\/kalinski.pl\/serwis\/wp-json\/wp\/v2\/users\/821792"}],"replies":[{"embeddable":true,"href":"https:\/\/kalinski.pl\/serwis\/wp-json\/wp\/v2\/comments?post=4507"}],"version-history":[{"count":10,"href":"https:\/\/kalinski.pl\/serwis\/wp-json\/wp\/v2\/pages\/4507\/revisions"}],"predecessor-version":[{"id":4520,"href":"https:\/\/kalinski.pl\/serwis\/wp-json\/wp\/v2\/pages\/4507\/revisions\/4520"}],"wp:attachment":[{"href":"https:\/\/kalinski.pl\/serwis\/wp-json\/wp\/v2\/media?parent=4507"}],"curies":[{"name":"wp","href":"https:\/\/api.w.org\/{rel}","templated":true}]}}