{"id":4188,"date":"2024-01-08T12:08:31","date_gmt":"2024-01-08T11:08:31","guid":{"rendered":"https:\/\/kalinski.pl\/?page_id=4188"},"modified":"2024-01-08T12:44:02","modified_gmt":"2024-01-08T11:44:02","slug":"regeneracja-katalizatorow-i-filtrow-dpf-lodz","status":"publish","type":"page","link":"https:\/\/kalinski.pl\/serwis\/regeneracja-katalizatorow-i-filtrow-dpf-lodz\/","title":{"rendered":"Regeneracja katalizator\u00f3w i filtr\u00f3w DPF \u0141\u00f3d\u017a"},"content":{"rendered":"\r\n<figure class=\"wp-block-image size-large\"><img fetchpriority=\"high\" decoding=\"async\" width=\"1110\" height=\"303\" class=\"wp-image-1568\" src=\"https:\/\/kalinski.pl\/wp-content\/uploads\/Filtry_Kalinski-1-1110x303.png\" alt=\"\" \/><\/figure>\r\n\r\n\r\n<p align=\"justify\">\u00a0<\/p>\r\n<p align=\"justify\">Prawid\u0142owo przebiegaj\u0105ce procesy oczyszczania spalin w pojazdach osobowych, ci\u0119\u017carowych ma zasadnicze znaczenie dla sprawno\u015bci uk\u0142adu wydechowego i silnika. Zanieczyszczenie b\u0105d\u017a usterka katalizatora lub filtra DPF z regu\u0142y prowadz\u0105 do powa\u017cniejszych awarii tak\u017ce innych cz\u0119\u015bci oraz do zb\u0119dnych koszt\u00f3w.<\/p>\r\n<h2 align=\"justify\"><strong>Regeneracja katalizator\u00f3w \u0141\u00f3d\u017a <\/strong><\/h2>\r\n<p align=\"justify\">Fachowo przeprowadzana <strong>regeneracja katalizator\u00f3w \u0141\u00f3d\u017a<\/strong> sprawia, \u017ce dzia\u0142aj\u0105 one tak skutecznie jak nowe oraz spe\u0142niaj\u0105 wszelkie normy emisji spalin. Najskuteczniejsze <strong>czyszczenie katalizator\u00f3w \u0141\u00f3d\u017a,<\/strong> kt\u00f3re polecamy polega na wymianie wk\u0142ad\u00f3w. Wk\u0142ady mog\u0105 by\u0107 ceramiczne ale te\u017c metalowe, zale\u017cy to od danego modelu pojazdu. <strong>Wypalanie katalizator\u00f3w \u0141\u00f3d\u017a<\/strong> czy ich wymywanie nie mo\u017ce przynie\u015b\u0107 skutk\u00f3w, mo\u017ce natomiast narazi\u0107 w\u0142a\u015bciciela na dodatkowy koszt.<\/p>\r\n<p align=\"justify\">\u017beby\u015bmy zaj\u0119li si\u0119 regeneracj\u0105 katalizator\u00f3w wystarczy dostarczy\u0107 nam, osobi\u015bcie lub wysy\u0142kowo, nieuszkodzony i nienadtopiony katalizator, a <strong>regeneracja katalizator\u00f3w \u0141\u00f3d\u017a<\/strong> przywr\u00f3ci mu \u015bwietno\u015b\u0107. Nasza firma znajduje si\u0119 w najbli\u017cszej okolicy Poznania. Dojazd do naszej firmy z \u0141odzi jest bardzo \u0142atwy i szybki, znajdujemy si\u0119 blisko autostrady A2 a tak\u017ce drogi ekspresowej S11. Oczywi\u015bcie nie musisz do nas jecha\u0107, wystarczy, \u017ce wy\u015blesz element do naprawy.<\/p>\r\n<h2 align=\"justify\"><strong>Regeneracja filtr\u00f3w DPF \u0141\u00f3d\u017a<\/strong><\/h2>\r\n<p align=\"justify\">Filtry cz\u0105stek sta\u0142ych wymagaj\u0105 usuwania zanieczyszcze\u0144 z kanalik\u00f3w filtracyjnych. <strong>Filtr DPF regeneracja \u0141\u00f3d\u017a<\/strong> przywraca filtrowi sprawno\u015b\u0107, jest on praktycznie jak nowy. Fachowa <strong>regeneracja filtr\u00f3w DPF \u0141\u00f3d\u017a<\/strong> polega na przedmuchiwaniu spr\u0119\u017conym powietrzem, ewentualnie dodatkowym wypalaniu, a w razie konieczno\u015bci na wymianie ca\u0142ego wk\u0142adu. Wi\u0119kszo\u015b\u0107 firm regeneruj\u0105cych myje filtry cz\u0105stek sta\u0142ych specjalnym roztworem z wod\u0105. Metoda wodna bardzo cz\u0119sto nie przynosi oczekiwanych skutk\u00f3w, niewysuszone filtry szybko zapychaj\u0105 si\u0119 ponownie, a w przypadku uszkodzenia ceramicznego wk\u0142adu w dalszym ci\u0105gu nie s\u0105 sprawne. <strong>Czyszczenie katalizator\u00f3w \u0141\u00f3d\u017a<\/strong> warto odda\u0107 w r\u0119ce profesjonalnej firmy.<\/p>\r\n<h2 align=\"justify\"><strong>Skuteczna i ekonomiczna regeneracja katalizator\u00f3w i filtr\u00f3w <\/strong><\/h2>\r\n<p align=\"justify\">Po zako\u0144czeniu regeneracji filtr b\u0105d\u017a katalizator mo\u017cna odebra\u0107 osobi\u015bcie b\u0105d\u017a ode\u015blemy go na podany adres. Posiadamy r\u00f3wnie\u017c serwis, w kt\u00f3rym mo\u017cemy kompleksowo wykona\u0107 us\u0142ug\u0119. Regeneracja przywraca sprawno\u015b\u0107 uk\u0142adu wydechowego i moc silnikowi, zapewnia przej\u015bcie bada\u0144 technicznych, chroni przed mandatami za zanieczyszczanie \u015brodowiska, a zatem daje znaczne oszcz\u0119dno\u015bci.<\/p>\r\n<table style=\"border-collapse: collapse; width: 100%;\">\r\n<tbody>\r\n<tr>\r\n<td style=\"width: 33%;\"><a href=\"https:\/\/kalinski.pl\/sklep\/pl\/4358-filtry-czastek-stalych-dpffap\" target=\"_blank\" rel=\"noopener\"><img decoding=\"async\" class=\"alignnone wp-image-3371 size-full\" src=\"https:\/\/kalinski.pl\/wp-content\/uploads\/800x300_1.jpg\" alt=\"\" width=\"800\" height=\"300\" \/><\/a><\/td>\r\n<td style=\"width: 33%;\"><a href=\"https:\/\/kalinski.pl\/sklep\/pl\/4356-katalizatory-samochodowe\" target=\"_blank\" rel=\"noopener\"><img decoding=\"async\" class=\"alignnone wp-image-3370 size-full\" src=\"https:\/\/kalinski.pl\/wp-content\/uploads\/800x300_2.jpg\" alt=\"\" width=\"800\" height=\"300\" \/><\/a><\/td>\r\n<td style=\"width: 33%;\"><a href=\"https:\/\/kalinski.pl\/sklep\/pl\/szukaj?controller=search&amp;search_query=regeneracja\" target=\"_blank\" rel=\"noopener\"><img loading=\"lazy\" decoding=\"async\" class=\"alignnone wp-image-3393 size-full\" src=\"https:\/\/kalinski.pl\/wp-content\/uploads\/Regeneracja_PZ.jpg\" alt=\"\" width=\"800\" height=\"300\" \/><\/a><\/td>\r\n<\/tr>\r\n<\/tbody>\r\n<\/table>\r\n\r\n\r\n<p>\r\n<\/p>\r\n\t\t<div data-elementor-type=\"wp-post\" data-elementor-id=\"3002\" class=\"elementor elementor-3002\">\n\t\t\t\t\t\t<section class=\"elementor-section elementor-top-section elementor-element elementor-element-cefde73 elementor-section-boxed elementor-section-height-default elementor-section-height-default\" data-id=\"cefde73\" data-element_type=\"section\">\n\t\t\t\t\t\t<div class=\"elementor-container elementor-column-gap-default\">\n\t\t\t\t\t<div class=\"elementor-column elementor-col-100 elementor-top-column elementor-element elementor-element-970e36a\" data-id=\"970e36a\" data-element_type=\"column\">\n\t\t\t<div class=\"elementor-widget-wrap elementor-element-populated\">\n\t\t\t\t\t\t<div class=\"elementor-element elementor-element-6c30b54 elementor-widget elementor-widget-heading\" data-id=\"6c30b54\" data-element_type=\"widget\" data-widget_type=\"heading.default\">\n\t\t\t\t<div class=\"elementor-widget-container\">\n\t\t\t\t\t<h2 class=\"elementor-heading-title elementor-size-default\">Jeste\u015bmy do Twojej dyspozycji<\/h2>\t\t\t\t<\/div>\n\t\t\t\t<\/div>\n\t\t\t\t\t<\/div>\n\t\t<\/div>\n\t\t\t\t\t<\/div>\n\t\t<\/section>\n\t\t\t\t<section class=\"elementor-section elementor-top-section elementor-element elementor-element-f0f0ab2 elementor-section-boxed elementor-section-height-default elementor-section-height-default\" data-id=\"f0f0ab2\" data-element_type=\"section\">\n\t\t\t\t\t\t<div class=\"elementor-container elementor-column-gap-default\">\n\t\t\t\t\t<div class=\"elementor-column elementor-col-50 elementor-top-column elementor-element elementor-element-df75edc\" data-id=\"df75edc\" data-element_type=\"column\">\n\t\t\t<div class=\"elementor-widget-wrap elementor-element-populated\">\n\t\t\t\t\t\t<div class=\"elementor-element elementor-element-5d3129f elementor-position-left elementor-vertical-align-top elementor-widget elementor-widget-image-box\" data-id=\"5d3129f\" data-element_type=\"widget\" data-widget_type=\"image-box.default\">\n\t\t\t\t<div class=\"elementor-widget-container\">\n\t\t\t\t\t<div class=\"elementor-image-box-wrapper\"><figure class=\"elementor-image-box-img\"><img loading=\"lazy\" decoding=\"async\" width=\"135\" height=\"141\" src=\"https:\/\/kalinski.pl\/serwis\/wp-content\/uploads\/smateusz.jpg\" class=\"attachment-full size-full wp-image-3005\" alt=\"smateusz\" \/><\/figure><div class=\"elementor-image-box-content\"><h3 class=\"elementor-image-box-title\">Mateusz<\/h3><p class=\"elementor-image-box-description\">Pojazdy osobowe, dostawcze<\/p><\/div><\/div>\t\t\t\t<\/div>\n\t\t\t\t<\/div>\n\t\t\t\t<div class=\"elementor-element elementor-element-ccda357 elementor-widget elementor-widget-text-editor\" data-id=\"ccda357\" data-element_type=\"widget\" data-widget_type=\"text-editor.default\">\n\t\t\t\t<div class=\"elementor-widget-container\">\n\t\t\t\t\t\t\t\t\t<p><a href=\"tel:0048618142777\">+48 61 814 27 77 \/ wew 101<\/a><\/p>\n<p>biuro@kalinski.pl<\/p>\t\t\t\t\t\t\t\t<\/div>\n\t\t\t\t<\/div>\n\t\t\t\t\t<\/div>\n\t\t<\/div>\n\t\t\t\t<div class=\"elementor-column elementor-col-50 elementor-top-column elementor-element elementor-element-6025541\" data-id=\"6025541\" data-element_type=\"column\">\n\t\t\t<div class=\"elementor-widget-wrap elementor-element-populated\">\n\t\t\t\t\t\t<div class=\"elementor-element elementor-element-b645a1a elementor-position-left elementor-vertical-align-top elementor-widget elementor-widget-image-box\" data-id=\"b645a1a\" data-element_type=\"widget\" data-widget_type=\"image-box.default\">\n\t\t\t\t<div class=\"elementor-widget-container\">\n\t\t\t\t\t<div class=\"elementor-image-box-wrapper\"><figure class=\"elementor-image-box-img\"><img loading=\"lazy\" decoding=\"async\" width=\"135\" height=\"141\" src=\"https:\/\/kalinski.pl\/serwis\/wp-content\/uploads\/sadam.jpg\" class=\"attachment-full size-full wp-image-3004\" alt=\"sadam\" \/><\/figure><div class=\"elementor-image-box-content\"><h3 class=\"elementor-image-box-title\">Adam<\/h3><p class=\"elementor-image-box-description\">Samochody ci\u0119\u017carowe<\/p><\/div><\/div>\t\t\t\t<\/div>\n\t\t\t\t<\/div>\n\t\t\t\t<div class=\"elementor-element elementor-element-7fa9a86 elementor-widget elementor-widget-text-editor\" data-id=\"7fa9a86\" data-element_type=\"widget\" data-widget_type=\"text-editor.default\">\n\t\t\t\t<div class=\"elementor-widget-container\">\n\t\t\t\t\t\t\t\t\t<p><a href=\"tel:0048618142777\">+48 61 814 27 77 \/ wew 102<\/a><\/p>\n<p>ciezarowe@kalinski.pl<\/p>\t\t\t\t\t\t\t\t<\/div>\n\t\t\t\t<\/div>\n\t\t\t\t\t<\/div>\n\t\t<\/div>\n\t\t\t\t\t<\/div>\n\t\t<\/section>\n\t\t\t\t<\/div>\n\t\t\r\n<!-- \/wp:html -->\r\n<!-- wp:tadv\/classic-paragraph \/-->\r\n<p>S\u0142owa kluczowe: regeneracja katalizator\u00f3w \u0141\u00f3d\u017a; czyszczenie katalizatora \u0141\u00f3d\u017a; naprawa katalizator\u00f3w \u0141\u00f3d\u017a; regeneracja filtr\u00f3w dpf \u0141\u00f3d\u017a; regeneracja filtr\u00f3w cz\u0105stek sta\u0142ych \u0141\u00f3d\u017a<\/p>","protected":false},"excerpt":{"rendered":"<p>\u00a0 Prawid\u0142owo przebiegaj\u0105ce procesy oczyszczania spalin w pojazdach osobowych, ci\u0119\u017carowych ma zasadnicze znaczenie dla sprawno\u015bci uk\u0142adu wydechowego i silnika. Zanieczyszczenie b\u0105d\u017a usterka katalizatora lub filtra DPF z regu\u0142y prowadz\u0105 do powa\u017cniejszych awarii tak\u017ce innych cz\u0119\u015bci oraz do zb\u0119dnych koszt\u00f3w. Regeneracja katalizator\u00f3w \u0141\u00f3d\u017a Fachowo przeprowadzana regeneracja katalizator\u00f3w \u0141\u00f3d\u017a sprawia, \u017ce dzia\u0142aj\u0105 one tak skutecznie jak nowe &hellip; <a href=\"https:\/\/kalinski.pl\/serwis\/regeneracja-katalizatorow-i-filtrow-dpf-lodz\/\" class=\"more-link\">Czytaj dalej<span class=\"screen-reader-text\"> Regeneracja katalizator\u00f3w i filtr\u00f3w DPF \u0141\u00f3d\u017a<\/span><\/a><\/p>\n","protected":false},"author":821795,"featured_media":0,"parent":0,"menu_order":0,"comment_status":"closed","ping_status":"closed","template":"","meta":{"footnotes":""},"class_list":["post-4188","page","type-page","status-publish","hentry"],"yoast_head":"<!-- This site is optimized with the Yoast SEO plugin v26.7 - https:\/\/yoast.com\/wordpress\/plugins\/seo\/ -->\n<title>Regeneracja katalizator\u00f3w i filtr\u00f3w DPF \u0141\u00f3d\u017a | Kali\u0144ski<\/title>\n<meta name=\"description\" content=\"Ze wzgl\u0119du na blisko\u015b\u0107 z naszej firmy do Wojew\u00f3dztwa \u0141\u00f3dzkiego regeneracja katalizator\u00f3w i filtr\u00f3w DPF \u0141\u00f3d\u017a jest przez nas cz\u0119sto realizowana.\" \/>\n<meta name=\"robots\" content=\"index, follow, max-snippet:-1, max-image-preview:large, max-video-preview:-1\" \/>\n<link rel=\"canonical\" href=\"https:\/\/kalinski.pl\/serwis\/regeneracja-katalizatorow-i-filtrow-dpf-lodz\/\" \/>\n<meta property=\"og:locale\" content=\"pl_PL\" \/>\n<meta property=\"og:type\" content=\"article\" \/>\n<meta property=\"og:title\" content=\"Regeneracja katalizator\u00f3w i filtr\u00f3w DPF \u0141\u00f3d\u017a | Kali\u0144ski\" \/>\n<meta property=\"og:description\" content=\"Ze wzgl\u0119du na blisko\u015b\u0107 z naszej firmy do Wojew\u00f3dztwa \u0141\u00f3dzkiego regeneracja katalizator\u00f3w i filtr\u00f3w DPF \u0141\u00f3d\u017a jest przez nas cz\u0119sto realizowana.\" \/>\n<meta property=\"og:url\" content=\"https:\/\/kalinski.pl\/serwis\/regeneracja-katalizatorow-i-filtrow-dpf-lodz\/\" \/>\n<meta property=\"og:site_name\" content=\"Kali\u0144ski\" \/>\n<meta property=\"article:modified_time\" content=\"2024-01-08T11:44:02+00:00\" \/>\n<meta property=\"og:image\" content=\"https:\/\/kalinski.pl\/wp-content\/uploads\/Filtry_Kalinski-1-1110x303.png\" \/>\n<meta name=\"twitter:card\" content=\"summary_large_image\" \/>\n<meta name=\"twitter:label1\" content=\"Szacowany czas czytania\" \/>\n\t<meta name=\"twitter:data1\" content=\"3 minuty\" \/>\n<script type=\"application\/ld+json\" class=\"yoast-schema-graph\">{\"@context\":\"https:\/\/schema.org\",\"@graph\":[{\"@type\":\"WebPage\",\"@id\":\"https:\/\/kalinski.pl\/serwis\/regeneracja-katalizatorow-i-filtrow-dpf-lodz\/\",\"url\":\"https:\/\/kalinski.pl\/serwis\/regeneracja-katalizatorow-i-filtrow-dpf-lodz\/\",\"name\":\"Regeneracja katalizator\u00f3w i filtr\u00f3w DPF \u0141\u00f3d\u017a | Kali\u0144ski\",\"isPartOf\":{\"@id\":\"https:\/\/kalinski.pl\/serwis\/#website\"},\"primaryImageOfPage\":{\"@id\":\"https:\/\/kalinski.pl\/serwis\/regeneracja-katalizatorow-i-filtrow-dpf-lodz\/#primaryimage\"},\"image\":{\"@id\":\"https:\/\/kalinski.pl\/serwis\/regeneracja-katalizatorow-i-filtrow-dpf-lodz\/#primaryimage\"},\"thumbnailUrl\":\"https:\/\/kalinski.pl\/wp-content\/uploads\/Filtry_Kalinski-1-1110x303.png\",\"datePublished\":\"2024-01-08T11:08:31+00:00\",\"dateModified\":\"2024-01-08T11:44:02+00:00\",\"description\":\"Ze wzgl\u0119du na blisko\u015b\u0107 z naszej firmy do Wojew\u00f3dztwa \u0141\u00f3dzkiego regeneracja katalizator\u00f3w i filtr\u00f3w DPF \u0141\u00f3d\u017a jest przez nas cz\u0119sto realizowana.\",\"breadcrumb\":{\"@id\":\"https:\/\/kalinski.pl\/serwis\/regeneracja-katalizatorow-i-filtrow-dpf-lodz\/#breadcrumb\"},\"inLanguage\":\"pl-PL\",\"potentialAction\":[{\"@type\":\"ReadAction\",\"target\":[\"https:\/\/kalinski.pl\/serwis\/regeneracja-katalizatorow-i-filtrow-dpf-lodz\/\"]}]},{\"@type\":\"ImageObject\",\"inLanguage\":\"pl-PL\",\"@id\":\"https:\/\/kalinski.pl\/serwis\/regeneracja-katalizatorow-i-filtrow-dpf-lodz\/#primaryimage\",\"url\":\"https:\/\/kalinski.pl\/wp-content\/uploads\/Filtry_Kalinski-1-1110x303.png\",\"contentUrl\":\"https:\/\/kalinski.pl\/wp-content\/uploads\/Filtry_Kalinski-1-1110x303.png\"},{\"@type\":\"BreadcrumbList\",\"@id\":\"https:\/\/kalinski.pl\/serwis\/regeneracja-katalizatorow-i-filtrow-dpf-lodz\/#breadcrumb\",\"itemListElement\":[{\"@type\":\"ListItem\",\"position\":1,\"name\":\"Strona g\u0142\u00f3wna\",\"item\":\"https:\/\/kalinski.pl\/serwis\/\"},{\"@type\":\"ListItem\",\"position\":2,\"name\":\"Regeneracja katalizator\u00f3w i filtr\u00f3w DPF \u0141\u00f3d\u017a\"}]},{\"@type\":\"WebSite\",\"@id\":\"https:\/\/kalinski.pl\/serwis\/#website\",\"url\":\"https:\/\/kalinski.pl\/serwis\/\",\"name\":\"Kali\u0144ski\",\"description\":\"Uk\u0142ady wydechowe\",\"publisher\":{\"@id\":\"https:\/\/kalinski.pl\/serwis\/#organization\"},\"potentialAction\":[{\"@type\":\"SearchAction\",\"target\":{\"@type\":\"EntryPoint\",\"urlTemplate\":\"https:\/\/kalinski.pl\/serwis\/?s={search_term_string}\"},\"query-input\":{\"@type\":\"PropertyValueSpecification\",\"valueRequired\":true,\"valueName\":\"search_term_string\"}}],\"inLanguage\":\"pl-PL\"},{\"@type\":\"Organization\",\"@id\":\"https:\/\/kalinski.pl\/serwis\/#organization\",\"name\":\"Kali\u0144ski\",\"url\":\"https:\/\/kalinski.pl\/serwis\/\",\"logo\":{\"@type\":\"ImageObject\",\"inLanguage\":\"pl-PL\",\"@id\":\"https:\/\/kalinski.pl\/serwis\/#\/schema\/logo\/image\/\",\"url\":\"https:\/\/kalinski.pl\/serwis\/wp-content\/uploads\/2019\/03\/cropped-logo_white.jpg\",\"contentUrl\":\"https:\/\/kalinski.pl\/serwis\/wp-content\/uploads\/2019\/03\/cropped-logo_white.jpg\",\"width\":240,\"height\":63,\"caption\":\"Kali\u0144ski\"},\"image\":{\"@id\":\"https:\/\/kalinski.pl\/serwis\/#\/schema\/logo\/image\/\"}}]}<\/script>\n<!-- \/ Yoast SEO plugin. -->","yoast_head_json":{"title":"Regeneracja katalizator\u00f3w i filtr\u00f3w DPF \u0141\u00f3d\u017a | Kali\u0144ski","description":"Ze wzgl\u0119du na blisko\u015b\u0107 z naszej firmy do Wojew\u00f3dztwa \u0141\u00f3dzkiego regeneracja katalizator\u00f3w i filtr\u00f3w DPF \u0141\u00f3d\u017a jest przez nas cz\u0119sto realizowana.","robots":{"index":"index","follow":"follow","max-snippet":"max-snippet:-1","max-image-preview":"max-image-preview:large","max-video-preview":"max-video-preview:-1"},"canonical":"https:\/\/kalinski.pl\/serwis\/regeneracja-katalizatorow-i-filtrow-dpf-lodz\/","og_locale":"pl_PL","og_type":"article","og_title":"Regeneracja katalizator\u00f3w i filtr\u00f3w DPF \u0141\u00f3d\u017a | Kali\u0144ski","og_description":"Ze wzgl\u0119du na blisko\u015b\u0107 z naszej firmy do Wojew\u00f3dztwa \u0141\u00f3dzkiego regeneracja katalizator\u00f3w i filtr\u00f3w DPF \u0141\u00f3d\u017a jest przez nas cz\u0119sto realizowana.","og_url":"https:\/\/kalinski.pl\/serwis\/regeneracja-katalizatorow-i-filtrow-dpf-lodz\/","og_site_name":"Kali\u0144ski","article_modified_time":"2024-01-08T11:44:02+00:00","og_image":[{"url":"https:\/\/kalinski.pl\/wp-content\/uploads\/Filtry_Kalinski-1-1110x303.png","type":"","width":"","height":""}],"twitter_card":"summary_large_image","twitter_misc":{"Szacowany czas czytania":"3 minuty"},"schema":{"@context":"https:\/\/schema.org","@graph":[{"@type":"WebPage","@id":"https:\/\/kalinski.pl\/serwis\/regeneracja-katalizatorow-i-filtrow-dpf-lodz\/","url":"https:\/\/kalinski.pl\/serwis\/regeneracja-katalizatorow-i-filtrow-dpf-lodz\/","name":"Regeneracja katalizator\u00f3w i filtr\u00f3w DPF \u0141\u00f3d\u017a | Kali\u0144ski","isPartOf":{"@id":"https:\/\/kalinski.pl\/serwis\/#website"},"primaryImageOfPage":{"@id":"https:\/\/kalinski.pl\/serwis\/regeneracja-katalizatorow-i-filtrow-dpf-lodz\/#primaryimage"},"image":{"@id":"https:\/\/kalinski.pl\/serwis\/regeneracja-katalizatorow-i-filtrow-dpf-lodz\/#primaryimage"},"thumbnailUrl":"https:\/\/kalinski.pl\/wp-content\/uploads\/Filtry_Kalinski-1-1110x303.png","datePublished":"2024-01-08T11:08:31+00:00","dateModified":"2024-01-08T11:44:02+00:00","description":"Ze wzgl\u0119du na blisko\u015b\u0107 z naszej firmy do Wojew\u00f3dztwa \u0141\u00f3dzkiego regeneracja katalizator\u00f3w i filtr\u00f3w DPF \u0141\u00f3d\u017a jest przez nas cz\u0119sto realizowana.","breadcrumb":{"@id":"https:\/\/kalinski.pl\/serwis\/regeneracja-katalizatorow-i-filtrow-dpf-lodz\/#breadcrumb"},"inLanguage":"pl-PL","potentialAction":[{"@type":"ReadAction","target":["https:\/\/kalinski.pl\/serwis\/regeneracja-katalizatorow-i-filtrow-dpf-lodz\/"]}]},{"@type":"ImageObject","inLanguage":"pl-PL","@id":"https:\/\/kalinski.pl\/serwis\/regeneracja-katalizatorow-i-filtrow-dpf-lodz\/#primaryimage","url":"https:\/\/kalinski.pl\/wp-content\/uploads\/Filtry_Kalinski-1-1110x303.png","contentUrl":"https:\/\/kalinski.pl\/wp-content\/uploads\/Filtry_Kalinski-1-1110x303.png"},{"@type":"BreadcrumbList","@id":"https:\/\/kalinski.pl\/serwis\/regeneracja-katalizatorow-i-filtrow-dpf-lodz\/#breadcrumb","itemListElement":[{"@type":"ListItem","position":1,"name":"Strona g\u0142\u00f3wna","item":"https:\/\/kalinski.pl\/serwis\/"},{"@type":"ListItem","position":2,"name":"Regeneracja katalizator\u00f3w i filtr\u00f3w DPF \u0141\u00f3d\u017a"}]},{"@type":"WebSite","@id":"https:\/\/kalinski.pl\/serwis\/#website","url":"https:\/\/kalinski.pl\/serwis\/","name":"Kali\u0144ski","description":"Uk\u0142ady wydechowe","publisher":{"@id":"https:\/\/kalinski.pl\/serwis\/#organization"},"potentialAction":[{"@type":"SearchAction","target":{"@type":"EntryPoint","urlTemplate":"https:\/\/kalinski.pl\/serwis\/?s={search_term_string}"},"query-input":{"@type":"PropertyValueSpecification","valueRequired":true,"valueName":"search_term_string"}}],"inLanguage":"pl-PL"},{"@type":"Organization","@id":"https:\/\/kalinski.pl\/serwis\/#organization","name":"Kali\u0144ski","url":"https:\/\/kalinski.pl\/serwis\/","logo":{"@type":"ImageObject","inLanguage":"pl-PL","@id":"https:\/\/kalinski.pl\/serwis\/#\/schema\/logo\/image\/","url":"https:\/\/kalinski.pl\/serwis\/wp-content\/uploads\/2019\/03\/cropped-logo_white.jpg","contentUrl":"https:\/\/kalinski.pl\/serwis\/wp-content\/uploads\/2019\/03\/cropped-logo_white.jpg","width":240,"height":63,"caption":"Kali\u0144ski"},"image":{"@id":"https:\/\/kalinski.pl\/serwis\/#\/schema\/logo\/image\/"}}]}},"_links":{"self":[{"href":"https:\/\/kalinski.pl\/serwis\/wp-json\/wp\/v2\/pages\/4188","targetHints":{"allow":["GET"]}}],"collection":[{"href":"https:\/\/kalinski.pl\/serwis\/wp-json\/wp\/v2\/pages"}],"about":[{"href":"https:\/\/kalinski.pl\/serwis\/wp-json\/wp\/v2\/types\/page"}],"author":[{"embeddable":true,"href":"https:\/\/kalinski.pl\/serwis\/wp-json\/wp\/v2\/users\/821795"}],"replies":[{"embeddable":true,"href":"https:\/\/kalinski.pl\/serwis\/wp-json\/wp\/v2\/comments?post=4188"}],"version-history":[{"count":5,"href":"https:\/\/kalinski.pl\/serwis\/wp-json\/wp\/v2\/pages\/4188\/revisions"}],"predecessor-version":[{"id":4193,"href":"https:\/\/kalinski.pl\/serwis\/wp-json\/wp\/v2\/pages\/4188\/revisions\/4193"}],"wp:attachment":[{"href":"https:\/\/kalinski.pl\/serwis\/wp-json\/wp\/v2\/media?parent=4188"}],"curies":[{"name":"wp","href":"https:\/\/api.w.org\/{rel}","templated":true}]}}