{"id":4007,"date":"2022-02-22T11:23:34","date_gmt":"2022-02-22T10:23:34","guid":{"rendered":"https:\/\/kalinski.pl\/?page_id=4007"},"modified":"2026-03-06T08:13:16","modified_gmt":"2026-03-06T07:13:16","slug":"regeneracja-katalizatorow-maszyn-budowlanych","status":"publish","type":"page","link":"https:\/\/kalinski.pl\/serwis\/regeneracja-katalizatorow-maszyn-budowlanych\/","title":{"rendered":"Regeneracja katalizator\u00f3w maszyn budowlanych"},"content":{"rendered":"<div class=\"katalizatory_png\"><img decoding=\"async\" class=\"alignleft size-full wp-image-4039\" src=\"https:\/\/kalinski.pl\/wp-content\/uploads\/bud2belka.jpg\" alt=\"\" width=\"1110\" height=\"364\" \/><\/div>\n<div>\u00a0<\/div>\n<div class=\"odstepy_strona\">\n<p>Dzia\u0142alno\u015b\u0107 dzisiejszych firm budowlanych opiera si\u0119 w znacznej mierze na korzystaniu z nowoczesnych maszyn. W ko\u0144cu trudno by\u0142oby wyobrazi\u0107 sobie prac\u0119 na du\u017cej budowie bez u\u017cywania koparki, \u0142adowarki lub walca. W naszej ofercie znajduj\u0105 si\u0119 wszelkie maszyny budowlane a tak\u017ce inne pojazdy. Z drugiej strony eksploatacja maszyn budowlanych wi\u0105\u017ce si\u0119 z konieczno\u015bci\u0105 ich regularnego serwisowania. W przeciwnym wypadku wszystkie podzespo\u0142y zaczn\u0105 si\u0119 psu\u0107 i traci\u0107 swoje w\u0142a\u015bciwo\u015bci. Ponadto trzeba pami\u0119ta\u0107 o tym, \u017ce przepisy BHP nak\u0142adaj\u0105 na przedsi\u0119biorc\u00f3w obowi\u0105zek dbania o stan techniczny posiadanych maszyn. Dlatego ka\u017cdy wykonawca rob\u00f3t budowlanych powinien mie\u0107 to na uwadze.<\/p>\n<p>Co jasne, \u017cywotno\u015b\u0107 poszczeg\u00f3lnych element\u00f3w maszyn jest r\u00f3\u017cna. Jednak uwag\u0119 warto zwr\u00f3ci\u0107 cho\u0107by na cz\u0119\u015bci zwi\u0105zane z uk\u0142adem wydechowym. Praktycznie ka\u017cde maszyny budowlane posiadaj\u0105 silniki diesla, w ich przypadku ogromne znaczenie ma prawid\u0142owa praca katalizatora.<\/p>\n<p>Zak\u0142\u00f3cenia w pracy tego elementu mog\u0105 mie\u0107 r\u00f3\u017cne przyczyny. Natomiast trzeba podkre\u015bli\u0107, \u017ce bardzo cz\u0119sto problem le\u017cy w braku odpowiedniej przepustowo\u015bci. Win\u0119 za ten stan rzeczy na og\u00f3\u0142 ponosz\u0105 drobinki sadzy, popio\u0142u i inne zanieczyszczenia, kt\u00f3re zapychaj\u0105 katalizator. Na szcz\u0119\u015bcie w wielu przypadkach mo\u017cna je usun\u0105\u0107 poprzez <strong>czyszczenie katalizator\u00f3w maszyn budowlanych.<\/strong> Nasza <strong>regeneracja katalizator\u00f3w maszyn budowlanych<\/strong> polega g\u0142\u00f3wnie na wymianie wk\u0142ad\u00f3w ceramicznych, kt\u00f3re znajduj\u0105 si\u0119 w ich wn\u0119trzu.<\/p>\n<p>Dlaczego warto skorzysta\u0107 z takiej us\u0142ugi? Pow\u00f3d jest bardzo prosty. <a href=\"https:\/\/kalinski.pl\/sklep\/pl\/4383-maszyny-budowlane\"><strong>Regeneracja katalizator\u00f3w maszyn budowlanych<\/strong><\/a> stanowi ta\u0144sz\u0105 alternatyw\u0119 w por\u00f3wnaniu do koszt\u00f3w ca\u0142kowitej wymiany tego elementu. Tym samym regeneracja nie b\u0119dzie a\u017c tak du\u017cym obci\u0105\u017ceniem dla firmowego bud\u017cetu. To z kolei wyja\u015bnia, dlaczego coraz wi\u0119cej przedsi\u0119biorstw korzysta z takiej alternatywy.<\/p>\n<p>Nasza firma poza dystrybuowaniem, regeneracj\u0105 i ma\u0142oseryjn\u0105 produkcj\u0105 cz\u0119\u015bci do uk\u0142adu silnikowo-wydechowego zajmuje si\u0119 r\u00f3wnie\u017c ich serwisowaniem. <strong>Naprawa katalizator\u00f3w maszyn budowlanych<\/strong> jest wi\u0119c elementem szerokiej oferty marki Kali\u0144ski. Je\u017celi potrzebuj\u0105 pomocy w tym zakresie, gor\u0105co zach\u0119camy do kontaktu. W trakcie rozmowy b\u0119dziemy mogli udzieli\u0107 wszystkich najwa\u017cniejszych informacji zwi\u0105zanych z realizacj\u0105 us\u0142ugi. W ramach naszych dzia\u0142a\u0144 zajmujemy si\u0119 filtrami i katalizatorami do wszelkich pojazd\u00f3w budowlanych, w tym m.in. d\u017awig\u00f3w, koparek, wywrotek, \u0142adowarek, betoniarek, cystern, czy walc\u00f3w.<\/p>\n<p>W naszej firmie mo\u017cemy zrealizowa\u0107 m.in. takie us\u0142ugi jak:<\/p>\n<p>&#8211; regeneracja filtr\u00f3w i katalizator\u00f3w Caterpillar,<\/p>\n<p>&#8211; regeneracja filtr\u00f3w i katalizator\u00f3w Dossan,<\/p>\n<p>&#8211; regeneracja filtr\u00f3w i katalizator\u00f3w JCB<\/p>\n<p>&#8211; regeneracja filtr\u00f3w i katalizator\u00f3w HKL<\/p>\n<p>&#8211; regeneracja filtr\u00f3w i katalizator\u00f3w Komatsu<\/p>\n<p>&#8211; regeneracja filtr\u00f3w i katalizator\u00f3w Kubota.<\/p>\n<\/div>\n<p>&nbsp;<\/p>\n<div class=\"kontakt_frame_main\">\n\n<div class=\"su-posts su-posts-single-post \">\n\n\t\t\t\t\t\t\n\t\t\t\n\t\t\t<div id=\"su-post-2432\" class=\"su-post \">\n\t\t\t\t<h1 class=\"su-post-title\">kontakt Adam Czuprys<\/h1>\n\t\t\t\t<div class=\"su-post-meta\">\n\t\t\t\t\tOpublikowano:\n\t\t\t\t\t5 pa\u017adziernika 2020\t\t\t\t\t\t\t\t\t<\/div>\n\t\t\t\t<div class=\"su-post-content\">\n\t\t\t\t\t\t\t<div data-elementor-type=\"wp-post\" data-elementor-id=\"2432\" class=\"elementor elementor-2432\">\n\t\t\t\t\t\t<section class=\"elementor-section elementor-top-section elementor-element elementor-element-dbfcb36 elementor-section-boxed elementor-section-height-default elementor-section-height-default\" data-id=\"dbfcb36\" data-element_type=\"section\">\n\t\t\t\t\t\t<div class=\"elementor-container elementor-column-gap-default\">\n\t\t\t\t\t<div class=\"elementor-column elementor-col-100 elementor-top-column elementor-element elementor-element-53877ea\" data-id=\"53877ea\" data-element_type=\"column\">\n\t\t\t<div class=\"elementor-widget-wrap elementor-element-populated\">\n\t\t\t\t\t\t<div class=\"elementor-element elementor-element-6b95a6c h3_kontakt elementor-widget elementor-widget-heading\" data-id=\"6b95a6c\" data-element_type=\"widget\" data-widget_type=\"heading.default\">\n\t\t\t\t<div class=\"elementor-widget-container\">\n\t\t\t\t\t<h3 class=\"elementor-heading-title elementor-size-default\">Pojazdy ci\u0119\u017carowe<\/h3>\t\t\t\t<\/div>\n\t\t\t\t<\/div>\n\t\t\t\t\t<\/div>\n\t\t<\/div>\n\t\t\t\t\t<\/div>\n\t\t<\/section>\n\t\t\t\t<section class=\"elementor-section elementor-top-section elementor-element elementor-element-31735a1 elementor-section-boxed elementor-section-height-default elementor-section-height-default\" data-id=\"31735a1\" data-element_type=\"section\">\n\t\t\t\t\t\t<div class=\"elementor-container elementor-column-gap-default\">\n\t\t\t\t\t<div class=\"elementor-column elementor-col-100 elementor-top-column elementor-element elementor-element-d982bb9\" data-id=\"d982bb9\" data-element_type=\"column\">\n\t\t\t<div class=\"elementor-widget-wrap elementor-element-populated\">\n\t\t\t\t\t\t<div class=\"elementor-element elementor-element-70c08d8 elementor-position-left elementor-widget__width-initial member-name elementor-vertical-align-top elementor-widget elementor-widget-image-box\" data-id=\"70c08d8\" data-element_type=\"widget\" data-widget_type=\"image-box.default\">\n\t\t\t\t<div class=\"elementor-widget-container\">\n\t\t\t\t\t<div class=\"elementor-image-box-wrapper\"><figure class=\"elementor-image-box-img\"><img fetchpriority=\"high\" fetchpriority=\"high\" decoding=\"async\" width=\"400\" height=\"400\" src=\"https:\/\/kalinski.pl\/serwis\/wp-content\/uploads\/kk_adamczuprys.jpg\" class=\"attachment-full size-full wp-image-4728\" alt=\"kk adamczuprys\" \/><\/figure><div class=\"elementor-image-box-content\"><h3 class=\"elementor-image-box-title\">Adam Czuprys<\/h3><p class=\"elementor-image-box-description\"><div class=\"member-role\">Menad\u017cer dzia\u0142u ci\u0119\u017carowego<\/div>\n<div class=\"member-contact\">\n<a href=\"tel:+48618142777\">+48 61 814 27 77 wew. 102<\/a><br>\n<a href=\"tel:+48667343343\">Mob. 667 343 343<\/a><br>\nciezarowe@kalinski.pl\n<\/div><\/p><\/div><\/div>\t\t\t\t<\/div>\n\t\t\t\t<\/div>\n\t\t\t\t\t<\/div>\n\t\t<\/div>\n\t\t\t\t\t<\/div>\n\t\t<\/section>\n\t\t\t\t<\/div>\n\t\t\t\t\t\t<\/div>\n\t\t\t<\/div>\n\n\t\t\t\t\n<\/div>\n<\/div>\n<p>S\u0142owa kluczowe: regeneracja katalizator\u00f3w maszyn budowlanych, naprawa katalizator\u00f3w maszyn budowlanych, czyszczenie katalizator\u00f3w maszyn budowlanych.<\/p>\n","protected":false},"excerpt":{"rendered":"<p>\u00a0 Dzia\u0142alno\u015b\u0107 dzisiejszych firm budowlanych opiera si\u0119 w znacznej mierze na korzystaniu z nowoczesnych maszyn. W ko\u0144cu trudno by\u0142oby wyobrazi\u0107 sobie prac\u0119 na du\u017cej budowie bez u\u017cywania koparki, \u0142adowarki lub walca. W naszej ofercie znajduj\u0105 si\u0119 wszelkie maszyny budowlane a tak\u017ce inne pojazdy. Z drugiej strony eksploatacja maszyn budowlanych wi\u0105\u017ce si\u0119 z konieczno\u015bci\u0105 ich regularnego &hellip; <a href=\"https:\/\/kalinski.pl\/serwis\/uslugi-adam-ciezarowe\/\" class=\"more-link\">Czytaj dalej<span class=\"screen-reader-text\"> kontakt Adam Czuprys<\/span><\/a><\/p>\n","protected":false},"author":821795,"featured_media":0,"parent":0,"menu_order":0,"comment_status":"closed","ping_status":"closed","template":"","meta":{"footnotes":""},"class_list":["post-4007","page","type-page","status-publish","hentry"],"yoast_head":"<!-- This site is optimized with the Yoast SEO plugin v26.7 - https:\/\/yoast.com\/wordpress\/plugins\/seo\/ -->\n<title>Regeneracja katalizator\u00f3w maszyn budowlanych | Kali\u0144ski<\/title>\n<meta name=\"description\" content=\"Regeneracja katalizator\u00f3w maszyn budowlanych to wa\u017cna us\u0142uga, katalizatory cz\u0119sto ulegaj\u0105 zapchania si\u0119 i uszkodzenia.\" \/>\n<meta name=\"robots\" content=\"index, follow, max-snippet:-1, max-image-preview:large, max-video-preview:-1\" \/>\n<link rel=\"canonical\" href=\"https:\/\/kalinski.pl\/serwis\/regeneracja-katalizatorow-maszyn-budowlanych\/\" \/>\n<meta property=\"og:locale\" content=\"pl_PL\" \/>\n<meta property=\"og:type\" content=\"article\" \/>\n<meta property=\"og:title\" content=\"Regeneracja katalizator\u00f3w maszyn budowlanych | Kali\u0144ski\" \/>\n<meta property=\"og:description\" content=\"Regeneracja katalizator\u00f3w maszyn budowlanych to wa\u017cna us\u0142uga, katalizatory cz\u0119sto ulegaj\u0105 zapchania si\u0119 i uszkodzenia.\" \/>\n<meta property=\"og:url\" content=\"https:\/\/kalinski.pl\/serwis\/regeneracja-katalizatorow-maszyn-budowlanych\/\" \/>\n<meta property=\"og:site_name\" content=\"Kali\u0144ski\" \/>\n<meta property=\"article:modified_time\" content=\"2026-03-06T07:13:16+00:00\" \/>\n<meta property=\"og:image\" content=\"https:\/\/kalinski.pl\/serwis\/wp-content\/uploads\/bud2belka.jpg\" \/>\n\t<meta property=\"og:image:width\" content=\"1110\" \/>\n\t<meta property=\"og:image:height\" content=\"364\" \/>\n\t<meta property=\"og:image:type\" content=\"image\/jpeg\" \/>\n<meta name=\"twitter:card\" content=\"summary_large_image\" \/>\n<meta name=\"twitter:label1\" content=\"Szacowany czas czytania\" \/>\n\t<meta name=\"twitter:data1\" content=\"3 minuty\" \/>\n<script type=\"application\/ld+json\" class=\"yoast-schema-graph\">{\"@context\":\"https:\/\/schema.org\",\"@graph\":[{\"@type\":\"WebPage\",\"@id\":\"https:\/\/kalinski.pl\/serwis\/regeneracja-katalizatorow-maszyn-budowlanych\/\",\"url\":\"https:\/\/kalinski.pl\/serwis\/regeneracja-katalizatorow-maszyn-budowlanych\/\",\"name\":\"Regeneracja katalizator\u00f3w maszyn budowlanych | Kali\u0144ski\",\"isPartOf\":{\"@id\":\"https:\/\/kalinski.pl\/serwis\/#website\"},\"primaryImageOfPage\":{\"@id\":\"https:\/\/kalinski.pl\/serwis\/regeneracja-katalizatorow-maszyn-budowlanych\/#primaryimage\"},\"image\":{\"@id\":\"https:\/\/kalinski.pl\/serwis\/regeneracja-katalizatorow-maszyn-budowlanych\/#primaryimage\"},\"thumbnailUrl\":\"https:\/\/kalinski.pl\/wp-content\/uploads\/bud2belka.jpg\",\"datePublished\":\"2022-02-22T10:23:34+00:00\",\"dateModified\":\"2026-03-06T07:13:16+00:00\",\"description\":\"Regeneracja katalizator\u00f3w maszyn budowlanych to wa\u017cna us\u0142uga, katalizatory cz\u0119sto ulegaj\u0105 zapchania si\u0119 i uszkodzenia.\",\"breadcrumb\":{\"@id\":\"https:\/\/kalinski.pl\/serwis\/regeneracja-katalizatorow-maszyn-budowlanych\/#breadcrumb\"},\"inLanguage\":\"pl-PL\",\"potentialAction\":[{\"@type\":\"ReadAction\",\"target\":[\"https:\/\/kalinski.pl\/serwis\/regeneracja-katalizatorow-maszyn-budowlanych\/\"]}]},{\"@type\":\"ImageObject\",\"inLanguage\":\"pl-PL\",\"@id\":\"https:\/\/kalinski.pl\/serwis\/regeneracja-katalizatorow-maszyn-budowlanych\/#primaryimage\",\"url\":\"https:\/\/kalinski.pl\/wp-content\/uploads\/bud2belka.jpg\",\"contentUrl\":\"https:\/\/kalinski.pl\/wp-content\/uploads\/bud2belka.jpg\"},{\"@type\":\"BreadcrumbList\",\"@id\":\"https:\/\/kalinski.pl\/serwis\/regeneracja-katalizatorow-maszyn-budowlanych\/#breadcrumb\",\"itemListElement\":[{\"@type\":\"ListItem\",\"position\":1,\"name\":\"Strona g\u0142\u00f3wna\",\"item\":\"https:\/\/kalinski.pl\/serwis\/\"},{\"@type\":\"ListItem\",\"position\":2,\"name\":\"Regeneracja katalizator\u00f3w maszyn budowlanych\"}]},{\"@type\":\"WebSite\",\"@id\":\"https:\/\/kalinski.pl\/serwis\/#website\",\"url\":\"https:\/\/kalinski.pl\/serwis\/\",\"name\":\"Kali\u0144ski\",\"description\":\"Uk\u0142ady wydechowe\",\"publisher\":{\"@id\":\"https:\/\/kalinski.pl\/serwis\/#organization\"},\"potentialAction\":[{\"@type\":\"SearchAction\",\"target\":{\"@type\":\"EntryPoint\",\"urlTemplate\":\"https:\/\/kalinski.pl\/serwis\/?s={search_term_string}\"},\"query-input\":{\"@type\":\"PropertyValueSpecification\",\"valueRequired\":true,\"valueName\":\"search_term_string\"}}],\"inLanguage\":\"pl-PL\"},{\"@type\":\"Organization\",\"@id\":\"https:\/\/kalinski.pl\/serwis\/#organization\",\"name\":\"Kali\u0144ski\",\"url\":\"https:\/\/kalinski.pl\/serwis\/\",\"logo\":{\"@type\":\"ImageObject\",\"inLanguage\":\"pl-PL\",\"@id\":\"https:\/\/kalinski.pl\/serwis\/#\/schema\/logo\/image\/\",\"url\":\"https:\/\/kalinski.pl\/serwis\/wp-content\/uploads\/2019\/03\/cropped-logo_white.jpg\",\"contentUrl\":\"https:\/\/kalinski.pl\/serwis\/wp-content\/uploads\/2019\/03\/cropped-logo_white.jpg\",\"width\":240,\"height\":63,\"caption\":\"Kali\u0144ski\"},\"image\":{\"@id\":\"https:\/\/kalinski.pl\/serwis\/#\/schema\/logo\/image\/\"}}]}<\/script>\n<!-- \/ Yoast SEO plugin. -->","yoast_head_json":{"title":"Regeneracja katalizator\u00f3w maszyn budowlanych | Kali\u0144ski","description":"Regeneracja katalizator\u00f3w maszyn budowlanych to wa\u017cna us\u0142uga, katalizatory cz\u0119sto ulegaj\u0105 zapchania si\u0119 i uszkodzenia.","robots":{"index":"index","follow":"follow","max-snippet":"max-snippet:-1","max-image-preview":"max-image-preview:large","max-video-preview":"max-video-preview:-1"},"canonical":"https:\/\/kalinski.pl\/serwis\/regeneracja-katalizatorow-maszyn-budowlanych\/","og_locale":"pl_PL","og_type":"article","og_title":"Regeneracja katalizator\u00f3w maszyn budowlanych | Kali\u0144ski","og_description":"Regeneracja katalizator\u00f3w maszyn budowlanych to wa\u017cna us\u0142uga, katalizatory cz\u0119sto ulegaj\u0105 zapchania si\u0119 i uszkodzenia.","og_url":"https:\/\/kalinski.pl\/serwis\/regeneracja-katalizatorow-maszyn-budowlanych\/","og_site_name":"Kali\u0144ski","article_modified_time":"2026-03-06T07:13:16+00:00","og_image":[{"width":1110,"height":364,"url":"https:\/\/kalinski.pl\/serwis\/wp-content\/uploads\/bud2belka.jpg","type":"image\/jpeg"}],"twitter_card":"summary_large_image","twitter_misc":{"Szacowany czas czytania":"3 minuty"},"schema":{"@context":"https:\/\/schema.org","@graph":[{"@type":"WebPage","@id":"https:\/\/kalinski.pl\/serwis\/regeneracja-katalizatorow-maszyn-budowlanych\/","url":"https:\/\/kalinski.pl\/serwis\/regeneracja-katalizatorow-maszyn-budowlanych\/","name":"Regeneracja katalizator\u00f3w maszyn budowlanych | Kali\u0144ski","isPartOf":{"@id":"https:\/\/kalinski.pl\/serwis\/#website"},"primaryImageOfPage":{"@id":"https:\/\/kalinski.pl\/serwis\/regeneracja-katalizatorow-maszyn-budowlanych\/#primaryimage"},"image":{"@id":"https:\/\/kalinski.pl\/serwis\/regeneracja-katalizatorow-maszyn-budowlanych\/#primaryimage"},"thumbnailUrl":"https:\/\/kalinski.pl\/wp-content\/uploads\/bud2belka.jpg","datePublished":"2022-02-22T10:23:34+00:00","dateModified":"2026-03-06T07:13:16+00:00","description":"Regeneracja katalizator\u00f3w maszyn budowlanych to wa\u017cna us\u0142uga, katalizatory cz\u0119sto ulegaj\u0105 zapchania si\u0119 i uszkodzenia.","breadcrumb":{"@id":"https:\/\/kalinski.pl\/serwis\/regeneracja-katalizatorow-maszyn-budowlanych\/#breadcrumb"},"inLanguage":"pl-PL","potentialAction":[{"@type":"ReadAction","target":["https:\/\/kalinski.pl\/serwis\/regeneracja-katalizatorow-maszyn-budowlanych\/"]}]},{"@type":"ImageObject","inLanguage":"pl-PL","@id":"https:\/\/kalinski.pl\/serwis\/regeneracja-katalizatorow-maszyn-budowlanych\/#primaryimage","url":"https:\/\/kalinski.pl\/wp-content\/uploads\/bud2belka.jpg","contentUrl":"https:\/\/kalinski.pl\/wp-content\/uploads\/bud2belka.jpg"},{"@type":"BreadcrumbList","@id":"https:\/\/kalinski.pl\/serwis\/regeneracja-katalizatorow-maszyn-budowlanych\/#breadcrumb","itemListElement":[{"@type":"ListItem","position":1,"name":"Strona g\u0142\u00f3wna","item":"https:\/\/kalinski.pl\/serwis\/"},{"@type":"ListItem","position":2,"name":"Regeneracja katalizator\u00f3w maszyn budowlanych"}]},{"@type":"WebSite","@id":"https:\/\/kalinski.pl\/serwis\/#website","url":"https:\/\/kalinski.pl\/serwis\/","name":"Kali\u0144ski","description":"Uk\u0142ady wydechowe","publisher":{"@id":"https:\/\/kalinski.pl\/serwis\/#organization"},"potentialAction":[{"@type":"SearchAction","target":{"@type":"EntryPoint","urlTemplate":"https:\/\/kalinski.pl\/serwis\/?s={search_term_string}"},"query-input":{"@type":"PropertyValueSpecification","valueRequired":true,"valueName":"search_term_string"}}],"inLanguage":"pl-PL"},{"@type":"Organization","@id":"https:\/\/kalinski.pl\/serwis\/#organization","name":"Kali\u0144ski","url":"https:\/\/kalinski.pl\/serwis\/","logo":{"@type":"ImageObject","inLanguage":"pl-PL","@id":"https:\/\/kalinski.pl\/serwis\/#\/schema\/logo\/image\/","url":"https:\/\/kalinski.pl\/serwis\/wp-content\/uploads\/2019\/03\/cropped-logo_white.jpg","contentUrl":"https:\/\/kalinski.pl\/serwis\/wp-content\/uploads\/2019\/03\/cropped-logo_white.jpg","width":240,"height":63,"caption":"Kali\u0144ski"},"image":{"@id":"https:\/\/kalinski.pl\/serwis\/#\/schema\/logo\/image\/"}}]}},"_links":{"self":[{"href":"https:\/\/kalinski.pl\/serwis\/wp-json\/wp\/v2\/pages\/4007","targetHints":{"allow":["GET"]}}],"collection":[{"href":"https:\/\/kalinski.pl\/serwis\/wp-json\/wp\/v2\/pages"}],"about":[{"href":"https:\/\/kalinski.pl\/serwis\/wp-json\/wp\/v2\/types\/page"}],"author":[{"embeddable":true,"href":"https:\/\/kalinski.pl\/serwis\/wp-json\/wp\/v2\/users\/821795"}],"replies":[{"embeddable":true,"href":"https:\/\/kalinski.pl\/serwis\/wp-json\/wp\/v2\/comments?post=4007"}],"version-history":[{"count":9,"href":"https:\/\/kalinski.pl\/serwis\/wp-json\/wp\/v2\/pages\/4007\/revisions"}],"predecessor-version":[{"id":4929,"href":"https:\/\/kalinski.pl\/serwis\/wp-json\/wp\/v2\/pages\/4007\/revisions\/4929"}],"wp:attachment":[{"href":"https:\/\/kalinski.pl\/serwis\/wp-json\/wp\/v2\/media?parent=4007"}],"curies":[{"name":"wp","href":"https:\/\/api.w.org\/{rel}","templated":true}]}}