{"id":3922,"date":"2022-02-08T13:10:54","date_gmt":"2022-02-08T12:10:54","guid":{"rendered":"https:\/\/kalinski.pl\/?page_id=3922"},"modified":"2026-03-06T08:18:06","modified_gmt":"2026-03-06T07:18:06","slug":"czyszczenie-naprawa-i-regeneracja-filtrow-dpf-maszyn-rolniczych","status":"publish","type":"page","link":"https:\/\/kalinski.pl\/serwis\/czyszczenie-naprawa-i-regeneracja-filtrow-dpf-maszyn-rolniczych\/","title":{"rendered":"Naprawa, czyszczenie i regeneracja filtr\u00f3w DPF maszyn rolniczych"},"content":{"rendered":"<div class=\"katalizatory_png\"><img decoding=\"async\" class=\"alignleft size-full wp-image-4025\" src=\"https:\/\/kalinski.pl\/wp-content\/uploads\/rol1-1.jpg\" alt=\"\" width=\"1110\" height=\"285\" \/><\/div>\n<div class=\"odstepy_strona\">\n<p>Dba\u0142o\u015b\u0107 o \u015brodowisko dotyczy nie tylko samochod\u00f3w osobowych i ci\u0119\u017carowych, r\u00f3wnie\u017c w przypadku maszyn rolniczych musimy dba\u0107 o nasze wsp\u00f3lne dobro. R\u00f3\u017cnego rodzaju normy obowi\u0105zuj\u0105 tak\u017ce w przypadku maszyn rolniczych. Pomocne w przystosowaniu tworzonego sprz\u0119tu do wspomnianych norm s\u0105 instalowane w maszynach filtry DPF oraz <a href=\"https:\/\/kalinski.pl\/sklep\/pl\/9957-katalizatory\">katalizatory<\/a>. S\u0105 one powszechnie wykorzystywane we wszystkich pojazdach nap\u0119dzanych silnikami diesla. Dzi\u0119ki nim mo\u017cna ograniczy\u0107 ilo\u015b\u0107 szkodliwych zwi\u0105zk\u00f3w powstaj\u0105cych w czasie spalania paliwa, gdy\u017c DPF wychwytuje wi\u0119kszo\u015b\u0107 tzw. cz\u0105stek sta\u0142ych.<\/p>\n<p>Oczywi\u015bcie z up\u0142ywem czasu \u017cywotno\u015b\u0107 filtra DPF wyra\u017anie si\u0119 zmniejsza. Co prawda, usterki techniczne i uszkodzenia tego elementu zdarzaj\u0105 si\u0119 stosunkowo rzadko. Jednak znacznie cz\u0119stszym problemem w przypadku filtr\u00f3w DPF jest ich zapchanie. Nast\u0119puje ono na skutek nagromadzenia si\u0119 drobinek sadzy i innych zanieczyszcze\u0144 we wn\u0119trzu filtra. Co nale\u017cy zrobi\u0107 w takiej sytuacji?<\/p>\n<p>Niekt\u00f3rzy rolnicy decyduj\u0105 si\u0119 wtedy na zakup nowego filtra i po prostu wymieniaj\u0105 zapchany egzemplarz. Istnieje jednak ta\u0144sze rozwi\u0105zanie tego k\u0142opotu. Je\u015bli bowiem filtr nie jest uszkodzony mechanicznie, dobr\u0105 alternatyw\u0105 b\u0119dzie <strong>regeneracja <a href=\"https:\/\/kalinski.pl\/sklep\/pl\/4386-filtry-czastek-stalych-dpf\">DPF maszyn rolniczych<\/a>.<\/strong> Jak sama nazwa wskazuje, pozwala ona na regeneracj\u0119 filtra, czyli przywr\u00f3cenie mu dawnej sprawno\u015bci. Oczywi\u015bcie nasz serwis zajmuje si\u0119 regeneracj\u0105 filtr\u00f3w i katalizator\u00f3w do maszyn rolniczych, w tym traktor\u00f3w, ci\u0105gnik\u00f3w siod\u0142owych, kombajn\u00f3w, siewnik\u00f3w, sieczkarni itp.<\/p>\n<p>Nasza firma specjalizuje si\u0119 w realizowaniu zlece\u0144 r\u00f3\u017cnego typu. W zale\u017cno\u015bci od stanu filtra korzystamy z dw\u00f3ch metod regeneracji.<strong> Czyszczenie DPF maszyn rolniczych<\/strong> to stosunkowo \u0142atwy proces zak\u0142adaj\u0105cy usuni\u0119cie zanieczyszcze\u0144 blokuj\u0105cych przepustowo\u015b\u0107 filtra. Mo\u017cna to zrobi\u0107 przy u\u017cyciu silnego strumienia powietrza lub bardzo wysokiej temperatury. Je\u017celi jednak czyszczenie nie wchodzi w gr\u0119, <strong>naprawa DPF maszyn rolniczych<\/strong> jest mo\u017cliwa poprzez wymian\u0119 wk\u0142adu filtra. Wymiana wk\u0142adu filtra jest dzi\u015b najbardziej niezawodnym sposobem.<\/p>\n<p>W naszym warsztacie po ka\u017cdej zako\u0144czonej us\u0142udze sprawdzamy przepustowo\u015b\u0107 filtra poprzez wykonanie specjalnego testu. Jego pozytywny odczyt \u015bwiadczy o udanym przebiegu procesu regeneracji. Warto r\u00f3wnie\u017c pami\u0119ta\u0107, \u017ce nie trzeba do naszego serwisu przyje\u017cd\u017ca\u0107 a wystarczy nam wys\u0142a\u0107 filtr lub katalizator do regeneracji. Je\u015bli posiadamy dany element w obszernym magazynie od razu po dokonaniu wp\u0142aty mo\u017cemy wys\u0142a\u0107 potrzebn\u0105 cz\u0119\u015b\u0107. Rolnik, kt\u00f3ry mia\u0142 problem techniczny w przypadku szybkiej reakcji mo\u017ce ju\u017c kolejnego dnia dosta\u0107 potrzebn\u0105 cz\u0119\u015b\u0107 i zleci\u0107 jej wymian\u0119. Je\u017celi s\u0105 Pa\u0144stwo zainteresowani ofert\u0105 regeneracja filtr\u00f3w DPF lub katalizator\u00f3w, zapraszamy do skorzystania z naszych us\u0142ug.<\/p>\n<p>&nbsp;<\/p>\n<\/div>\n<div class=\"kontakt_frame_main\">\n\n<div class=\"su-posts su-posts-single-post \">\n\n\t\t\t\t\t\t\n\t\t\t\n\t\t\t<div id=\"su-post-2432\" class=\"su-post \">\n\t\t\t\t<h1 class=\"su-post-title\">kontakt Adam Czuprys<\/h1>\n\t\t\t\t<div class=\"su-post-meta\">\n\t\t\t\t\tOpublikowano:\n\t\t\t\t\t5 pa\u017adziernika 2020\t\t\t\t\t\t\t\t\t<\/div>\n\t\t\t\t<div class=\"su-post-content\">\n\t\t\t\t\t\t\t<div data-elementor-type=\"wp-post\" data-elementor-id=\"2432\" class=\"elementor elementor-2432\">\n\t\t\t\t\t\t<section class=\"elementor-section elementor-top-section elementor-element elementor-element-dbfcb36 elementor-section-boxed elementor-section-height-default elementor-section-height-default\" data-id=\"dbfcb36\" data-element_type=\"section\">\n\t\t\t\t\t\t<div class=\"elementor-container elementor-column-gap-default\">\n\t\t\t\t\t<div class=\"elementor-column elementor-col-100 elementor-top-column elementor-element elementor-element-53877ea\" data-id=\"53877ea\" data-element_type=\"column\">\n\t\t\t<div class=\"elementor-widget-wrap elementor-element-populated\">\n\t\t\t\t\t\t<div class=\"elementor-element elementor-element-6b95a6c h3_kontakt elementor-widget elementor-widget-heading\" data-id=\"6b95a6c\" data-element_type=\"widget\" data-widget_type=\"heading.default\">\n\t\t\t\t<div class=\"elementor-widget-container\">\n\t\t\t\t\t<h3 class=\"elementor-heading-title elementor-size-default\">Pojazdy ci\u0119\u017carowe<\/h3>\t\t\t\t<\/div>\n\t\t\t\t<\/div>\n\t\t\t\t\t<\/div>\n\t\t<\/div>\n\t\t\t\t\t<\/div>\n\t\t<\/section>\n\t\t\t\t<section class=\"elementor-section elementor-top-section elementor-element elementor-element-31735a1 elementor-section-boxed elementor-section-height-default elementor-section-height-default\" data-id=\"31735a1\" data-element_type=\"section\">\n\t\t\t\t\t\t<div class=\"elementor-container elementor-column-gap-default\">\n\t\t\t\t\t<div class=\"elementor-column elementor-col-100 elementor-top-column elementor-element elementor-element-d982bb9\" data-id=\"d982bb9\" data-element_type=\"column\">\n\t\t\t<div class=\"elementor-widget-wrap elementor-element-populated\">\n\t\t\t\t\t\t<div class=\"elementor-element elementor-element-70c08d8 elementor-position-left elementor-widget__width-initial member-name elementor-vertical-align-top elementor-widget elementor-widget-image-box\" data-id=\"70c08d8\" data-element_type=\"widget\" data-widget_type=\"image-box.default\">\n\t\t\t\t<div class=\"elementor-widget-container\">\n\t\t\t\t\t<div class=\"elementor-image-box-wrapper\"><figure class=\"elementor-image-box-img\"><img fetchpriority=\"high\" fetchpriority=\"high\" decoding=\"async\" width=\"400\" height=\"400\" src=\"https:\/\/kalinski.pl\/serwis\/wp-content\/uploads\/kk_adamczuprys.jpg\" class=\"attachment-full size-full wp-image-4728\" alt=\"kk adamczuprys\" \/><\/figure><div class=\"elementor-image-box-content\"><h3 class=\"elementor-image-box-title\">Adam Czuprys<\/h3><p class=\"elementor-image-box-description\"><div class=\"member-role\">Menad\u017cer dzia\u0142u ci\u0119\u017carowego<\/div>\n<div class=\"member-contact\">\n<a href=\"tel:+48618142777\">+48 61 814 27 77 wew. 102<\/a><br>\n<a href=\"tel:+48667343343\">Mob. 667 343 343<\/a><br>\nciezarowe@kalinski.pl\n<\/div><\/p><\/div><\/div>\t\t\t\t<\/div>\n\t\t\t\t<\/div>\n\t\t\t\t\t<\/div>\n\t\t<\/div>\n\t\t\t\t\t<\/div>\n\t\t<\/section>\n\t\t\t\t<\/div>\n\t\t\t\t\t\t<\/div>\n\t\t\t<\/div>\n\n\t\t\t\t\n<\/div>\n<\/div>\n<p>S\u0142owa kluczowe: regeneracja filtr\u00f3w DPF maszyn rolniczych, naprawa filtr\u00f3w DPF maszyn rolniczych, czyszczenie filtr\u00f3w DPF maszyn rolniczych.<\/p>\n","protected":false},"excerpt":{"rendered":"<p>Dba\u0142o\u015b\u0107 o \u015brodowisko dotyczy nie tylko samochod\u00f3w osobowych i ci\u0119\u017carowych, r\u00f3wnie\u017c w przypadku maszyn rolniczych musimy dba\u0107 o nasze wsp\u00f3lne dobro. R\u00f3\u017cnego rodzaju normy obowi\u0105zuj\u0105 tak\u017ce w przypadku maszyn rolniczych. Pomocne w przystosowaniu tworzonego sprz\u0119tu do wspomnianych norm s\u0105 instalowane w maszynach filtry DPF oraz katalizatory. S\u0105 one powszechnie wykorzystywane we wszystkich pojazdach nap\u0119dzanych silnikami &hellip; <a href=\"https:\/\/kalinski.pl\/serwis\/uslugi-adam-ciezarowe\/\" class=\"more-link\">Czytaj dalej<span class=\"screen-reader-text\"> kontakt Adam Czuprys<\/span><\/a><\/p>\n","protected":false},"author":821795,"featured_media":0,"parent":0,"menu_order":0,"comment_status":"closed","ping_status":"closed","template":"","meta":{"footnotes":""},"class_list":["post-3922","page","type-page","status-publish","hentry"],"yoast_head":"<!-- This site is optimized with the Yoast SEO plugin v26.7 - https:\/\/yoast.com\/wordpress\/plugins\/seo\/ -->\n<title>Naprawa, czyszczenie i regeneracja filtr\u00f3w DPF maszyn rolniczych | Kali\u0144ski<\/title>\n<meta name=\"description\" content=\"Regeneracja filtr\u00f3w DPF maszyn rolniczych to oferta skierowana do posiadaczy maszyn rolniczych maj\u0105cych problemy z filtrami DPF.\" \/>\n<meta name=\"robots\" content=\"index, follow, max-snippet:-1, max-image-preview:large, max-video-preview:-1\" \/>\n<link rel=\"canonical\" href=\"https:\/\/kalinski.pl\/serwis\/czyszczenie-naprawa-i-regeneracja-filtrow-dpf-maszyn-rolniczych\/\" \/>\n<meta property=\"og:locale\" content=\"pl_PL\" \/>\n<meta property=\"og:type\" content=\"article\" \/>\n<meta property=\"og:title\" content=\"Naprawa, czyszczenie i regeneracja filtr\u00f3w DPF maszyn rolniczych | Kali\u0144ski\" \/>\n<meta property=\"og:description\" content=\"Regeneracja filtr\u00f3w DPF maszyn rolniczych to oferta skierowana do posiadaczy maszyn rolniczych maj\u0105cych problemy z filtrami DPF.\" \/>\n<meta property=\"og:url\" content=\"https:\/\/kalinski.pl\/serwis\/czyszczenie-naprawa-i-regeneracja-filtrow-dpf-maszyn-rolniczych\/\" \/>\n<meta property=\"og:site_name\" content=\"Kali\u0144ski\" \/>\n<meta property=\"article:modified_time\" content=\"2026-03-06T07:18:06+00:00\" \/>\n<meta property=\"og:image\" content=\"https:\/\/kalinski.pl\/serwis\/wp-content\/uploads\/rol1-1.jpg\" \/>\n\t<meta property=\"og:image:width\" content=\"1110\" \/>\n\t<meta property=\"og:image:height\" content=\"285\" \/>\n\t<meta property=\"og:image:type\" content=\"image\/jpeg\" \/>\n<meta name=\"twitter:card\" content=\"summary_large_image\" \/>\n<meta name=\"twitter:label1\" content=\"Szacowany czas czytania\" \/>\n\t<meta name=\"twitter:data1\" content=\"3 minuty\" \/>\n<script type=\"application\/ld+json\" class=\"yoast-schema-graph\">{\"@context\":\"https:\/\/schema.org\",\"@graph\":[{\"@type\":\"WebPage\",\"@id\":\"https:\/\/kalinski.pl\/serwis\/czyszczenie-naprawa-i-regeneracja-filtrow-dpf-maszyn-rolniczych\/\",\"url\":\"https:\/\/kalinski.pl\/serwis\/czyszczenie-naprawa-i-regeneracja-filtrow-dpf-maszyn-rolniczych\/\",\"name\":\"Naprawa, czyszczenie i regeneracja filtr\u00f3w DPF maszyn rolniczych | Kali\u0144ski\",\"isPartOf\":{\"@id\":\"https:\/\/kalinski.pl\/serwis\/#website\"},\"primaryImageOfPage\":{\"@id\":\"https:\/\/kalinski.pl\/serwis\/czyszczenie-naprawa-i-regeneracja-filtrow-dpf-maszyn-rolniczych\/#primaryimage\"},\"image\":{\"@id\":\"https:\/\/kalinski.pl\/serwis\/czyszczenie-naprawa-i-regeneracja-filtrow-dpf-maszyn-rolniczych\/#primaryimage\"},\"thumbnailUrl\":\"https:\/\/kalinski.pl\/wp-content\/uploads\/rol1-1.jpg\",\"datePublished\":\"2022-02-08T12:10:54+00:00\",\"dateModified\":\"2026-03-06T07:18:06+00:00\",\"description\":\"Regeneracja filtr\u00f3w DPF maszyn rolniczych to oferta skierowana do posiadaczy maszyn rolniczych maj\u0105cych problemy z filtrami DPF.\",\"breadcrumb\":{\"@id\":\"https:\/\/kalinski.pl\/serwis\/czyszczenie-naprawa-i-regeneracja-filtrow-dpf-maszyn-rolniczych\/#breadcrumb\"},\"inLanguage\":\"pl-PL\",\"potentialAction\":[{\"@type\":\"ReadAction\",\"target\":[\"https:\/\/kalinski.pl\/serwis\/czyszczenie-naprawa-i-regeneracja-filtrow-dpf-maszyn-rolniczych\/\"]}]},{\"@type\":\"ImageObject\",\"inLanguage\":\"pl-PL\",\"@id\":\"https:\/\/kalinski.pl\/serwis\/czyszczenie-naprawa-i-regeneracja-filtrow-dpf-maszyn-rolniczych\/#primaryimage\",\"url\":\"https:\/\/kalinski.pl\/wp-content\/uploads\/rol1-1.jpg\",\"contentUrl\":\"https:\/\/kalinski.pl\/wp-content\/uploads\/rol1-1.jpg\"},{\"@type\":\"BreadcrumbList\",\"@id\":\"https:\/\/kalinski.pl\/serwis\/czyszczenie-naprawa-i-regeneracja-filtrow-dpf-maszyn-rolniczych\/#breadcrumb\",\"itemListElement\":[{\"@type\":\"ListItem\",\"position\":1,\"name\":\"Strona g\u0142\u00f3wna\",\"item\":\"https:\/\/kalinski.pl\/serwis\/\"},{\"@type\":\"ListItem\",\"position\":2,\"name\":\"Naprawa, czyszczenie i regeneracja filtr\u00f3w DPF maszyn rolniczych\"}]},{\"@type\":\"WebSite\",\"@id\":\"https:\/\/kalinski.pl\/serwis\/#website\",\"url\":\"https:\/\/kalinski.pl\/serwis\/\",\"name\":\"Kali\u0144ski\",\"description\":\"Uk\u0142ady wydechowe\",\"publisher\":{\"@id\":\"https:\/\/kalinski.pl\/serwis\/#organization\"},\"potentialAction\":[{\"@type\":\"SearchAction\",\"target\":{\"@type\":\"EntryPoint\",\"urlTemplate\":\"https:\/\/kalinski.pl\/serwis\/?s={search_term_string}\"},\"query-input\":{\"@type\":\"PropertyValueSpecification\",\"valueRequired\":true,\"valueName\":\"search_term_string\"}}],\"inLanguage\":\"pl-PL\"},{\"@type\":\"Organization\",\"@id\":\"https:\/\/kalinski.pl\/serwis\/#organization\",\"name\":\"Kali\u0144ski\",\"url\":\"https:\/\/kalinski.pl\/serwis\/\",\"logo\":{\"@type\":\"ImageObject\",\"inLanguage\":\"pl-PL\",\"@id\":\"https:\/\/kalinski.pl\/serwis\/#\/schema\/logo\/image\/\",\"url\":\"https:\/\/kalinski.pl\/serwis\/wp-content\/uploads\/2019\/03\/cropped-logo_white.jpg\",\"contentUrl\":\"https:\/\/kalinski.pl\/serwis\/wp-content\/uploads\/2019\/03\/cropped-logo_white.jpg\",\"width\":240,\"height\":63,\"caption\":\"Kali\u0144ski\"},\"image\":{\"@id\":\"https:\/\/kalinski.pl\/serwis\/#\/schema\/logo\/image\/\"}}]}<\/script>\n<!-- \/ Yoast SEO plugin. -->","yoast_head_json":{"title":"Naprawa, czyszczenie i regeneracja filtr\u00f3w DPF maszyn rolniczych | Kali\u0144ski","description":"Regeneracja filtr\u00f3w DPF maszyn rolniczych to oferta skierowana do posiadaczy maszyn rolniczych maj\u0105cych problemy z filtrami DPF.","robots":{"index":"index","follow":"follow","max-snippet":"max-snippet:-1","max-image-preview":"max-image-preview:large","max-video-preview":"max-video-preview:-1"},"canonical":"https:\/\/kalinski.pl\/serwis\/czyszczenie-naprawa-i-regeneracja-filtrow-dpf-maszyn-rolniczych\/","og_locale":"pl_PL","og_type":"article","og_title":"Naprawa, czyszczenie i regeneracja filtr\u00f3w DPF maszyn rolniczych | Kali\u0144ski","og_description":"Regeneracja filtr\u00f3w DPF maszyn rolniczych to oferta skierowana do posiadaczy maszyn rolniczych maj\u0105cych problemy z filtrami DPF.","og_url":"https:\/\/kalinski.pl\/serwis\/czyszczenie-naprawa-i-regeneracja-filtrow-dpf-maszyn-rolniczych\/","og_site_name":"Kali\u0144ski","article_modified_time":"2026-03-06T07:18:06+00:00","og_image":[{"width":1110,"height":285,"url":"https:\/\/kalinski.pl\/serwis\/wp-content\/uploads\/rol1-1.jpg","type":"image\/jpeg"}],"twitter_card":"summary_large_image","twitter_misc":{"Szacowany czas czytania":"3 minuty"},"schema":{"@context":"https:\/\/schema.org","@graph":[{"@type":"WebPage","@id":"https:\/\/kalinski.pl\/serwis\/czyszczenie-naprawa-i-regeneracja-filtrow-dpf-maszyn-rolniczych\/","url":"https:\/\/kalinski.pl\/serwis\/czyszczenie-naprawa-i-regeneracja-filtrow-dpf-maszyn-rolniczych\/","name":"Naprawa, czyszczenie i regeneracja filtr\u00f3w DPF maszyn rolniczych | Kali\u0144ski","isPartOf":{"@id":"https:\/\/kalinski.pl\/serwis\/#website"},"primaryImageOfPage":{"@id":"https:\/\/kalinski.pl\/serwis\/czyszczenie-naprawa-i-regeneracja-filtrow-dpf-maszyn-rolniczych\/#primaryimage"},"image":{"@id":"https:\/\/kalinski.pl\/serwis\/czyszczenie-naprawa-i-regeneracja-filtrow-dpf-maszyn-rolniczych\/#primaryimage"},"thumbnailUrl":"https:\/\/kalinski.pl\/wp-content\/uploads\/rol1-1.jpg","datePublished":"2022-02-08T12:10:54+00:00","dateModified":"2026-03-06T07:18:06+00:00","description":"Regeneracja filtr\u00f3w DPF maszyn rolniczych to oferta skierowana do posiadaczy maszyn rolniczych maj\u0105cych problemy z filtrami DPF.","breadcrumb":{"@id":"https:\/\/kalinski.pl\/serwis\/czyszczenie-naprawa-i-regeneracja-filtrow-dpf-maszyn-rolniczych\/#breadcrumb"},"inLanguage":"pl-PL","potentialAction":[{"@type":"ReadAction","target":["https:\/\/kalinski.pl\/serwis\/czyszczenie-naprawa-i-regeneracja-filtrow-dpf-maszyn-rolniczych\/"]}]},{"@type":"ImageObject","inLanguage":"pl-PL","@id":"https:\/\/kalinski.pl\/serwis\/czyszczenie-naprawa-i-regeneracja-filtrow-dpf-maszyn-rolniczych\/#primaryimage","url":"https:\/\/kalinski.pl\/wp-content\/uploads\/rol1-1.jpg","contentUrl":"https:\/\/kalinski.pl\/wp-content\/uploads\/rol1-1.jpg"},{"@type":"BreadcrumbList","@id":"https:\/\/kalinski.pl\/serwis\/czyszczenie-naprawa-i-regeneracja-filtrow-dpf-maszyn-rolniczych\/#breadcrumb","itemListElement":[{"@type":"ListItem","position":1,"name":"Strona g\u0142\u00f3wna","item":"https:\/\/kalinski.pl\/serwis\/"},{"@type":"ListItem","position":2,"name":"Naprawa, czyszczenie i regeneracja filtr\u00f3w DPF maszyn rolniczych"}]},{"@type":"WebSite","@id":"https:\/\/kalinski.pl\/serwis\/#website","url":"https:\/\/kalinski.pl\/serwis\/","name":"Kali\u0144ski","description":"Uk\u0142ady wydechowe","publisher":{"@id":"https:\/\/kalinski.pl\/serwis\/#organization"},"potentialAction":[{"@type":"SearchAction","target":{"@type":"EntryPoint","urlTemplate":"https:\/\/kalinski.pl\/serwis\/?s={search_term_string}"},"query-input":{"@type":"PropertyValueSpecification","valueRequired":true,"valueName":"search_term_string"}}],"inLanguage":"pl-PL"},{"@type":"Organization","@id":"https:\/\/kalinski.pl\/serwis\/#organization","name":"Kali\u0144ski","url":"https:\/\/kalinski.pl\/serwis\/","logo":{"@type":"ImageObject","inLanguage":"pl-PL","@id":"https:\/\/kalinski.pl\/serwis\/#\/schema\/logo\/image\/","url":"https:\/\/kalinski.pl\/serwis\/wp-content\/uploads\/2019\/03\/cropped-logo_white.jpg","contentUrl":"https:\/\/kalinski.pl\/serwis\/wp-content\/uploads\/2019\/03\/cropped-logo_white.jpg","width":240,"height":63,"caption":"Kali\u0144ski"},"image":{"@id":"https:\/\/kalinski.pl\/serwis\/#\/schema\/logo\/image\/"}}]}},"_links":{"self":[{"href":"https:\/\/kalinski.pl\/serwis\/wp-json\/wp\/v2\/pages\/3922","targetHints":{"allow":["GET"]}}],"collection":[{"href":"https:\/\/kalinski.pl\/serwis\/wp-json\/wp\/v2\/pages"}],"about":[{"href":"https:\/\/kalinski.pl\/serwis\/wp-json\/wp\/v2\/types\/page"}],"author":[{"embeddable":true,"href":"https:\/\/kalinski.pl\/serwis\/wp-json\/wp\/v2\/users\/821795"}],"replies":[{"embeddable":true,"href":"https:\/\/kalinski.pl\/serwis\/wp-json\/wp\/v2\/comments?post=3922"}],"version-history":[{"count":10,"href":"https:\/\/kalinski.pl\/serwis\/wp-json\/wp\/v2\/pages\/3922\/revisions"}],"predecessor-version":[{"id":4935,"href":"https:\/\/kalinski.pl\/serwis\/wp-json\/wp\/v2\/pages\/3922\/revisions\/4935"}],"wp:attachment":[{"href":"https:\/\/kalinski.pl\/serwis\/wp-json\/wp\/v2\/media?parent=3922"}],"curies":[{"name":"wp","href":"https:\/\/api.w.org\/{rel}","templated":true}]}}