{"id":3469,"date":"2021-06-10T13:52:27","date_gmt":"2021-06-10T11:52:27","guid":{"rendered":"https:\/\/kalinski.pl\/?page_id=3469"},"modified":"2026-03-03T09:17:07","modified_gmt":"2026-03-03T08:17:07","slug":"tunning-wydechu","status":"publish","type":"page","link":"https:\/\/kalinski.pl\/serwis\/tunning-wydechu\/","title":{"rendered":"Tunning wydechu"},"content":{"rendered":"<div class=\"katalizatory_png\">\u00a0<\/div>\n<div>\u00a0<\/div>\n<div><img decoding=\"async\" class=\"aligncenter wp-image-253 size-full\" src=\"https:\/\/kalinski.pl\/wp-content\/uploads\/d_po_tuning.jpg\" alt=\"\" width=\"540\" height=\"320\" \/><\/div>\n<div class=\"odstepy_strona\">\n<p>&nbsp;<\/p>\n<p>Fabryczny uk\u0142ad wydechowy jest przystosowany do okre\u015blonych parametr\u00f3w danego pojazdu. Jednak jego konstrukcja oraz w\u0142a\u015bciwo\u015bci nie zawsze odpowiadaj\u0105 posiadaczowi samochodu. W ko\u0144cu wielu kierowc\u00f3w ma jasno sprecyzowane upodobania dotycz\u0105ce d\u017awi\u0119ku wydawanego przez uk\u0142ad wydechowy lub jego wygl\u0105du. Szczeg\u00f3lnie po\u017c\u0105dan\u0105 barw\u0105 jest niskie brzmienie o specyficznym \u201ebasowym\u201d charakterze. Na szcz\u0119\u015bcie mo\u017cna je osi\u0105gn\u0105\u0107 poprzez tuning uk\u0142adu wydechowego. Nasz dzia\u0142 tuningu zajmuje si\u0119 sprzeda\u017c\u0105 uk\u0142ad\u00f3w wydechowych znanych marek ale te\u017c tworzeniem indywidualnych podzespo\u0142\u00f3w czy rekonstrukcj\u0105.\u00a0<\/p>\n<p>Wprowadzane modyfikacje wydechu mog\u0105 mie\u0107 r\u00f3\u017cny cel. Je\u017celi problemem jest nieodpowiedni d\u017awi\u0119k generowany przez <strong>wydech, tuning<\/strong> pozwala na zmian\u0119 jego brzmienia, trzeba jednak pami\u0119ta\u0107, \u017ce mo\u017ce on przekracza\u0107 obowi\u0105zuj\u0105ce normy g\u0142o\u015bno\u015bci. R\u00f3wnie\u017c dostosujemy uk\u0142ady wydechowe do oczekiwa\u0144 wizualnych naszych klient\u00f3w. Nasza firma wykonuje projekty dopasowane do indywidualnych oczekiwa\u0144 ka\u017cdego klienta. Dlatego przed rozpocz\u0119ciem pracy zawsze rozmawiamy z naszymi klientami pytaj\u0105c o efekt jakiego oczekuj\u0105 po wykonaniu modyfikacji.<\/p>\n<p>Je\u015bli chodzi o sam <strong>uk\u0142ad wydechowy, tuning<\/strong> mo\u017ce przenie\u015b\u0107 jeszcze korzy\u015bci dotycz\u0105ce osi\u0105g\u00f3w. Dobrze przeprowadzona modyfikacja uk\u0142adu wydechowego, zastosowanie przelotowego uk\u0142adu wydechowego mo\u017ce wp\u0142yn\u0105\u0107 na popraw\u0119 osi\u0105g\u00f3w. W tym celu nale\u017cy wykona\u0107 dwie czynno\u015bci. Pierwsz\u0105 z nich b\u0119dzie <strong>tuning wydechu<\/strong> polegaj\u0105cy na zwi\u0119kszeniu \u015brednicy ca\u0142ego uk\u0142adu i przerobienie go na przelotowy. Drugi krok to <a href=\"https:\/\/kalinski.pl\/sklep\/pl\/4354-tlumiki-rury\"><strong>tuning t\u0142umika<\/strong><\/a>, kt\u00f3ry zak\u0142ada przede wszystkim wymian\u0119 jego ko\u0144c\u00f3wki. Fabryczn\u0105 cz\u0119\u015b\u0107 zast\u0119puje wtedy sportow\u0105 ko\u0144c\u00f3wk\u0105 o znacznie lepszych w\u0142a\u015bciwo\u015bciach.<\/p>\n<p><strong>Modyfikacja wydechu<\/strong> jest zazwyczaj wykonywana przy u\u017cyciu cz\u0119\u015bci, kt\u00f3rych jeste\u015bmy dystrybutorem lub wyprodukowanych przez nas. Jako firma Kali\u0144ski jeste\u015bmy ma\u0142oseryjnym producent cz\u0119\u015bci zwi\u0105zanych z uk\u0142adami wydechowymi, posiadamy bardzo bogate zaplecze, park maszyn i magazyn. Ju\u017c od niespe\u0142na 30 lat zajmujemy si\u0119 wytwarzaniem takich element\u00f3w. Dedykowany uk\u0142ad wydechowy lub jego element b\u0119dzie idealnie pasowa\u0107 do samochodu, motocykla czy pojazdu ci\u0119\u017carowego. <strong>Koszt<\/strong> produkcji dedykowanych element\u00f3w mo\u017ce by\u0107 wy\u017cszy ni\u017c cena gotowych rozwi\u0105za\u0144, jednak ich jako\u015b\u0107 i dopasowanie do pojazdu b\u0119dzie zdecydowanie na wy\u017cszym poziomie.<\/p>\n<p>Wszystkich zainteresowanych us\u0142ug\u0105 tuningu, modyfikacji wydechu serdecznie zapraszamy do skorzystania z naszej oferty. Nasz serwis mie\u015bci si\u0119 w miejscowo\u015bci Chyby, kt\u00f3ra jest po\u0142o\u017cona niespe\u0142na kilometr od granicy Poznania.<\/p>\n<p>Co istotne, nasza firma prowadzi r\u00f3wnie\u017c sprzeda\u017c wysy\u0142kow\u0105. Tym samym klienci z ca\u0142ej Polski oraz za granicy mog\u0105 u nas \u0142atwo zam\u00f3wi\u0107 wybrane cz\u0119\u015bci. Zach\u0119camy wi\u0119c do odwiedzenia naszego sklepu internetowego.<\/p>\n<\/div>\n<div class=\"kontakt_frame\">\n\n<div class=\"su-posts su-posts-single-post \">\n\n\t\t\t\t\t\t\n\t\t\t\n\t\t\t<div id=\"su-post-4824\" class=\"su-post \">\n\t\t\t\t<h1 class=\"su-post-title\">Kontakt Grzegorz Staszak<\/h1>\n\t\t\t\t<div class=\"su-post-meta\">\n\t\t\t\t\tOpublikowano:\n\t\t\t\t\t3 marca 2026\t\t\t\t\t\t\t\t\t<\/div>\n\t\t\t\t<div class=\"su-post-content\">\n\t\t\t\t\t\t\t<div data-elementor-type=\"wp-post\" data-elementor-id=\"4824\" class=\"elementor elementor-4824\">\n\t\t\t\t\t\t<section class=\"elementor-section elementor-top-section elementor-element elementor-element-45791e7 elementor-section-boxed elementor-section-height-default elementor-section-height-default\" data-id=\"45791e7\" data-element_type=\"section\">\n\t\t\t\t\t\t<div class=\"elementor-container elementor-column-gap-default\">\n\t\t\t\t\t<div class=\"elementor-column elementor-col-100 elementor-top-column elementor-element elementor-element-1814f0d\" data-id=\"1814f0d\" data-element_type=\"column\">\n\t\t\t<div class=\"elementor-widget-wrap elementor-element-populated\">\n\t\t\t\t\t\t<div class=\"elementor-element elementor-element-98888cf h3_kontakt elementor-widget elementor-widget-heading\" data-id=\"98888cf\" data-element_type=\"widget\" data-widget_type=\"heading.default\">\n\t\t\t\t<div class=\"elementor-widget-container\">\n\t\t\t\t\t<h3 class=\"elementor-heading-title elementor-size-default\">Pojazdy osobowe<\/h3>\t\t\t\t<\/div>\n\t\t\t\t<\/div>\n\t\t\t\t\t<\/div>\n\t\t<\/div>\n\t\t\t\t\t<\/div>\n\t\t<\/section>\n\t\t\t\t<section class=\"elementor-section elementor-top-section elementor-element elementor-element-28ce6c0 elementor-section-boxed elementor-section-height-default elementor-section-height-default\" data-id=\"28ce6c0\" data-element_type=\"section\">\n\t\t\t\t\t\t<div class=\"elementor-container elementor-column-gap-default\">\n\t\t\t\t\t<div class=\"elementor-column elementor-col-100 elementor-top-column elementor-element elementor-element-ef59eb2\" data-id=\"ef59eb2\" data-element_type=\"column\">\n\t\t\t<div class=\"elementor-widget-wrap elementor-element-populated\">\n\t\t\t\t\t\t<div class=\"elementor-element elementor-element-c66b190 elementor-position-left elementor-widget__width-initial member-name elementor-vertical-align-top elementor-widget elementor-widget-image-box\" data-id=\"c66b190\" data-element_type=\"widget\" data-widget_type=\"image-box.default\">\n\t\t\t\t<div class=\"elementor-widget-container\">\n\t\t\t\t\t<div class=\"elementor-image-box-wrapper\"><figure class=\"elementor-image-box-img\"><img fetchpriority=\"high\" fetchpriority=\"high\" decoding=\"async\" width=\"400\" height=\"400\" src=\"https:\/\/kalinski.pl\/serwis\/wp-content\/uploads\/kk_grzegorzstaszak.jpg\" class=\"attachment-full size-full wp-image-4702\" alt=\"kk grzegorzstaszak\" \/><\/figure><div class=\"elementor-image-box-content\"><h3 class=\"elementor-image-box-title\">Grzegorz Staszak<\/h3><p class=\"elementor-image-box-description\">\n<div class=\"member-role\">Menad\u017cer dzia\u0142u cz\u0119\u015bci i akcesori\u00f3w<br \/>\nSpecjalista ds. tuningu i motocykli<\/div>\n<div class=\"member-contact\"><a href=\"tel:48618142777\">+48 61 814 27 77 wew. 104<\/a><br \/>691 083 346<\/a><br \/>\nmotocykle@kalinski.pl<\/div><\/p><\/div><\/div>\t\t\t\t<\/div>\n\t\t\t\t<\/div>\n\t\t\t\t\t<\/div>\n\t\t<\/div>\n\t\t\t\t\t<\/div>\n\t\t<\/section>\n\t\t\t\t<\/div>\n\t\t\t\t\t\t<\/div>\n\t\t\t<\/div>\n\n\t\t\t\t\n<\/div>\n<\/div>\n","protected":false},"excerpt":{"rendered":"<p>\u00a0 \u00a0 &nbsp; Fabryczny uk\u0142ad wydechowy jest przystosowany do okre\u015blonych parametr\u00f3w danego pojazdu. Jednak jego konstrukcja oraz w\u0142a\u015bciwo\u015bci nie zawsze odpowiadaj\u0105 posiadaczowi samochodu. W ko\u0144cu wielu kierowc\u00f3w ma jasno sprecyzowane upodobania dotycz\u0105ce d\u017awi\u0119ku wydawanego przez uk\u0142ad wydechowy lub jego wygl\u0105du. Szczeg\u00f3lnie po\u017c\u0105dan\u0105 barw\u0105 jest niskie brzmienie o specyficznym \u201ebasowym\u201d charakterze. Na szcz\u0119\u015bcie mo\u017cna je osi\u0105gn\u0105\u0107 &hellip; <a href=\"https:\/\/kalinski.pl\/serwis\/kontakt-grzegorz-staszak\/\" class=\"more-link\">Czytaj dalej<span class=\"screen-reader-text\"> Kontakt Grzegorz Staszak<\/span><\/a><\/p>\n","protected":false},"author":821795,"featured_media":0,"parent":0,"menu_order":0,"comment_status":"closed","ping_status":"closed","template":"","meta":{"footnotes":""},"class_list":["post-3469","page","type-page","status-publish","hentry"],"yoast_head":"<!-- This site is optimized with the Yoast SEO plugin v26.7 - https:\/\/yoast.com\/wordpress\/plugins\/seo\/ -->\n<title>Tunning wydechu | Kali\u0144ski<\/title>\n<meta name=\"description\" content=\"Zmiana d\u017awi\u0119ku lub wygl\u0105du to g\u0142\u00f3wne elementy tuningu czy modyfikacji uk\u0142ad\u00f3w wydechowych dokonywanych w naszej firmie.\" \/>\n<meta name=\"robots\" content=\"index, follow, max-snippet:-1, max-image-preview:large, max-video-preview:-1\" \/>\n<link rel=\"canonical\" href=\"https:\/\/kalinski.pl\/serwis\/tunning-wydechu\/\" \/>\n<meta property=\"og:locale\" content=\"pl_PL\" \/>\n<meta property=\"og:type\" content=\"article\" \/>\n<meta property=\"og:title\" content=\"Tunning wydechu | Kali\u0144ski\" \/>\n<meta property=\"og:description\" content=\"Zmiana d\u017awi\u0119ku lub wygl\u0105du to g\u0142\u00f3wne elementy tuningu czy modyfikacji uk\u0142ad\u00f3w wydechowych dokonywanych w naszej firmie.\" \/>\n<meta property=\"og:url\" content=\"https:\/\/kalinski.pl\/serwis\/tunning-wydechu\/\" \/>\n<meta property=\"og:site_name\" content=\"Kali\u0144ski\" \/>\n<meta property=\"article:modified_time\" content=\"2026-03-03T08:17:07+00:00\" \/>\n<meta property=\"og:image\" content=\"https:\/\/kalinski.pl\/serwis\/wp-content\/uploads\/d_po_tuning.jpg\" \/>\n\t<meta property=\"og:image:width\" content=\"540\" \/>\n\t<meta property=\"og:image:height\" content=\"320\" \/>\n\t<meta property=\"og:image:type\" content=\"image\/jpeg\" \/>\n<meta name=\"twitter:card\" content=\"summary_large_image\" \/>\n<meta name=\"twitter:label1\" content=\"Szacowany czas czytania\" \/>\n\t<meta name=\"twitter:data1\" content=\"3 minuty\" \/>\n<script type=\"application\/ld+json\" class=\"yoast-schema-graph\">{\"@context\":\"https:\/\/schema.org\",\"@graph\":[{\"@type\":\"WebPage\",\"@id\":\"https:\/\/kalinski.pl\/serwis\/tunning-wydechu\/\",\"url\":\"https:\/\/kalinski.pl\/serwis\/tunning-wydechu\/\",\"name\":\"Tunning wydechu | Kali\u0144ski\",\"isPartOf\":{\"@id\":\"https:\/\/kalinski.pl\/serwis\/#website\"},\"primaryImageOfPage\":{\"@id\":\"https:\/\/kalinski.pl\/serwis\/tunning-wydechu\/#primaryimage\"},\"image\":{\"@id\":\"https:\/\/kalinski.pl\/serwis\/tunning-wydechu\/#primaryimage\"},\"thumbnailUrl\":\"https:\/\/kalinski.pl\/wp-content\/uploads\/d_po_tuning.jpg\",\"datePublished\":\"2021-06-10T11:52:27+00:00\",\"dateModified\":\"2026-03-03T08:17:07+00:00\",\"description\":\"Zmiana d\u017awi\u0119ku lub wygl\u0105du to g\u0142\u00f3wne elementy tuningu czy modyfikacji uk\u0142ad\u00f3w wydechowych dokonywanych w naszej firmie.\",\"breadcrumb\":{\"@id\":\"https:\/\/kalinski.pl\/serwis\/tunning-wydechu\/#breadcrumb\"},\"inLanguage\":\"pl-PL\",\"potentialAction\":[{\"@type\":\"ReadAction\",\"target\":[\"https:\/\/kalinski.pl\/serwis\/tunning-wydechu\/\"]}]},{\"@type\":\"ImageObject\",\"inLanguage\":\"pl-PL\",\"@id\":\"https:\/\/kalinski.pl\/serwis\/tunning-wydechu\/#primaryimage\",\"url\":\"https:\/\/kalinski.pl\/wp-content\/uploads\/d_po_tuning.jpg\",\"contentUrl\":\"https:\/\/kalinski.pl\/wp-content\/uploads\/d_po_tuning.jpg\"},{\"@type\":\"BreadcrumbList\",\"@id\":\"https:\/\/kalinski.pl\/serwis\/tunning-wydechu\/#breadcrumb\",\"itemListElement\":[{\"@type\":\"ListItem\",\"position\":1,\"name\":\"Strona g\u0142\u00f3wna\",\"item\":\"https:\/\/kalinski.pl\/serwis\/\"},{\"@type\":\"ListItem\",\"position\":2,\"name\":\"Tunning wydechu\"}]},{\"@type\":\"WebSite\",\"@id\":\"https:\/\/kalinski.pl\/serwis\/#website\",\"url\":\"https:\/\/kalinski.pl\/serwis\/\",\"name\":\"Kali\u0144ski\",\"description\":\"Uk\u0142ady wydechowe\",\"publisher\":{\"@id\":\"https:\/\/kalinski.pl\/serwis\/#organization\"},\"potentialAction\":[{\"@type\":\"SearchAction\",\"target\":{\"@type\":\"EntryPoint\",\"urlTemplate\":\"https:\/\/kalinski.pl\/serwis\/?s={search_term_string}\"},\"query-input\":{\"@type\":\"PropertyValueSpecification\",\"valueRequired\":true,\"valueName\":\"search_term_string\"}}],\"inLanguage\":\"pl-PL\"},{\"@type\":\"Organization\",\"@id\":\"https:\/\/kalinski.pl\/serwis\/#organization\",\"name\":\"Kali\u0144ski\",\"url\":\"https:\/\/kalinski.pl\/serwis\/\",\"logo\":{\"@type\":\"ImageObject\",\"inLanguage\":\"pl-PL\",\"@id\":\"https:\/\/kalinski.pl\/serwis\/#\/schema\/logo\/image\/\",\"url\":\"https:\/\/kalinski.pl\/serwis\/wp-content\/uploads\/2019\/03\/cropped-logo_white.jpg\",\"contentUrl\":\"https:\/\/kalinski.pl\/serwis\/wp-content\/uploads\/2019\/03\/cropped-logo_white.jpg\",\"width\":240,\"height\":63,\"caption\":\"Kali\u0144ski\"},\"image\":{\"@id\":\"https:\/\/kalinski.pl\/serwis\/#\/schema\/logo\/image\/\"}}]}<\/script>\n<!-- \/ Yoast SEO plugin. -->","yoast_head_json":{"title":"Tunning wydechu | Kali\u0144ski","description":"Zmiana d\u017awi\u0119ku lub wygl\u0105du to g\u0142\u00f3wne elementy tuningu czy modyfikacji uk\u0142ad\u00f3w wydechowych dokonywanych w naszej firmie.","robots":{"index":"index","follow":"follow","max-snippet":"max-snippet:-1","max-image-preview":"max-image-preview:large","max-video-preview":"max-video-preview:-1"},"canonical":"https:\/\/kalinski.pl\/serwis\/tunning-wydechu\/","og_locale":"pl_PL","og_type":"article","og_title":"Tunning wydechu | Kali\u0144ski","og_description":"Zmiana d\u017awi\u0119ku lub wygl\u0105du to g\u0142\u00f3wne elementy tuningu czy modyfikacji uk\u0142ad\u00f3w wydechowych dokonywanych w naszej firmie.","og_url":"https:\/\/kalinski.pl\/serwis\/tunning-wydechu\/","og_site_name":"Kali\u0144ski","article_modified_time":"2026-03-03T08:17:07+00:00","og_image":[{"width":540,"height":320,"url":"https:\/\/kalinski.pl\/serwis\/wp-content\/uploads\/d_po_tuning.jpg","type":"image\/jpeg"}],"twitter_card":"summary_large_image","twitter_misc":{"Szacowany czas czytania":"3 minuty"},"schema":{"@context":"https:\/\/schema.org","@graph":[{"@type":"WebPage","@id":"https:\/\/kalinski.pl\/serwis\/tunning-wydechu\/","url":"https:\/\/kalinski.pl\/serwis\/tunning-wydechu\/","name":"Tunning wydechu | Kali\u0144ski","isPartOf":{"@id":"https:\/\/kalinski.pl\/serwis\/#website"},"primaryImageOfPage":{"@id":"https:\/\/kalinski.pl\/serwis\/tunning-wydechu\/#primaryimage"},"image":{"@id":"https:\/\/kalinski.pl\/serwis\/tunning-wydechu\/#primaryimage"},"thumbnailUrl":"https:\/\/kalinski.pl\/wp-content\/uploads\/d_po_tuning.jpg","datePublished":"2021-06-10T11:52:27+00:00","dateModified":"2026-03-03T08:17:07+00:00","description":"Zmiana d\u017awi\u0119ku lub wygl\u0105du to g\u0142\u00f3wne elementy tuningu czy modyfikacji uk\u0142ad\u00f3w wydechowych dokonywanych w naszej firmie.","breadcrumb":{"@id":"https:\/\/kalinski.pl\/serwis\/tunning-wydechu\/#breadcrumb"},"inLanguage":"pl-PL","potentialAction":[{"@type":"ReadAction","target":["https:\/\/kalinski.pl\/serwis\/tunning-wydechu\/"]}]},{"@type":"ImageObject","inLanguage":"pl-PL","@id":"https:\/\/kalinski.pl\/serwis\/tunning-wydechu\/#primaryimage","url":"https:\/\/kalinski.pl\/wp-content\/uploads\/d_po_tuning.jpg","contentUrl":"https:\/\/kalinski.pl\/wp-content\/uploads\/d_po_tuning.jpg"},{"@type":"BreadcrumbList","@id":"https:\/\/kalinski.pl\/serwis\/tunning-wydechu\/#breadcrumb","itemListElement":[{"@type":"ListItem","position":1,"name":"Strona g\u0142\u00f3wna","item":"https:\/\/kalinski.pl\/serwis\/"},{"@type":"ListItem","position":2,"name":"Tunning wydechu"}]},{"@type":"WebSite","@id":"https:\/\/kalinski.pl\/serwis\/#website","url":"https:\/\/kalinski.pl\/serwis\/","name":"Kali\u0144ski","description":"Uk\u0142ady wydechowe","publisher":{"@id":"https:\/\/kalinski.pl\/serwis\/#organization"},"potentialAction":[{"@type":"SearchAction","target":{"@type":"EntryPoint","urlTemplate":"https:\/\/kalinski.pl\/serwis\/?s={search_term_string}"},"query-input":{"@type":"PropertyValueSpecification","valueRequired":true,"valueName":"search_term_string"}}],"inLanguage":"pl-PL"},{"@type":"Organization","@id":"https:\/\/kalinski.pl\/serwis\/#organization","name":"Kali\u0144ski","url":"https:\/\/kalinski.pl\/serwis\/","logo":{"@type":"ImageObject","inLanguage":"pl-PL","@id":"https:\/\/kalinski.pl\/serwis\/#\/schema\/logo\/image\/","url":"https:\/\/kalinski.pl\/serwis\/wp-content\/uploads\/2019\/03\/cropped-logo_white.jpg","contentUrl":"https:\/\/kalinski.pl\/serwis\/wp-content\/uploads\/2019\/03\/cropped-logo_white.jpg","width":240,"height":63,"caption":"Kali\u0144ski"},"image":{"@id":"https:\/\/kalinski.pl\/serwis\/#\/schema\/logo\/image\/"}}]}},"_links":{"self":[{"href":"https:\/\/kalinski.pl\/serwis\/wp-json\/wp\/v2\/pages\/3469","targetHints":{"allow":["GET"]}}],"collection":[{"href":"https:\/\/kalinski.pl\/serwis\/wp-json\/wp\/v2\/pages"}],"about":[{"href":"https:\/\/kalinski.pl\/serwis\/wp-json\/wp\/v2\/types\/page"}],"author":[{"embeddable":true,"href":"https:\/\/kalinski.pl\/serwis\/wp-json\/wp\/v2\/users\/821795"}],"replies":[{"embeddable":true,"href":"https:\/\/kalinski.pl\/serwis\/wp-json\/wp\/v2\/comments?post=3469"}],"version-history":[{"count":10,"href":"https:\/\/kalinski.pl\/serwis\/wp-json\/wp\/v2\/pages\/3469\/revisions"}],"predecessor-version":[{"id":4834,"href":"https:\/\/kalinski.pl\/serwis\/wp-json\/wp\/v2\/pages\/3469\/revisions\/4834"}],"wp:attachment":[{"href":"https:\/\/kalinski.pl\/serwis\/wp-json\/wp\/v2\/media?parent=3469"}],"curies":[{"name":"wp","href":"https:\/\/api.w.org\/{rel}","templated":true}]}}