{"id":2853,"date":"2020-12-11T08:49:04","date_gmt":"2020-12-11T07:49:04","guid":{"rendered":"https:\/\/kalinski.pl\/?page_id=2853"},"modified":"2020-12-11T08:49:04","modified_gmt":"2020-12-11T07:49:04","slug":"regeneracja-katalizatorow-i-filtrow-dpf-jelenia-gora","status":"publish","type":"page","link":"https:\/\/kalinski.pl\/serwis\/regeneracja-katalizatorow-i-filtrow-dpf-jelenia-gora\/","title":{"rendered":"Regeneracja katalizator\u00f3w i filtr\u00f3w DPF Jelenia G\u00f3ra"},"content":{"rendered":"\r\n<div class=\"wp-block-image\">\r\n<figure class=\"aligncenter size-large\"><img fetchpriority=\"high\" decoding=\"async\" width=\"1110\" height=\"303\" class=\"wp-image-1568\" src=\"https:\/\/kalinski.pl\/wp-content\/uploads\/Filtry_Kalinski-1-1110x303.png\" alt=\"\"><\/figure>\r\n<\/div>\r\n\r\n\r\n<p style=\"text-align: justify; margin-top: 25px;\">Katalizator auta to cz\u0119\u015b\u0107 uk\u0142adu wydechowego, kt\u00f3ra r\u00f3wnocze\u015bnie spe\u0142nia funkcj\u0119 pozasilnikowego systemu, kt\u00f3ry zmniejsza liczb\u0119 szkodliwych sk\u0142adnik\u00f3w spalin. Filtry DPF natomiast s\u0142u\u017c\u0105 zatrzymywaniu cz\u0105stek sta\u0142ych (czyli sadzy) ze spalin i ich wypalaniu wewn\u0105trz. Szybko jednak ulegaj\u0105 zu\u017cyciu lub zapchaniu, kt\u00f3re przyspiesza r\u00f3wnie\u017c u\u017cywanie s\u0142abej jako\u015bci paliwa i zbyt rzadka wymiana oleju silnikowego lub filtr\u00f3w paliwowych. Przywr\u00f3cenie im pe\u0142nej sprawno\u015bci jest mo\u017cliwe za pomoc\u0105 dw\u00f3ch metod: zakupu nowych cz\u0119\u015bci lub naprawy zapchanych. Firma Kali\u0144ski oferuje nie tylko sprzeda\u017c katalizator\u00f3w i filtr\u00f3w DPF takich producent\u00f3w, jak: Toyota, Skoda, Volkswagen, Ford, Fiat, czy Mazda, Jaguar, Bentley, Ferrari, Dodge, Chevrolet, a nawet Porsche. Coraz bardziej popularna staje si\u0119 us\u0142uga &#8211; <strong>regeneracja DPF Jelenia G\u00f3ra i regeneracja katalizator\u00f3w Jelenie G\u00f3ra.<\/strong><\/p>\r\n\r\n\r\n\r\n<p style=\"text-align: justify;\">Niekt\u00f3rzy czyszcz\u0105 cz\u0119\u015bci samochodowe wod\u0105, ale to tylko pozorna regeneracja, bowiem po\u0142\u0105czenie sadzy z wod\u0105 skutkuje zmniejszeniem przepustowo\u015bci spalin. Cz\u0119\u015bci szybko ulegaj\u0105 ponownemu zanieczyszczeniu i przestaj\u0105 dzia\u0142a\u0107 prawid\u0142owo. Nie pop\u0142aca te\u017c samodzielna pr\u00f3ba regeneracji, gdy\u017c ka\u017cda ingerencja we wra\u017cliwe wn\u0119trza cz\u0119\u015bci samochodowych, mo\u017ce skutkowa\u0107 trwa\u0142ym uszkodzeniem.<\/p>\r\n\r\n\r\n\r\n<p style=\"text-align: justify;\"><strong>Czyszczenie katalizator\u00f3w Jelenia G\u00f3ra oraz czyszczenie DPF Jelenia G\u00f3ra<\/strong> to zdecydowanie ta\u0144sza opcja przywr\u00f3cenia sprawno\u015bci pojazdowi. Jest te\u017c dzia\u0142aniem proekologicznym, poniewa\u017c zamiast produkowa\u0107 nowe podzespo\u0142y, u\u017cywane s\u0105 obecne. <strong>Wypalanie katalizator\u00f3w Jelenia G\u00f3ra<\/strong> odbywa si\u0119 przy u\u017cyciu bardzo wysokiej temperatury 600 stopni. Spalanie sadzy i innych zanieczyszcze\u0144, kt\u00f3re zalegaj\u0105 w tunelikach cz\u0119\u015bci przeprowadzane jest w specjalistycznym brytyjskim piecu Hartridge. Urz\u0105dzenie to rekomendowane jest przez takie marki jak Scania, DAF, czy Volvo. Po wypaleniu z zanieczyszcze\u0144 zostaje popi\u00f3\u0142, kt\u00f3ry wydmuchiwany jest spr\u0119\u017conym powietrzem do pojemnika, a nast\u0119pnie utylizowany. Katalizatory i filtry DPF poddane tej procedurze staj\u0105 si\u0119 sprawne jak nowe.<\/p>\r\n\r\n\r\n<div class=\"wp-block-columns is-layout-flex wp-container-core-columns-is-layout-1 wp-block-columns-is-layout-flex\">\r\n<div class=\"wp-block-column is-layout-flow wp-block-column-is-layout-flow\">\r\n<p><strong>Kali\u0144ski<\/strong><\/p>\r\n\r\n\r\n<p>ul. Szamotulska 40<\/p>\r\n\r\n\r\n<p>62-081 Chyby \/ Pozna\u0144<\/p>\r\n\r\n\r\n<p><strong>Sklep internetowy<\/strong><\/p>\r\n\r\n\r\n<p><a href=\"tel:0048691545545\">+48 691 545 545<\/a><\/p>\r\n\r\n\r\n<p><a>sklep@kalinski.pl<\/a><\/p>\r\n\r\n\r\n<p class=\"k_telb\"><strong>Serwis stacjonarny<\/strong><\/p>\r\n<p class=\"k_tel\"><a class=\"phone\" href=\"tel:004861 8142777\">+48 61 814 27 77<\/a><\/p>\r\n<p class=\"k_tel\"><a class=\"mailto-link\" data-enc-email=\"frejvf[at]xnyvafxv.cy\" data-wpel-link=\"ignore\"><span id=\"eeb-99214-899952\">serwis@kalinski.pl<\/span><\/a><\/p>\r\n<\/div>\r\n\r\n\r\n<div class=\"wp-block-column is-layout-flow wp-block-column-is-layout-flow\"> [contact-form-7 id=&#8221;2271&#8243; title=&#8221;Formularz 1_copy&#8221;] \r\n<\/div>\r\n<\/div>\r\n\r\n\r\n<p><iframe style=\"border: 0;\" tabindex=\"0\" src=\"https:\/\/www.google.com\/maps\/embed?pb=!1m14!1m8!1m3!1d2891.0189752303836!2d16.761502335364135!3d52.46016731732493!3m2!1i1024!2i768!4f13.1!3m3!1m2!1s0x470441321c9562cb%3A0xee0284f60b138572!2sSzamotulska%2040%2C%2062-081%20Chyby!5e0!3m2!1spl!2spl!4v1599035144301!5m2!1spl!2spl\" width=\"100%\" height=\"450\" frameborder=\"0\" allowfullscreen=\"allowfullscreen\" aria-hidden=\"false\"><\/iframe><\/p>\r\n\r\n","protected":false},"excerpt":{"rendered":"<p>Katalizator auta to cz\u0119\u015b\u0107 uk\u0142adu wydechowego, kt\u00f3ra r\u00f3wnocze\u015bnie spe\u0142nia funkcj\u0119 pozasilnikowego systemu, kt\u00f3ry zmniejsza liczb\u0119 szkodliwych sk\u0142adnik\u00f3w spalin. Filtry DPF natomiast s\u0142u\u017c\u0105 zatrzymywaniu cz\u0105stek sta\u0142ych (czyli sadzy) ze spalin i ich wypalaniu wewn\u0105trz. Szybko jednak ulegaj\u0105 zu\u017cyciu lub zapchaniu, kt\u00f3re przyspiesza r\u00f3wnie\u017c u\u017cywanie s\u0142abej jako\u015bci paliwa i zbyt rzadka wymiana oleju silnikowego lub filtr\u00f3w paliwowych. &hellip; <a href=\"https:\/\/kalinski.pl\/serwis\/regeneracja-katalizatorow-i-filtrow-dpf-jelenia-gora\/\" class=\"more-link\">Czytaj dalej<span class=\"screen-reader-text\"> Regeneracja katalizator\u00f3w i filtr\u00f3w DPF Jelenia G\u00f3ra<\/span><\/a><\/p>\n","protected":false},"author":821795,"featured_media":0,"parent":0,"menu_order":0,"comment_status":"closed","ping_status":"closed","template":"","meta":{"footnotes":""},"class_list":["post-2853","page","type-page","status-publish","hentry"],"yoast_head":"<!-- This site is optimized with the Yoast SEO plugin v26.7 - https:\/\/yoast.com\/wordpress\/plugins\/seo\/ -->\n<title>Regeneracja katalizator\u00f3w i filtr\u00f3w DPF Jelenia G\u00f3ra | Kali\u0144ski<\/title>\n<meta name=\"description\" content=\"Regeneracja katalizator\u00f3w i filtr\u00f3w DPF Jelenia G\u00f3ra to popularna us\u0142uga, kt\u00f3r\u0105 wysy\u0142kowo \u015bwiadczy r\u00f3wnie\u017c nasza firma.\" \/>\n<meta name=\"robots\" content=\"index, follow, max-snippet:-1, max-image-preview:large, max-video-preview:-1\" \/>\n<link rel=\"canonical\" href=\"https:\/\/kalinski.pl\/serwis\/regeneracja-katalizatorow-i-filtrow-dpf-jelenia-gora\/\" \/>\n<meta property=\"og:locale\" content=\"pl_PL\" \/>\n<meta property=\"og:type\" content=\"article\" \/>\n<meta property=\"og:title\" content=\"Regeneracja katalizator\u00f3w i filtr\u00f3w DPF Jelenia G\u00f3ra | Kali\u0144ski\" \/>\n<meta property=\"og:description\" content=\"Regeneracja katalizator\u00f3w i filtr\u00f3w DPF Jelenia G\u00f3ra to popularna us\u0142uga, kt\u00f3r\u0105 wysy\u0142kowo \u015bwiadczy r\u00f3wnie\u017c nasza firma.\" \/>\n<meta property=\"og:url\" content=\"https:\/\/kalinski.pl\/serwis\/regeneracja-katalizatorow-i-filtrow-dpf-jelenia-gora\/\" \/>\n<meta property=\"og:site_name\" content=\"Kali\u0144ski\" \/>\n<meta property=\"og:image\" content=\"https:\/\/kalinski.pl\/wp-content\/uploads\/Filtry_Kalinski-1-1110x303.png\" \/>\n<meta name=\"twitter:card\" content=\"summary_large_image\" \/>\n<meta name=\"twitter:label1\" content=\"Szacowany czas czytania\" \/>\n\t<meta name=\"twitter:data1\" content=\"2 minuty\" \/>\n<script type=\"application\/ld+json\" class=\"yoast-schema-graph\">{\"@context\":\"https:\/\/schema.org\",\"@graph\":[{\"@type\":\"WebPage\",\"@id\":\"https:\/\/kalinski.pl\/serwis\/regeneracja-katalizatorow-i-filtrow-dpf-jelenia-gora\/\",\"url\":\"https:\/\/kalinski.pl\/serwis\/regeneracja-katalizatorow-i-filtrow-dpf-jelenia-gora\/\",\"name\":\"Regeneracja katalizator\u00f3w i filtr\u00f3w DPF Jelenia G\u00f3ra | Kali\u0144ski\",\"isPartOf\":{\"@id\":\"https:\/\/kalinski.pl\/serwis\/#website\"},\"primaryImageOfPage\":{\"@id\":\"https:\/\/kalinski.pl\/serwis\/regeneracja-katalizatorow-i-filtrow-dpf-jelenia-gora\/#primaryimage\"},\"image\":{\"@id\":\"https:\/\/kalinski.pl\/serwis\/regeneracja-katalizatorow-i-filtrow-dpf-jelenia-gora\/#primaryimage\"},\"thumbnailUrl\":\"https:\/\/kalinski.pl\/wp-content\/uploads\/Filtry_Kalinski-1-1110x303.png\",\"datePublished\":\"2020-12-11T07:49:04+00:00\",\"description\":\"Regeneracja katalizator\u00f3w i filtr\u00f3w DPF Jelenia G\u00f3ra to popularna us\u0142uga, kt\u00f3r\u0105 wysy\u0142kowo \u015bwiadczy r\u00f3wnie\u017c nasza firma.\",\"breadcrumb\":{\"@id\":\"https:\/\/kalinski.pl\/serwis\/regeneracja-katalizatorow-i-filtrow-dpf-jelenia-gora\/#breadcrumb\"},\"inLanguage\":\"pl-PL\",\"potentialAction\":[{\"@type\":\"ReadAction\",\"target\":[\"https:\/\/kalinski.pl\/serwis\/regeneracja-katalizatorow-i-filtrow-dpf-jelenia-gora\/\"]}]},{\"@type\":\"ImageObject\",\"inLanguage\":\"pl-PL\",\"@id\":\"https:\/\/kalinski.pl\/serwis\/regeneracja-katalizatorow-i-filtrow-dpf-jelenia-gora\/#primaryimage\",\"url\":\"https:\/\/kalinski.pl\/wp-content\/uploads\/Filtry_Kalinski-1-1110x303.png\",\"contentUrl\":\"https:\/\/kalinski.pl\/wp-content\/uploads\/Filtry_Kalinski-1-1110x303.png\"},{\"@type\":\"BreadcrumbList\",\"@id\":\"https:\/\/kalinski.pl\/serwis\/regeneracja-katalizatorow-i-filtrow-dpf-jelenia-gora\/#breadcrumb\",\"itemListElement\":[{\"@type\":\"ListItem\",\"position\":1,\"name\":\"Strona g\u0142\u00f3wna\",\"item\":\"https:\/\/kalinski.pl\/serwis\/\"},{\"@type\":\"ListItem\",\"position\":2,\"name\":\"Regeneracja katalizator\u00f3w i filtr\u00f3w DPF Jelenia G\u00f3ra\"}]},{\"@type\":\"WebSite\",\"@id\":\"https:\/\/kalinski.pl\/serwis\/#website\",\"url\":\"https:\/\/kalinski.pl\/serwis\/\",\"name\":\"Kali\u0144ski\",\"description\":\"Uk\u0142ady wydechowe\",\"publisher\":{\"@id\":\"https:\/\/kalinski.pl\/serwis\/#organization\"},\"potentialAction\":[{\"@type\":\"SearchAction\",\"target\":{\"@type\":\"EntryPoint\",\"urlTemplate\":\"https:\/\/kalinski.pl\/serwis\/?s={search_term_string}\"},\"query-input\":{\"@type\":\"PropertyValueSpecification\",\"valueRequired\":true,\"valueName\":\"search_term_string\"}}],\"inLanguage\":\"pl-PL\"},{\"@type\":\"Organization\",\"@id\":\"https:\/\/kalinski.pl\/serwis\/#organization\",\"name\":\"Kali\u0144ski\",\"url\":\"https:\/\/kalinski.pl\/serwis\/\",\"logo\":{\"@type\":\"ImageObject\",\"inLanguage\":\"pl-PL\",\"@id\":\"https:\/\/kalinski.pl\/serwis\/#\/schema\/logo\/image\/\",\"url\":\"https:\/\/kalinski.pl\/serwis\/wp-content\/uploads\/2019\/03\/cropped-logo_white.jpg\",\"contentUrl\":\"https:\/\/kalinski.pl\/serwis\/wp-content\/uploads\/2019\/03\/cropped-logo_white.jpg\",\"width\":240,\"height\":63,\"caption\":\"Kali\u0144ski\"},\"image\":{\"@id\":\"https:\/\/kalinski.pl\/serwis\/#\/schema\/logo\/image\/\"}}]}<\/script>\n<!-- \/ Yoast SEO plugin. -->","yoast_head_json":{"title":"Regeneracja katalizator\u00f3w i filtr\u00f3w DPF Jelenia G\u00f3ra | Kali\u0144ski","description":"Regeneracja katalizator\u00f3w i filtr\u00f3w DPF Jelenia G\u00f3ra to popularna us\u0142uga, kt\u00f3r\u0105 wysy\u0142kowo \u015bwiadczy r\u00f3wnie\u017c nasza firma.","robots":{"index":"index","follow":"follow","max-snippet":"max-snippet:-1","max-image-preview":"max-image-preview:large","max-video-preview":"max-video-preview:-1"},"canonical":"https:\/\/kalinski.pl\/serwis\/regeneracja-katalizatorow-i-filtrow-dpf-jelenia-gora\/","og_locale":"pl_PL","og_type":"article","og_title":"Regeneracja katalizator\u00f3w i filtr\u00f3w DPF Jelenia G\u00f3ra | Kali\u0144ski","og_description":"Regeneracja katalizator\u00f3w i filtr\u00f3w DPF Jelenia G\u00f3ra to popularna us\u0142uga, kt\u00f3r\u0105 wysy\u0142kowo \u015bwiadczy r\u00f3wnie\u017c nasza firma.","og_url":"https:\/\/kalinski.pl\/serwis\/regeneracja-katalizatorow-i-filtrow-dpf-jelenia-gora\/","og_site_name":"Kali\u0144ski","og_image":[{"url":"https:\/\/kalinski.pl\/wp-content\/uploads\/Filtry_Kalinski-1-1110x303.png","type":"","width":"","height":""}],"twitter_card":"summary_large_image","twitter_misc":{"Szacowany czas czytania":"2 minuty"},"schema":{"@context":"https:\/\/schema.org","@graph":[{"@type":"WebPage","@id":"https:\/\/kalinski.pl\/serwis\/regeneracja-katalizatorow-i-filtrow-dpf-jelenia-gora\/","url":"https:\/\/kalinski.pl\/serwis\/regeneracja-katalizatorow-i-filtrow-dpf-jelenia-gora\/","name":"Regeneracja katalizator\u00f3w i filtr\u00f3w DPF Jelenia G\u00f3ra | Kali\u0144ski","isPartOf":{"@id":"https:\/\/kalinski.pl\/serwis\/#website"},"primaryImageOfPage":{"@id":"https:\/\/kalinski.pl\/serwis\/regeneracja-katalizatorow-i-filtrow-dpf-jelenia-gora\/#primaryimage"},"image":{"@id":"https:\/\/kalinski.pl\/serwis\/regeneracja-katalizatorow-i-filtrow-dpf-jelenia-gora\/#primaryimage"},"thumbnailUrl":"https:\/\/kalinski.pl\/wp-content\/uploads\/Filtry_Kalinski-1-1110x303.png","datePublished":"2020-12-11T07:49:04+00:00","description":"Regeneracja katalizator\u00f3w i filtr\u00f3w DPF Jelenia G\u00f3ra to popularna us\u0142uga, kt\u00f3r\u0105 wysy\u0142kowo \u015bwiadczy r\u00f3wnie\u017c nasza firma.","breadcrumb":{"@id":"https:\/\/kalinski.pl\/serwis\/regeneracja-katalizatorow-i-filtrow-dpf-jelenia-gora\/#breadcrumb"},"inLanguage":"pl-PL","potentialAction":[{"@type":"ReadAction","target":["https:\/\/kalinski.pl\/serwis\/regeneracja-katalizatorow-i-filtrow-dpf-jelenia-gora\/"]}]},{"@type":"ImageObject","inLanguage":"pl-PL","@id":"https:\/\/kalinski.pl\/serwis\/regeneracja-katalizatorow-i-filtrow-dpf-jelenia-gora\/#primaryimage","url":"https:\/\/kalinski.pl\/wp-content\/uploads\/Filtry_Kalinski-1-1110x303.png","contentUrl":"https:\/\/kalinski.pl\/wp-content\/uploads\/Filtry_Kalinski-1-1110x303.png"},{"@type":"BreadcrumbList","@id":"https:\/\/kalinski.pl\/serwis\/regeneracja-katalizatorow-i-filtrow-dpf-jelenia-gora\/#breadcrumb","itemListElement":[{"@type":"ListItem","position":1,"name":"Strona g\u0142\u00f3wna","item":"https:\/\/kalinski.pl\/serwis\/"},{"@type":"ListItem","position":2,"name":"Regeneracja katalizator\u00f3w i filtr\u00f3w DPF Jelenia G\u00f3ra"}]},{"@type":"WebSite","@id":"https:\/\/kalinski.pl\/serwis\/#website","url":"https:\/\/kalinski.pl\/serwis\/","name":"Kali\u0144ski","description":"Uk\u0142ady wydechowe","publisher":{"@id":"https:\/\/kalinski.pl\/serwis\/#organization"},"potentialAction":[{"@type":"SearchAction","target":{"@type":"EntryPoint","urlTemplate":"https:\/\/kalinski.pl\/serwis\/?s={search_term_string}"},"query-input":{"@type":"PropertyValueSpecification","valueRequired":true,"valueName":"search_term_string"}}],"inLanguage":"pl-PL"},{"@type":"Organization","@id":"https:\/\/kalinski.pl\/serwis\/#organization","name":"Kali\u0144ski","url":"https:\/\/kalinski.pl\/serwis\/","logo":{"@type":"ImageObject","inLanguage":"pl-PL","@id":"https:\/\/kalinski.pl\/serwis\/#\/schema\/logo\/image\/","url":"https:\/\/kalinski.pl\/serwis\/wp-content\/uploads\/2019\/03\/cropped-logo_white.jpg","contentUrl":"https:\/\/kalinski.pl\/serwis\/wp-content\/uploads\/2019\/03\/cropped-logo_white.jpg","width":240,"height":63,"caption":"Kali\u0144ski"},"image":{"@id":"https:\/\/kalinski.pl\/serwis\/#\/schema\/logo\/image\/"}}]}},"_links":{"self":[{"href":"https:\/\/kalinski.pl\/serwis\/wp-json\/wp\/v2\/pages\/2853","targetHints":{"allow":["GET"]}}],"collection":[{"href":"https:\/\/kalinski.pl\/serwis\/wp-json\/wp\/v2\/pages"}],"about":[{"href":"https:\/\/kalinski.pl\/serwis\/wp-json\/wp\/v2\/types\/page"}],"author":[{"embeddable":true,"href":"https:\/\/kalinski.pl\/serwis\/wp-json\/wp\/v2\/users\/821795"}],"replies":[{"embeddable":true,"href":"https:\/\/kalinski.pl\/serwis\/wp-json\/wp\/v2\/comments?post=2853"}],"version-history":[{"count":0,"href":"https:\/\/kalinski.pl\/serwis\/wp-json\/wp\/v2\/pages\/2853\/revisions"}],"wp:attachment":[{"href":"https:\/\/kalinski.pl\/serwis\/wp-json\/wp\/v2\/media?parent=2853"}],"curies":[{"name":"wp","href":"https:\/\/api.w.org\/{rel}","templated":true}]}}