{"id":2750,"date":"2020-11-10T12:26:33","date_gmt":"2020-11-10T11:26:33","guid":{"rendered":"https:\/\/kalinski.pl\/?page_id=2750"},"modified":"2020-11-10T12:26:33","modified_gmt":"2020-11-10T11:26:33","slug":"regeneracja-katalizatorow-i-filtrow-dpf-zielona-gora","status":"publish","type":"page","link":"https:\/\/kalinski.pl\/serwis\/regeneracja-katalizatorow-i-filtrow-dpf-zielona-gora\/","title":{"rendered":"Regeneracja katalizator\u00f3w i filtr\u00f3w DPF Zielona G\u00f3ra"},"content":{"rendered":"\r\n<figure class=\"wp-block-image size-large\"><img fetchpriority=\"high\" decoding=\"async\" width=\"1110\" height=\"303\" class=\"wp-image-1568\" src=\"https:\/\/kalinski.pl\/wp-content\/uploads\/Filtry_Kalinski-1-1110x303.png\" alt=\"\"><\/figure>\r\n\r\n<p style=\"margin-top: 25px;\" align=\"justify\">W uk\u0142adzie wydechowym pojazd\u00f3w spalinowych wa\u017cn\u0105 rol\u0119 odgrywaj\u0105 katalizatory i filtry DPF. To dzi\u0119ki nim mo\u017cna zminimalizowa\u0107 ilo\u015b\u0107 emitowanych spalin, dzi\u0119ki czemu dba\u0107 o \u015brodowisko i czyste powietrze. Jednak podczas eksploatacji pojazd\u00f3w (takich jak auta osobowe, ci\u0119\u017carowe, maszyny rolnicze, czy robocze), cz\u0119\u015bci te ulegaj\u0105 zu\u017cyciu i zabrudzeniu. Zbiera si\u0119 w nich mi\u0119dzy innymi sadza uniemo\u017cliwiaj\u0105c im dalsze, sprawne funkcjonowanie. W takim momencie nale\u017cy wymieni\u0107 cz\u0119\u015bci te na ca\u0142kiem nowe lub zdecydowa\u0107 si\u0119 na <strong>czyszczenie katalizator\u00f3w (Zielona G\u00f3ra).<\/strong><\/p>\r\n<p align=\"justify\">Us\u0142uga, kt\u00f3ra pozwoli cieszy\u0107 si\u0119 cz\u0119\u015bci\u0105 uk\u0142adu wydechowego, jak now\u0105, dost\u0119pna w firmie Kali\u0144ski, to <strong>regeneracja katalizator\u00f3w (Zielona G\u00f3ra) i regeneracja DPF (Zielona G\u00f3ra).<\/strong> Podczas niej usuni\u0119te zostaj\u0105 drobinki sadzy oraz inne zanieczyszczenia uniemo\u017cliwiaj\u0105ce prawid\u0142owe funkcjonowanie katalizator\u00f3w i filtr\u00f3w DPF. Metod\u0105, kt\u00f3r\u0105 stosuje firma Kali\u0144ski, i kt\u00f3r\u0105 ca\u0142y zesp\u00f3\u0142 w oparciu o swoje wieloletnie do\u015bwiadczenie uwa\u017ca za najefektywniejsz\u0105, jest <strong>wypalanie katalizator\u00f3w (Zielona G\u00f3ra).<\/strong> Cz\u0119\u015bci zabrudzone sadz\u0105 umieszcza si\u0119 w piecu marki Hartridge (najlepszy specjalistyczny piec do wypalania katalizator\u00f3w, rekomendowany przez najwi\u0119kszych producent\u00f3w aut i cz\u0119\u015bci samochodowych). Wewn\u0105trz wystawiane s\u0105 na dzia\u0142anie wysokich temperatur i \u201cna sucho\u201d spalana jest sadza ukryta w mikrokanalikach. Powsta\u0142y w ten spos\u00f3b popi\u00f3\u0142 wydmuchiwany jest z katalizator\u00f3w i filtr\u00f3w za pomoc\u0105 spr\u0119\u017conego powietrza. To skuteczny spos\u00f3b na <strong>czyszczenie filtr\u00f3w DPF (Zielona G\u00f3ra).<\/strong> Mniej skutecznym jest na przyk\u0142ad wyp\u0142ukiwanie zanieczyszcze\u0144 wod\u0105, gdy\u017c podczas usuwania sadzy, wyp\u0142ukiwane s\u0105 tak\u017ce metal niezb\u0119dne do prawid\u0142owej pracy filtr\u00f3w. Bardzo skuteczna jest r\u00f3wnie\u017c wymiana wk\u0142ad\u00f3w ceramicznych we wn\u0119trzu filtra i katalizatora. Katalizatory w pojazdach osobowych regenerowane s\u0105 wy\u0142\u0105cznie w ten spos\u00f3b.<\/p>\r\n<p align=\"justify\">Firma Kali\u0144ski to zesp\u00f3\u0142 zgranych profesjonalist\u00f3w, kt\u00f3rzy \u0142\u0105cz\u0105 w sobie wiedz\u0119, do\u015bwiadczenie i fach z mi\u0142o\u015bci\u0105 i pasj\u0105 do bran\u017cy motoryzacyjnej. Dok\u0142adaj\u0105 wszelkich stara\u0144, aby ka\u017cda us\u0142uga wykonana by\u0142a na najwy\u017cszym poziomie. Dzi\u0119ki mo\u017cliwo\u015bci wsp\u00f3\u0142pracy zdalnej s\u0105 w stanie dotrze\u0107 do ka\u017cdego zak\u0105tka Polski &#8211; zar\u00f3wno ze swoim produktem, jak i us\u0142ug\u0105.<\/p>\r\n\r\n<div class=\"wp-block-columns is-layout-flex wp-container-core-columns-is-layout-1 wp-block-columns-is-layout-flex\">\r\n<div class=\"wp-block-column is-layout-flow wp-block-column-is-layout-flow\">\r\n<p><strong>Kali\u0144ski<\/strong><\/p>\r\n\r\n\r\n<p>ul. Szamotulska 40<\/p>\r\n\r\n\r\n<p>62-081 Chyby \/ Pozna\u0144<\/p>\r\n\r\n\r\n<p><strong>Sklep internetowy<\/strong><\/p>\r\n\r\n\r\n<p><a href=\"tel:0048691545545\">+48 691 545 545<\/a><\/p>\r\n\r\n\r\n<p><a>sklep@kalinski.pl<\/a><\/p>\r\n\r\n\r\n<p><strong>Serwis stacjonarny<\/strong><\/p>\r\n\r\n\r\n<p><a href=\"tel:004861 8142777\">+48 61 814 27 77<\/a><\/p>\r\n\r\n\r\n<p><a>serwis@kalinski.pl<\/a><\/p>\r\n<\/div>\r\n\r\n\r\n<div class=\"wp-block-column is-layout-flow wp-block-column-is-layout-flow\"> [contact-form-7 id=&#8221;2271&#8243; title=&#8221;Formularz 1_copy&#8221;] <\/div>\r\n<\/div>\r\n\r\n\r\n<p><iframe style=\"border: 0;\" tabindex=\"0\" src=\"https:\/\/www.google.com\/maps\/embed?pb=!1m18!1m12!1m3!1d2431.024961043721!2d16.7608539158053!3d52.460575379803046!2m3!1f0!2f0!3f0!3m2!1i1024!2i768!4f13.1!3m3!1m2!1s0x470441321c9562cb%3A0xee0284f60b138572!2sSzamotulska%2040%2C%2062-081%20Chyby!5e0!3m2!1spl!2spl!4v1598862248906!5m2!1spl!2spl\" width=\"100%\" height=\"400\" frameborder=\"0\" allowfullscreen=\"allowfullscreen\" aria-hidden=\"false\"><span data-mce-type=\"bookmark\" style=\"display: inline-block; width: 0px; overflow: hidden; line-height: 0;\" class=\"mce_SELRES_start\">\ufeff<\/span><\/iframe><\/p>\r\n\r\n","protected":false},"excerpt":{"rendered":"<p>W uk\u0142adzie wydechowym pojazd\u00f3w spalinowych wa\u017cn\u0105 rol\u0119 odgrywaj\u0105 katalizatory i filtry DPF. To dzi\u0119ki nim mo\u017cna zminimalizowa\u0107 ilo\u015b\u0107 emitowanych spalin, dzi\u0119ki czemu dba\u0107 o \u015brodowisko i czyste powietrze. Jednak podczas eksploatacji pojazd\u00f3w (takich jak auta osobowe, ci\u0119\u017carowe, maszyny rolnicze, czy robocze), cz\u0119\u015bci te ulegaj\u0105 zu\u017cyciu i zabrudzeniu. Zbiera si\u0119 w nich mi\u0119dzy innymi sadza uniemo\u017cliwiaj\u0105c &hellip; <a href=\"https:\/\/kalinski.pl\/serwis\/regeneracja-katalizatorow-i-filtrow-dpf-zielona-gora\/\" class=\"more-link\">Czytaj dalej<span class=\"screen-reader-text\"> Regeneracja katalizator\u00f3w i filtr\u00f3w DPF Zielona G\u00f3ra<\/span><\/a><\/p>\n","protected":false},"author":821795,"featured_media":0,"parent":0,"menu_order":0,"comment_status":"closed","ping_status":"closed","template":"","meta":{"footnotes":""},"class_list":["post-2750","page","type-page","status-publish","hentry"],"yoast_head":"<!-- This site is optimized with the Yoast SEO plugin v26.7 - https:\/\/yoast.com\/wordpress\/plugins\/seo\/ -->\n<title>Regeneracja katalizator\u00f3w i filtr\u00f3w DPF Zielona G\u00f3ra | Kali\u0144ski<\/title>\n<meta name=\"description\" content=\"Regeneracja katalizator\u00f3w Zielona G\u00f3ra oraz regeneracja DPF Zielona G\u00f3ra jest us\u0142ug\u0105, kt\u00f3r\u0105 wykonjamy zdalnie w formie wysy\u0142kowej.\" \/>\n<meta name=\"robots\" content=\"index, follow, max-snippet:-1, max-image-preview:large, max-video-preview:-1\" \/>\n<link rel=\"canonical\" href=\"https:\/\/kalinski.pl\/serwis\/regeneracja-katalizatorow-i-filtrow-dpf-zielona-gora\/\" \/>\n<meta property=\"og:locale\" content=\"pl_PL\" \/>\n<meta property=\"og:type\" content=\"article\" \/>\n<meta property=\"og:title\" content=\"Regeneracja katalizator\u00f3w i filtr\u00f3w DPF Zielona G\u00f3ra | Kali\u0144ski\" \/>\n<meta property=\"og:description\" content=\"Regeneracja katalizator\u00f3w Zielona G\u00f3ra oraz regeneracja DPF Zielona G\u00f3ra jest us\u0142ug\u0105, kt\u00f3r\u0105 wykonjamy zdalnie w formie wysy\u0142kowej.\" \/>\n<meta property=\"og:url\" content=\"https:\/\/kalinski.pl\/serwis\/regeneracja-katalizatorow-i-filtrow-dpf-zielona-gora\/\" \/>\n<meta property=\"og:site_name\" content=\"Kali\u0144ski\" \/>\n<meta property=\"og:image\" content=\"https:\/\/kalinski.pl\/wp-content\/uploads\/Filtry_Kalinski-1-1110x303.png\" \/>\n<meta name=\"twitter:card\" content=\"summary_large_image\" \/>\n<meta name=\"twitter:label1\" content=\"Szacowany czas czytania\" \/>\n\t<meta name=\"twitter:data1\" content=\"2 minuty\" \/>\n<script type=\"application\/ld+json\" class=\"yoast-schema-graph\">{\"@context\":\"https:\/\/schema.org\",\"@graph\":[{\"@type\":\"WebPage\",\"@id\":\"https:\/\/kalinski.pl\/serwis\/regeneracja-katalizatorow-i-filtrow-dpf-zielona-gora\/\",\"url\":\"https:\/\/kalinski.pl\/serwis\/regeneracja-katalizatorow-i-filtrow-dpf-zielona-gora\/\",\"name\":\"Regeneracja katalizator\u00f3w i filtr\u00f3w DPF Zielona G\u00f3ra | Kali\u0144ski\",\"isPartOf\":{\"@id\":\"https:\/\/kalinski.pl\/serwis\/#website\"},\"primaryImageOfPage\":{\"@id\":\"https:\/\/kalinski.pl\/serwis\/regeneracja-katalizatorow-i-filtrow-dpf-zielona-gora\/#primaryimage\"},\"image\":{\"@id\":\"https:\/\/kalinski.pl\/serwis\/regeneracja-katalizatorow-i-filtrow-dpf-zielona-gora\/#primaryimage\"},\"thumbnailUrl\":\"https:\/\/kalinski.pl\/wp-content\/uploads\/Filtry_Kalinski-1-1110x303.png\",\"datePublished\":\"2020-11-10T11:26:33+00:00\",\"description\":\"Regeneracja katalizator\u00f3w Zielona G\u00f3ra oraz regeneracja DPF Zielona G\u00f3ra jest us\u0142ug\u0105, kt\u00f3r\u0105 wykonjamy zdalnie w formie wysy\u0142kowej.\",\"breadcrumb\":{\"@id\":\"https:\/\/kalinski.pl\/serwis\/regeneracja-katalizatorow-i-filtrow-dpf-zielona-gora\/#breadcrumb\"},\"inLanguage\":\"pl-PL\",\"potentialAction\":[{\"@type\":\"ReadAction\",\"target\":[\"https:\/\/kalinski.pl\/serwis\/regeneracja-katalizatorow-i-filtrow-dpf-zielona-gora\/\"]}]},{\"@type\":\"ImageObject\",\"inLanguage\":\"pl-PL\",\"@id\":\"https:\/\/kalinski.pl\/serwis\/regeneracja-katalizatorow-i-filtrow-dpf-zielona-gora\/#primaryimage\",\"url\":\"https:\/\/kalinski.pl\/wp-content\/uploads\/Filtry_Kalinski-1-1110x303.png\",\"contentUrl\":\"https:\/\/kalinski.pl\/wp-content\/uploads\/Filtry_Kalinski-1-1110x303.png\"},{\"@type\":\"BreadcrumbList\",\"@id\":\"https:\/\/kalinski.pl\/serwis\/regeneracja-katalizatorow-i-filtrow-dpf-zielona-gora\/#breadcrumb\",\"itemListElement\":[{\"@type\":\"ListItem\",\"position\":1,\"name\":\"Strona g\u0142\u00f3wna\",\"item\":\"https:\/\/kalinski.pl\/serwis\/\"},{\"@type\":\"ListItem\",\"position\":2,\"name\":\"Regeneracja katalizator\u00f3w i filtr\u00f3w DPF Zielona G\u00f3ra\"}]},{\"@type\":\"WebSite\",\"@id\":\"https:\/\/kalinski.pl\/serwis\/#website\",\"url\":\"https:\/\/kalinski.pl\/serwis\/\",\"name\":\"Kali\u0144ski\",\"description\":\"Uk\u0142ady wydechowe\",\"publisher\":{\"@id\":\"https:\/\/kalinski.pl\/serwis\/#organization\"},\"potentialAction\":[{\"@type\":\"SearchAction\",\"target\":{\"@type\":\"EntryPoint\",\"urlTemplate\":\"https:\/\/kalinski.pl\/serwis\/?s={search_term_string}\"},\"query-input\":{\"@type\":\"PropertyValueSpecification\",\"valueRequired\":true,\"valueName\":\"search_term_string\"}}],\"inLanguage\":\"pl-PL\"},{\"@type\":\"Organization\",\"@id\":\"https:\/\/kalinski.pl\/serwis\/#organization\",\"name\":\"Kali\u0144ski\",\"url\":\"https:\/\/kalinski.pl\/serwis\/\",\"logo\":{\"@type\":\"ImageObject\",\"inLanguage\":\"pl-PL\",\"@id\":\"https:\/\/kalinski.pl\/serwis\/#\/schema\/logo\/image\/\",\"url\":\"https:\/\/kalinski.pl\/serwis\/wp-content\/uploads\/2019\/03\/cropped-logo_white.jpg\",\"contentUrl\":\"https:\/\/kalinski.pl\/serwis\/wp-content\/uploads\/2019\/03\/cropped-logo_white.jpg\",\"width\":240,\"height\":63,\"caption\":\"Kali\u0144ski\"},\"image\":{\"@id\":\"https:\/\/kalinski.pl\/serwis\/#\/schema\/logo\/image\/\"}}]}<\/script>\n<!-- \/ Yoast SEO plugin. -->","yoast_head_json":{"title":"Regeneracja katalizator\u00f3w i filtr\u00f3w DPF Zielona G\u00f3ra | Kali\u0144ski","description":"Regeneracja katalizator\u00f3w Zielona G\u00f3ra oraz regeneracja DPF Zielona G\u00f3ra jest us\u0142ug\u0105, kt\u00f3r\u0105 wykonjamy zdalnie w formie wysy\u0142kowej.","robots":{"index":"index","follow":"follow","max-snippet":"max-snippet:-1","max-image-preview":"max-image-preview:large","max-video-preview":"max-video-preview:-1"},"canonical":"https:\/\/kalinski.pl\/serwis\/regeneracja-katalizatorow-i-filtrow-dpf-zielona-gora\/","og_locale":"pl_PL","og_type":"article","og_title":"Regeneracja katalizator\u00f3w i filtr\u00f3w DPF Zielona G\u00f3ra | Kali\u0144ski","og_description":"Regeneracja katalizator\u00f3w Zielona G\u00f3ra oraz regeneracja DPF Zielona G\u00f3ra jest us\u0142ug\u0105, kt\u00f3r\u0105 wykonjamy zdalnie w formie wysy\u0142kowej.","og_url":"https:\/\/kalinski.pl\/serwis\/regeneracja-katalizatorow-i-filtrow-dpf-zielona-gora\/","og_site_name":"Kali\u0144ski","og_image":[{"url":"https:\/\/kalinski.pl\/wp-content\/uploads\/Filtry_Kalinski-1-1110x303.png","type":"","width":"","height":""}],"twitter_card":"summary_large_image","twitter_misc":{"Szacowany czas czytania":"2 minuty"},"schema":{"@context":"https:\/\/schema.org","@graph":[{"@type":"WebPage","@id":"https:\/\/kalinski.pl\/serwis\/regeneracja-katalizatorow-i-filtrow-dpf-zielona-gora\/","url":"https:\/\/kalinski.pl\/serwis\/regeneracja-katalizatorow-i-filtrow-dpf-zielona-gora\/","name":"Regeneracja katalizator\u00f3w i filtr\u00f3w DPF Zielona G\u00f3ra | Kali\u0144ski","isPartOf":{"@id":"https:\/\/kalinski.pl\/serwis\/#website"},"primaryImageOfPage":{"@id":"https:\/\/kalinski.pl\/serwis\/regeneracja-katalizatorow-i-filtrow-dpf-zielona-gora\/#primaryimage"},"image":{"@id":"https:\/\/kalinski.pl\/serwis\/regeneracja-katalizatorow-i-filtrow-dpf-zielona-gora\/#primaryimage"},"thumbnailUrl":"https:\/\/kalinski.pl\/wp-content\/uploads\/Filtry_Kalinski-1-1110x303.png","datePublished":"2020-11-10T11:26:33+00:00","description":"Regeneracja katalizator\u00f3w Zielona G\u00f3ra oraz regeneracja DPF Zielona G\u00f3ra jest us\u0142ug\u0105, kt\u00f3r\u0105 wykonjamy zdalnie w formie wysy\u0142kowej.","breadcrumb":{"@id":"https:\/\/kalinski.pl\/serwis\/regeneracja-katalizatorow-i-filtrow-dpf-zielona-gora\/#breadcrumb"},"inLanguage":"pl-PL","potentialAction":[{"@type":"ReadAction","target":["https:\/\/kalinski.pl\/serwis\/regeneracja-katalizatorow-i-filtrow-dpf-zielona-gora\/"]}]},{"@type":"ImageObject","inLanguage":"pl-PL","@id":"https:\/\/kalinski.pl\/serwis\/regeneracja-katalizatorow-i-filtrow-dpf-zielona-gora\/#primaryimage","url":"https:\/\/kalinski.pl\/wp-content\/uploads\/Filtry_Kalinski-1-1110x303.png","contentUrl":"https:\/\/kalinski.pl\/wp-content\/uploads\/Filtry_Kalinski-1-1110x303.png"},{"@type":"BreadcrumbList","@id":"https:\/\/kalinski.pl\/serwis\/regeneracja-katalizatorow-i-filtrow-dpf-zielona-gora\/#breadcrumb","itemListElement":[{"@type":"ListItem","position":1,"name":"Strona g\u0142\u00f3wna","item":"https:\/\/kalinski.pl\/serwis\/"},{"@type":"ListItem","position":2,"name":"Regeneracja katalizator\u00f3w i filtr\u00f3w DPF Zielona G\u00f3ra"}]},{"@type":"WebSite","@id":"https:\/\/kalinski.pl\/serwis\/#website","url":"https:\/\/kalinski.pl\/serwis\/","name":"Kali\u0144ski","description":"Uk\u0142ady wydechowe","publisher":{"@id":"https:\/\/kalinski.pl\/serwis\/#organization"},"potentialAction":[{"@type":"SearchAction","target":{"@type":"EntryPoint","urlTemplate":"https:\/\/kalinski.pl\/serwis\/?s={search_term_string}"},"query-input":{"@type":"PropertyValueSpecification","valueRequired":true,"valueName":"search_term_string"}}],"inLanguage":"pl-PL"},{"@type":"Organization","@id":"https:\/\/kalinski.pl\/serwis\/#organization","name":"Kali\u0144ski","url":"https:\/\/kalinski.pl\/serwis\/","logo":{"@type":"ImageObject","inLanguage":"pl-PL","@id":"https:\/\/kalinski.pl\/serwis\/#\/schema\/logo\/image\/","url":"https:\/\/kalinski.pl\/serwis\/wp-content\/uploads\/2019\/03\/cropped-logo_white.jpg","contentUrl":"https:\/\/kalinski.pl\/serwis\/wp-content\/uploads\/2019\/03\/cropped-logo_white.jpg","width":240,"height":63,"caption":"Kali\u0144ski"},"image":{"@id":"https:\/\/kalinski.pl\/serwis\/#\/schema\/logo\/image\/"}}]}},"_links":{"self":[{"href":"https:\/\/kalinski.pl\/serwis\/wp-json\/wp\/v2\/pages\/2750","targetHints":{"allow":["GET"]}}],"collection":[{"href":"https:\/\/kalinski.pl\/serwis\/wp-json\/wp\/v2\/pages"}],"about":[{"href":"https:\/\/kalinski.pl\/serwis\/wp-json\/wp\/v2\/types\/page"}],"author":[{"embeddable":true,"href":"https:\/\/kalinski.pl\/serwis\/wp-json\/wp\/v2\/users\/821795"}],"replies":[{"embeddable":true,"href":"https:\/\/kalinski.pl\/serwis\/wp-json\/wp\/v2\/comments?post=2750"}],"version-history":[{"count":0,"href":"https:\/\/kalinski.pl\/serwis\/wp-json\/wp\/v2\/pages\/2750\/revisions"}],"wp:attachment":[{"href":"https:\/\/kalinski.pl\/serwis\/wp-json\/wp\/v2\/media?parent=2750"}],"curies":[{"name":"wp","href":"https:\/\/api.w.org\/{rel}","templated":true}]}}