{"id":2744,"date":"2020-11-10T10:47:33","date_gmt":"2020-11-10T09:47:33","guid":{"rendered":"https:\/\/kalinski.pl\/?page_id=2744"},"modified":"2020-11-10T11:52:00","modified_gmt":"2020-11-10T10:52:00","slug":"regeneracja-katalizatorow-i-filtrow-dpf-szczecin","status":"publish","type":"page","link":"https:\/\/kalinski.pl\/serwis\/regeneracja-katalizatorow-i-filtrow-dpf-szczecin\/","title":{"rendered":"Regeneracja katalizator\u00f3w i filtr\u00f3w DPF Szczecin"},"content":{"rendered":"\r\n<figure class=\"wp-block-image size-large\"><img fetchpriority=\"high\" decoding=\"async\" width=\"1110\" height=\"303\" class=\"wp-image-1568\" src=\"https:\/\/kalinski.pl\/wp-content\/uploads\/Filtry_Kalinski-1-1110x303.png\" alt=\"\"><\/figure>\r\n\r\n<p style=\"margin-top: 25px;\" align=\"justify\">Katalizatory i filtry DPF pe\u0142ni\u0105 w aucie bardzo wa\u017cn\u0105 funkcj\u0119. Dzi\u0119ki nim poprawiamy jako\u015b\u0107 powietrza. Gromadz\u0105ce si\u0119 w nich zabrudzenia i sadza powoduj\u0105 jednak, i\u017c z czasem cz\u0119\u015bci te wymagaj\u0105 wymiany lub czyszczenia. Firma Kali\u0144ski pomo\u017ce Pa\u0144stwu w tym zakresie. Zajmujemy si\u0119 nie tylko sprzeda\u017c\u0105 i dostarczaniem katalizator\u00f3w i filtr\u00f3w. W naszej ofercie znajdziecie Pa\u0144stwo tak\u017ce takie us\u0142ugi jak <strong>regeneracja katalizator\u00f3w &#8211; Szczecin, czy czyszczenie filtr\u00f3w DPF &#8211; Szczecin<\/strong>. Dzi\u0119ki temu stare, s\u0142abiej dzia\u0142aj\u0105ce cz\u0119\u015bci ratujemy i doprowadzamy do stanu z nowo\u015bci.<\/p>\r\n<p align=\"justify\"><strong>Czyszczenie katalizator\u00f3w &#8211; Szczecin<\/strong> to us\u0142uga, podczas kt\u00f3rej cz\u0119\u015bci oczyszczane s\u0105 z zalegaj\u0105cej w nich sadzy i zabrudze\u0144, kt\u00f3re zbieraj\u0105 si\u0119 w nich podczas eksploatacji. To niezwykle wa\u017cne, aby cz\u0119\u015bci auta dzia\u0142a\u0142y bez zarzutu. Przydaje si\u0119 to zw\u0142aszcza podczas d\u0142u\u017cszych podr\u00f3\u017cy. Efekty oczyszczenia osi\u0105gn\u0105\u0107 mo\u017cna za pomoc\u0105 kilku metod. W naszej firmie zgodnie uznajemy, \u017ce najskuteczniejsz\u0105 metod\u0105 jest <strong>wypalanie katalizator\u00f3w &#8211; Szczecin.<\/strong> Proces odbywa si\u0119 w specjalnym piecu marki Hartridge, kt\u00f3ry rekomenduj\u0105 najwi\u0119ksi producenci samochod\u00f3w i cz\u0119\u015bci do nich. Podczas regeneracji cz\u0119\u015bci czyszczone s\u0105 w wysokich temperaturach (na sucho), dzi\u0119ki czemu zgromadzone nieczysto\u015bci i sadza spalaj\u0105 si\u0119. Wytworzony w ten spos\u00f3b popi\u00f3\u0142 usuwamy wydmuchuj\u0105c go z cz\u0119\u015bci przy pomocy spr\u0119\u017conego powietrza. Inna metoda, jak\u0105 jest wyp\u0142ukiwanie, jest wed\u0142ug nas zagro\u017ceniem dla dzia\u0142ania filtr\u00f3w, gdy\u017c usuwa nie tylko sadz\u0119, ale tak\u017ce wa\u017cne metale. Warto zaznaczy\u0107, \u017ce katalizatory w pojazdach osobowych s\u0105 regenerowane tylko za pomoc\u0105 wymiany wk\u0142ad\u00f3w ceramicznych, kt\u00f3re znajduj\u0105 si\u0119 w ich wn\u0119trzu.<\/p>\r\n<p align=\"justify\"><strong>Regeneracja DPF Szczecin<\/strong> to us\u0142uga dost\u0119pna w ka\u017cdym mie\u015bcie. Wystarczy przys\u0142a\u0107 do nas katalizator i filtry DPF, a my zadbamy o to, aby wr\u00f3ci\u0142y do Pa\u0144stwa w najlepszym stanie, jak nowe. Docieramy wsz\u0119dzie tam, gdzie jest w stanie dostarczy\u0107 nasze produkty kurier &#8211; czyli do wszystkich miast i miejscowo\u015bci w Polsce i Europie. Nasz zesp\u00f3\u0142 to najlepsi profesjonali\u015bci, kt\u00f3rzy opr\u00f3cz wiedzy i do\u015bwiadczenia posiadaj\u0105 tak\u017ce pasj\u0119 i serce do motoryzacji, dzi\u0119ki temu ka\u017cda us\u0142uga w firmie Kali\u0144ski to gwarancja najwy\u017cszej jako\u015bci.<\/p>\r\n\r\n<div class=\"wp-block-columns is-layout-flex wp-container-core-columns-is-layout-1 wp-block-columns-is-layout-flex\">\r\n<div class=\"wp-block-column is-layout-flow wp-block-column-is-layout-flow\">\r\n<p><strong>Kali\u0144ski<\/strong><\/p>\r\n\r\n\r\n<p>ul. Szamotulska 40<\/p>\r\n\r\n\r\n<p>62-081 Chyby \/ Pozna\u0144<\/p>\r\n\r\n\r\n<p><strong>Sklep internetowy<\/strong><\/p>\r\n\r\n\r\n<p><a href=\"tel:0048691545545\">+48 691 545 545<\/a><\/p>\r\n\r\n\r\n<p><a>sklep@kalinski.pl<\/a><\/p>\r\n\r\n\r\n<p><strong>Serwis stacjonarny<\/strong><\/p>\r\n\r\n\r\n<p><a href=\"tel:004861 8142777\">+48 61 814 27 77<\/a><\/p>\r\n\r\n\r\n<p><a>serwis@kalinski.pl<\/a><\/p>\r\n<\/div>\r\n\r\n\r\n<div class=\"wp-block-column is-layout-flow wp-block-column-is-layout-flow\"> [contact-form-7 id=&#8221;2271&#8243; title=&#8221;Formularz 1_copy&#8221;] <\/div>\r\n<\/div>\r\n\r\n\r\n<p><iframe style=\"border: 0;\" tabindex=\"0\" src=\"https:\/\/www.google.com\/maps\/embed?pb=!1m18!1m12!1m3!1d2431.024961043721!2d16.7608539158053!3d52.460575379803046!2m3!1f0!2f0!3f0!3m2!1i1024!2i768!4f13.1!3m3!1m2!1s0x470441321c9562cb%3A0xee0284f60b138572!2sSzamotulska%2040%2C%2062-081%20Chyby!5e0!3m2!1spl!2spl!4v1598862248906!5m2!1spl!2spl\" width=\"100%\" height=\"400\" frameborder=\"0\" allowfullscreen=\"allowfullscreen\" aria-hidden=\"false\"><span data-mce-type=\"bookmark\" style=\"display: inline-block; width: 0px; overflow: hidden; line-height: 0;\" class=\"mce_SELRES_start\">\ufeff<\/span><\/iframe><\/p>\r\n\r\n","protected":false},"excerpt":{"rendered":"<p>Katalizatory i filtry DPF pe\u0142ni\u0105 w aucie bardzo wa\u017cn\u0105 funkcj\u0119. Dzi\u0119ki nim poprawiamy jako\u015b\u0107 powietrza. Gromadz\u0105ce si\u0119 w nich zabrudzenia i sadza powoduj\u0105 jednak, i\u017c z czasem cz\u0119\u015bci te wymagaj\u0105 wymiany lub czyszczenia. Firma Kali\u0144ski pomo\u017ce Pa\u0144stwu w tym zakresie. Zajmujemy si\u0119 nie tylko sprzeda\u017c\u0105 i dostarczaniem katalizator\u00f3w i filtr\u00f3w. W naszej ofercie znajdziecie Pa\u0144stwo &hellip; <a href=\"https:\/\/kalinski.pl\/serwis\/regeneracja-katalizatorow-i-filtrow-dpf-szczecin\/\" class=\"more-link\">Czytaj dalej<span class=\"screen-reader-text\"> Regeneracja katalizator\u00f3w i filtr\u00f3w DPF Szczecin<\/span><\/a><\/p>\n","protected":false},"author":821795,"featured_media":0,"parent":0,"menu_order":0,"comment_status":"closed","ping_status":"closed","template":"","meta":{"footnotes":""},"class_list":["post-2744","page","type-page","status-publish","hentry"],"yoast_head":"<!-- This site is optimized with the Yoast SEO plugin v26.7 - https:\/\/yoast.com\/wordpress\/plugins\/seo\/ -->\n<title>Regeneracja katalizator\u00f3w i filtr\u00f3w DPF Szczecin | Kali\u0144ski<\/title>\n<meta name=\"description\" content=\"Nasz\u0105 specjalizacj\u0105 s\u0105 uk\u0142ady wydechowe a w\u015br\u00f3d nich taka us\u0142uga jak regeneracja katalizator\u00f3w i filtr\u00f3w DPF Szczecin.\" \/>\n<meta name=\"robots\" content=\"index, follow, max-snippet:-1, max-image-preview:large, max-video-preview:-1\" \/>\n<link rel=\"canonical\" href=\"https:\/\/kalinski.pl\/serwis\/regeneracja-katalizatorow-i-filtrow-dpf-szczecin\/\" \/>\n<meta property=\"og:locale\" content=\"pl_PL\" \/>\n<meta property=\"og:type\" content=\"article\" \/>\n<meta property=\"og:title\" content=\"Regeneracja katalizator\u00f3w i filtr\u00f3w DPF Szczecin | Kali\u0144ski\" \/>\n<meta property=\"og:description\" content=\"Nasz\u0105 specjalizacj\u0105 s\u0105 uk\u0142ady wydechowe a w\u015br\u00f3d nich taka us\u0142uga jak regeneracja katalizator\u00f3w i filtr\u00f3w DPF Szczecin.\" \/>\n<meta property=\"og:url\" content=\"https:\/\/kalinski.pl\/serwis\/regeneracja-katalizatorow-i-filtrow-dpf-szczecin\/\" \/>\n<meta property=\"og:site_name\" content=\"Kali\u0144ski\" \/>\n<meta property=\"article:modified_time\" content=\"2020-11-10T10:52:00+00:00\" \/>\n<meta property=\"og:image\" content=\"https:\/\/kalinski.pl\/wp-content\/uploads\/Filtry_Kalinski-1-1110x303.png\" \/>\n<meta name=\"twitter:card\" content=\"summary_large_image\" \/>\n<meta name=\"twitter:label1\" content=\"Szacowany czas czytania\" \/>\n\t<meta name=\"twitter:data1\" content=\"2 minuty\" \/>\n<script type=\"application\/ld+json\" class=\"yoast-schema-graph\">{\"@context\":\"https:\/\/schema.org\",\"@graph\":[{\"@type\":\"WebPage\",\"@id\":\"https:\/\/kalinski.pl\/serwis\/regeneracja-katalizatorow-i-filtrow-dpf-szczecin\/\",\"url\":\"https:\/\/kalinski.pl\/serwis\/regeneracja-katalizatorow-i-filtrow-dpf-szczecin\/\",\"name\":\"Regeneracja katalizator\u00f3w i filtr\u00f3w DPF Szczecin | Kali\u0144ski\",\"isPartOf\":{\"@id\":\"https:\/\/kalinski.pl\/serwis\/#website\"},\"primaryImageOfPage\":{\"@id\":\"https:\/\/kalinski.pl\/serwis\/regeneracja-katalizatorow-i-filtrow-dpf-szczecin\/#primaryimage\"},\"image\":{\"@id\":\"https:\/\/kalinski.pl\/serwis\/regeneracja-katalizatorow-i-filtrow-dpf-szczecin\/#primaryimage\"},\"thumbnailUrl\":\"https:\/\/kalinski.pl\/wp-content\/uploads\/Filtry_Kalinski-1-1110x303.png\",\"datePublished\":\"2020-11-10T09:47:33+00:00\",\"dateModified\":\"2020-11-10T10:52:00+00:00\",\"description\":\"Nasz\u0105 specjalizacj\u0105 s\u0105 uk\u0142ady wydechowe a w\u015br\u00f3d nich taka us\u0142uga jak regeneracja katalizator\u00f3w i filtr\u00f3w DPF Szczecin.\",\"breadcrumb\":{\"@id\":\"https:\/\/kalinski.pl\/serwis\/regeneracja-katalizatorow-i-filtrow-dpf-szczecin\/#breadcrumb\"},\"inLanguage\":\"pl-PL\",\"potentialAction\":[{\"@type\":\"ReadAction\",\"target\":[\"https:\/\/kalinski.pl\/serwis\/regeneracja-katalizatorow-i-filtrow-dpf-szczecin\/\"]}]},{\"@type\":\"ImageObject\",\"inLanguage\":\"pl-PL\",\"@id\":\"https:\/\/kalinski.pl\/serwis\/regeneracja-katalizatorow-i-filtrow-dpf-szczecin\/#primaryimage\",\"url\":\"https:\/\/kalinski.pl\/wp-content\/uploads\/Filtry_Kalinski-1-1110x303.png\",\"contentUrl\":\"https:\/\/kalinski.pl\/wp-content\/uploads\/Filtry_Kalinski-1-1110x303.png\"},{\"@type\":\"BreadcrumbList\",\"@id\":\"https:\/\/kalinski.pl\/serwis\/regeneracja-katalizatorow-i-filtrow-dpf-szczecin\/#breadcrumb\",\"itemListElement\":[{\"@type\":\"ListItem\",\"position\":1,\"name\":\"Strona g\u0142\u00f3wna\",\"item\":\"https:\/\/kalinski.pl\/serwis\/\"},{\"@type\":\"ListItem\",\"position\":2,\"name\":\"Regeneracja katalizator\u00f3w i filtr\u00f3w DPF Szczecin\"}]},{\"@type\":\"WebSite\",\"@id\":\"https:\/\/kalinski.pl\/serwis\/#website\",\"url\":\"https:\/\/kalinski.pl\/serwis\/\",\"name\":\"Kali\u0144ski\",\"description\":\"Uk\u0142ady wydechowe\",\"publisher\":{\"@id\":\"https:\/\/kalinski.pl\/serwis\/#organization\"},\"potentialAction\":[{\"@type\":\"SearchAction\",\"target\":{\"@type\":\"EntryPoint\",\"urlTemplate\":\"https:\/\/kalinski.pl\/serwis\/?s={search_term_string}\"},\"query-input\":{\"@type\":\"PropertyValueSpecification\",\"valueRequired\":true,\"valueName\":\"search_term_string\"}}],\"inLanguage\":\"pl-PL\"},{\"@type\":\"Organization\",\"@id\":\"https:\/\/kalinski.pl\/serwis\/#organization\",\"name\":\"Kali\u0144ski\",\"url\":\"https:\/\/kalinski.pl\/serwis\/\",\"logo\":{\"@type\":\"ImageObject\",\"inLanguage\":\"pl-PL\",\"@id\":\"https:\/\/kalinski.pl\/serwis\/#\/schema\/logo\/image\/\",\"url\":\"https:\/\/kalinski.pl\/serwis\/wp-content\/uploads\/2019\/03\/cropped-logo_white.jpg\",\"contentUrl\":\"https:\/\/kalinski.pl\/serwis\/wp-content\/uploads\/2019\/03\/cropped-logo_white.jpg\",\"width\":240,\"height\":63,\"caption\":\"Kali\u0144ski\"},\"image\":{\"@id\":\"https:\/\/kalinski.pl\/serwis\/#\/schema\/logo\/image\/\"}}]}<\/script>\n<!-- \/ Yoast SEO plugin. -->","yoast_head_json":{"title":"Regeneracja katalizator\u00f3w i filtr\u00f3w DPF Szczecin | Kali\u0144ski","description":"Nasz\u0105 specjalizacj\u0105 s\u0105 uk\u0142ady wydechowe a w\u015br\u00f3d nich taka us\u0142uga jak regeneracja katalizator\u00f3w i filtr\u00f3w DPF Szczecin.","robots":{"index":"index","follow":"follow","max-snippet":"max-snippet:-1","max-image-preview":"max-image-preview:large","max-video-preview":"max-video-preview:-1"},"canonical":"https:\/\/kalinski.pl\/serwis\/regeneracja-katalizatorow-i-filtrow-dpf-szczecin\/","og_locale":"pl_PL","og_type":"article","og_title":"Regeneracja katalizator\u00f3w i filtr\u00f3w DPF Szczecin | Kali\u0144ski","og_description":"Nasz\u0105 specjalizacj\u0105 s\u0105 uk\u0142ady wydechowe a w\u015br\u00f3d nich taka us\u0142uga jak regeneracja katalizator\u00f3w i filtr\u00f3w DPF Szczecin.","og_url":"https:\/\/kalinski.pl\/serwis\/regeneracja-katalizatorow-i-filtrow-dpf-szczecin\/","og_site_name":"Kali\u0144ski","article_modified_time":"2020-11-10T10:52:00+00:00","og_image":[{"url":"https:\/\/kalinski.pl\/wp-content\/uploads\/Filtry_Kalinski-1-1110x303.png","type":"","width":"","height":""}],"twitter_card":"summary_large_image","twitter_misc":{"Szacowany czas czytania":"2 minuty"},"schema":{"@context":"https:\/\/schema.org","@graph":[{"@type":"WebPage","@id":"https:\/\/kalinski.pl\/serwis\/regeneracja-katalizatorow-i-filtrow-dpf-szczecin\/","url":"https:\/\/kalinski.pl\/serwis\/regeneracja-katalizatorow-i-filtrow-dpf-szczecin\/","name":"Regeneracja katalizator\u00f3w i filtr\u00f3w DPF Szczecin | Kali\u0144ski","isPartOf":{"@id":"https:\/\/kalinski.pl\/serwis\/#website"},"primaryImageOfPage":{"@id":"https:\/\/kalinski.pl\/serwis\/regeneracja-katalizatorow-i-filtrow-dpf-szczecin\/#primaryimage"},"image":{"@id":"https:\/\/kalinski.pl\/serwis\/regeneracja-katalizatorow-i-filtrow-dpf-szczecin\/#primaryimage"},"thumbnailUrl":"https:\/\/kalinski.pl\/wp-content\/uploads\/Filtry_Kalinski-1-1110x303.png","datePublished":"2020-11-10T09:47:33+00:00","dateModified":"2020-11-10T10:52:00+00:00","description":"Nasz\u0105 specjalizacj\u0105 s\u0105 uk\u0142ady wydechowe a w\u015br\u00f3d nich taka us\u0142uga jak regeneracja katalizator\u00f3w i filtr\u00f3w DPF Szczecin.","breadcrumb":{"@id":"https:\/\/kalinski.pl\/serwis\/regeneracja-katalizatorow-i-filtrow-dpf-szczecin\/#breadcrumb"},"inLanguage":"pl-PL","potentialAction":[{"@type":"ReadAction","target":["https:\/\/kalinski.pl\/serwis\/regeneracja-katalizatorow-i-filtrow-dpf-szczecin\/"]}]},{"@type":"ImageObject","inLanguage":"pl-PL","@id":"https:\/\/kalinski.pl\/serwis\/regeneracja-katalizatorow-i-filtrow-dpf-szczecin\/#primaryimage","url":"https:\/\/kalinski.pl\/wp-content\/uploads\/Filtry_Kalinski-1-1110x303.png","contentUrl":"https:\/\/kalinski.pl\/wp-content\/uploads\/Filtry_Kalinski-1-1110x303.png"},{"@type":"BreadcrumbList","@id":"https:\/\/kalinski.pl\/serwis\/regeneracja-katalizatorow-i-filtrow-dpf-szczecin\/#breadcrumb","itemListElement":[{"@type":"ListItem","position":1,"name":"Strona g\u0142\u00f3wna","item":"https:\/\/kalinski.pl\/serwis\/"},{"@type":"ListItem","position":2,"name":"Regeneracja katalizator\u00f3w i filtr\u00f3w DPF Szczecin"}]},{"@type":"WebSite","@id":"https:\/\/kalinski.pl\/serwis\/#website","url":"https:\/\/kalinski.pl\/serwis\/","name":"Kali\u0144ski","description":"Uk\u0142ady wydechowe","publisher":{"@id":"https:\/\/kalinski.pl\/serwis\/#organization"},"potentialAction":[{"@type":"SearchAction","target":{"@type":"EntryPoint","urlTemplate":"https:\/\/kalinski.pl\/serwis\/?s={search_term_string}"},"query-input":{"@type":"PropertyValueSpecification","valueRequired":true,"valueName":"search_term_string"}}],"inLanguage":"pl-PL"},{"@type":"Organization","@id":"https:\/\/kalinski.pl\/serwis\/#organization","name":"Kali\u0144ski","url":"https:\/\/kalinski.pl\/serwis\/","logo":{"@type":"ImageObject","inLanguage":"pl-PL","@id":"https:\/\/kalinski.pl\/serwis\/#\/schema\/logo\/image\/","url":"https:\/\/kalinski.pl\/serwis\/wp-content\/uploads\/2019\/03\/cropped-logo_white.jpg","contentUrl":"https:\/\/kalinski.pl\/serwis\/wp-content\/uploads\/2019\/03\/cropped-logo_white.jpg","width":240,"height":63,"caption":"Kali\u0144ski"},"image":{"@id":"https:\/\/kalinski.pl\/serwis\/#\/schema\/logo\/image\/"}}]}},"_links":{"self":[{"href":"https:\/\/kalinski.pl\/serwis\/wp-json\/wp\/v2\/pages\/2744","targetHints":{"allow":["GET"]}}],"collection":[{"href":"https:\/\/kalinski.pl\/serwis\/wp-json\/wp\/v2\/pages"}],"about":[{"href":"https:\/\/kalinski.pl\/serwis\/wp-json\/wp\/v2\/types\/page"}],"author":[{"embeddable":true,"href":"https:\/\/kalinski.pl\/serwis\/wp-json\/wp\/v2\/users\/821795"}],"replies":[{"embeddable":true,"href":"https:\/\/kalinski.pl\/serwis\/wp-json\/wp\/v2\/comments?post=2744"}],"version-history":[{"count":0,"href":"https:\/\/kalinski.pl\/serwis\/wp-json\/wp\/v2\/pages\/2744\/revisions"}],"wp:attachment":[{"href":"https:\/\/kalinski.pl\/serwis\/wp-json\/wp\/v2\/media?parent=2744"}],"curies":[{"name":"wp","href":"https:\/\/api.w.org\/{rel}","templated":true}]}}