{"id":2718,"date":"2020-11-03T10:19:08","date_gmt":"2020-11-03T09:19:08","guid":{"rendered":"https:\/\/kalinski.pl\/?page_id=2718"},"modified":"2020-11-03T10:19:08","modified_gmt":"2020-11-03T09:19:08","slug":"regeneracja-katalizatorow-i-filtrow-dpf-grudziadz","status":"publish","type":"page","link":"https:\/\/kalinski.pl\/serwis\/regeneracja-katalizatorow-i-filtrow-dpf-grudziadz\/","title":{"rendered":"Regeneracja katalizator\u00f3w i filtr\u00f3w DPF Grudzi\u0105dz"},"content":{"rendered":"\r\n<figure class=\"wp-block-image size-large\"><img fetchpriority=\"high\" decoding=\"async\" width=\"1110\" height=\"303\" class=\"wp-image-1568\" src=\"https:\/\/kalinski.pl\/wp-content\/uploads\/Filtry_Kalinski-1-1110x303.png\" alt=\"\"><\/figure>\r\n\r\n<p style=\"margin-top: 25px;\" align=\"justify\">Katalizatory to elementy uk\u0142adu wydechowego w pojazdach spalinowych, takich jak auta osobowe, ci\u0119\u017carowe, czy maszyny rolnicze, budowlane. S\u0142u\u017c\u0105 poprawie jako\u015bci powietrza, czyli zmniejszeniu ilo\u015bci emitowanych spalin. Niestety, eksploatacja pojazd\u00f3w sprawia, \u017ce cz\u0119\u015bci te przestaj\u0105 dzia\u0142a\u0107 poprawnie, gdy\u017c zaczyna gromadzi\u0107 si\u0119 w nich sadza i inne zabrudzenia. Nasza firma zajmuje si\u0119 nie tylko sprzeda\u017c\u0105 filtr\u00f3w DPF i katalizator\u00f3w, ale tak\u017ce ich czyszczeniem oraz regeneracj\u0105. <strong>Regeneracja katalizator\u00f3w Grudzi\u0105dz<\/strong> to inaczej <strong>czyszczenie katalizator\u00f3w Grudzi\u0105dz.<\/strong> Jest to proces, w kt\u00f3rym czyszczone s\u0105 zalegaj\u0105ce drobinki sadzy, kt\u00f3re zbieraj\u0105 si\u0119 podczas eksploatacji pojazdu.<\/p>\r\n<p align=\"justify\">Regeneracji s\u0142u\u017cy <strong>wypalanie katalizator\u00f3w Grudzi\u0105dz<\/strong>, kt\u00f3re jest najefektywniejszym sposobem na pozbycie si\u0119 sadzy. Do wypalania s\u0142u\u017cy specjalny piec marki Hartridge, kt\u00f3re rekomenduj\u0105 najwi\u0119ksi producenci aut oraz cz\u0119\u015bci samochodowych. Jest to specjalistyczne urz\u0105dzenie, w kt\u00f3rym \u201cna sucho\u201d, w bardzo wysokiej temperaturze zgromadzona w mikrokanalikach sadza spalana jest na popi\u00f3\u0142. Nast\u0119pnie zgliszcza wydmuchiwane s\u0105 z katalizator\u00f3w i filtr\u00f3w przy pomocy spr\u0119\u017conego powietrza. Firma Kali\u0144ski nie stosuje wyp\u0142ukiwania zanieczyszcze\u0144 wod\u0105, poniewa\u017c podczas tego procesu usuwana jest nie tylko sadza, ale tak\u017ce niezb\u0119dne do prawid\u0142owego funkcjonowania filtr\u00f3w, metale.<\/p>\r\n<p align=\"justify\"><strong>Czyszczenie filtr\u00f3w DPF (Grudzi\u0105dz)<\/strong> jest niezb\u0119dne, je\u015bli chc\u0105 Pa\u0144stwo utrzyma\u0107 sw\u00f3j pojazd w pe\u0142nej sprawno\u015bci. Firm\u0119 Kali\u0144ski tworz\u0105 do\u015bwiadczeni fachowcy, kt\u00f3rzy z pasj\u0105 zajmuj\u0105 si\u0119 ka\u017cdym procesem maj\u0105cym na celu usprawnienie pojazdu. Dlatego <strong>regeneracja DPF Grudzi\u0105dz<\/strong> odbywa si\u0119 na najwy\u017cszym poziomie, dzi\u0119ki czemu mog\u0105 Pa\u0144stwo cieszy\u0107 si\u0119 d\u0142ugimi podr\u00f3\u017cami z minimaln\u0105 emisj\u0105 szkodliwych spalin. Wystarczy przekaza\u0107 nam niesprawny katalizator lub filtr DPF, sprawdzimy jego stan techniczny, zregenerujemy je, je\u015bli b\u0119dzie to mo\u017cliwe i ode\u015blemy Pa\u0144stwu na wskazany adres. Nasze produkty i us\u0142ugi jeste\u015bmy w stanie dostarcza\u0107 wsz\u0119dzie tam, gdzie dotrze kurier. Dlatego dotrzemy r\u00f3wnie\u017c do Pa\u0144stwa.<\/p>\r\n\r\n<div class=\"wp-block-columns is-layout-flex wp-container-core-columns-is-layout-1 wp-block-columns-is-layout-flex\">\r\n<div class=\"wp-block-column is-layout-flow wp-block-column-is-layout-flow\">\r\n<p><strong>Kali\u0144ski<\/strong><\/p>\r\n\r\n\r\n<p>ul. Szamotulska 40<\/p>\r\n\r\n\r\n<p>62-081 Chyby \/ Pozna\u0144<\/p>\r\n\r\n\r\n<p><strong>Sklep internetowy<\/strong><\/p>\r\n\r\n\r\n<p><a href=\"tel:0048691545545\">+48 691 545 545<\/a><\/p>\r\n\r\n\r\n<p><a>sklep@kalinski.pl<\/a><\/p>\r\n\r\n\r\n<p><strong>Serwis stacjonarny<\/strong><\/p>\r\n\r\n\r\n<p><a href=\"tel:004861 8142777\">+48 61 814 27 77<\/a><\/p>\r\n\r\n\r\n<p><a>serwis@kalinski.pl<\/a><\/p>\r\n<\/div>\r\n\r\n\r\n<div class=\"wp-block-column is-layout-flow wp-block-column-is-layout-flow\"> [contact-form-7 id=&#8221;2271&#8243; title=&#8221;Formularz 1_copy&#8221;] <\/div>\r\n<\/div>\r\n\r\n\r\n<p><iframe style=\"border: 0;\" tabindex=\"0\" src=\"https:\/\/www.google.com\/maps\/embed?pb=!1m18!1m12!1m3!1d2431.024961043721!2d16.7608539158053!3d52.460575379803046!2m3!1f0!2f0!3f0!3m2!1i1024!2i768!4f13.1!3m3!1m2!1s0x470441321c9562cb%3A0xee0284f60b138572!2sSzamotulska%2040%2C%2062-081%20Chyby!5e0!3m2!1spl!2spl!4v1598862248906!5m2!1spl!2spl\" width=\"100%\" height=\"400\" frameborder=\"0\" allowfullscreen=\"allowfullscreen\" aria-hidden=\"false\"><span data-mce-type=\"bookmark\" style=\"display: inline-block; width: 0px; overflow: hidden; line-height: 0;\" class=\"mce_SELRES_start\">\ufeff<\/span><\/iframe><\/p>\r\n\r\n","protected":false},"excerpt":{"rendered":"<p>Katalizatory to elementy uk\u0142adu wydechowego w pojazdach spalinowych, takich jak auta osobowe, ci\u0119\u017carowe, czy maszyny rolnicze, budowlane. S\u0142u\u017c\u0105 poprawie jako\u015bci powietrza, czyli zmniejszeniu ilo\u015bci emitowanych spalin. Niestety, eksploatacja pojazd\u00f3w sprawia, \u017ce cz\u0119\u015bci te przestaj\u0105 dzia\u0142a\u0107 poprawnie, gdy\u017c zaczyna gromadzi\u0107 si\u0119 w nich sadza i inne zabrudzenia. Nasza firma zajmuje si\u0119 nie tylko sprzeda\u017c\u0105 filtr\u00f3w DPF &hellip; <a href=\"https:\/\/kalinski.pl\/serwis\/regeneracja-katalizatorow-i-filtrow-dpf-grudziadz\/\" class=\"more-link\">Czytaj dalej<span class=\"screen-reader-text\"> Regeneracja katalizator\u00f3w i filtr\u00f3w DPF Grudzi\u0105dz<\/span><\/a><\/p>\n","protected":false},"author":821795,"featured_media":0,"parent":0,"menu_order":0,"comment_status":"closed","ping_status":"closed","template":"","meta":{"footnotes":""},"class_list":["post-2718","page","type-page","status-publish","hentry"],"yoast_head":"<!-- This site is optimized with the Yoast SEO plugin v26.7 - https:\/\/yoast.com\/wordpress\/plugins\/seo\/ -->\n<title>Regeneracja katalizator\u00f3w i filtr\u00f3w DPF Grudzi\u0105dz | Kali\u0144ski<\/title>\n<meta name=\"description\" content=\"Jako firma Kali\u0144ski - Uk\u0142ady Wydechowe \u015bwiadczymy r\u00f3\u017cne us\u0142ugi, m.in. z zakresu regeneracji katalizator\u00f3w i filtr\u00f3w DPF Grudzi\u0105dz\" \/>\n<meta name=\"robots\" content=\"index, follow, max-snippet:-1, max-image-preview:large, max-video-preview:-1\" \/>\n<link rel=\"canonical\" href=\"https:\/\/kalinski.pl\/serwis\/regeneracja-katalizatorow-i-filtrow-dpf-grudziadz\/\" \/>\n<meta property=\"og:locale\" content=\"pl_PL\" \/>\n<meta property=\"og:type\" content=\"article\" \/>\n<meta property=\"og:title\" content=\"Regeneracja katalizator\u00f3w i filtr\u00f3w DPF Grudzi\u0105dz | Kali\u0144ski\" \/>\n<meta property=\"og:description\" content=\"Jako firma Kali\u0144ski - Uk\u0142ady Wydechowe \u015bwiadczymy r\u00f3\u017cne us\u0142ugi, m.in. z zakresu regeneracji katalizator\u00f3w i filtr\u00f3w DPF Grudzi\u0105dz\" \/>\n<meta property=\"og:url\" content=\"https:\/\/kalinski.pl\/serwis\/regeneracja-katalizatorow-i-filtrow-dpf-grudziadz\/\" \/>\n<meta property=\"og:site_name\" content=\"Kali\u0144ski\" \/>\n<meta property=\"og:image\" content=\"https:\/\/kalinski.pl\/wp-content\/uploads\/Filtry_Kalinski-1-1110x303.png\" \/>\n<meta name=\"twitter:card\" content=\"summary_large_image\" \/>\n<meta name=\"twitter:label1\" content=\"Szacowany czas czytania\" \/>\n\t<meta name=\"twitter:data1\" content=\"2 minuty\" \/>\n<script type=\"application\/ld+json\" class=\"yoast-schema-graph\">{\"@context\":\"https:\/\/schema.org\",\"@graph\":[{\"@type\":\"WebPage\",\"@id\":\"https:\/\/kalinski.pl\/serwis\/regeneracja-katalizatorow-i-filtrow-dpf-grudziadz\/\",\"url\":\"https:\/\/kalinski.pl\/serwis\/regeneracja-katalizatorow-i-filtrow-dpf-grudziadz\/\",\"name\":\"Regeneracja katalizator\u00f3w i filtr\u00f3w DPF Grudzi\u0105dz | Kali\u0144ski\",\"isPartOf\":{\"@id\":\"https:\/\/kalinski.pl\/serwis\/#website\"},\"primaryImageOfPage\":{\"@id\":\"https:\/\/kalinski.pl\/serwis\/regeneracja-katalizatorow-i-filtrow-dpf-grudziadz\/#primaryimage\"},\"image\":{\"@id\":\"https:\/\/kalinski.pl\/serwis\/regeneracja-katalizatorow-i-filtrow-dpf-grudziadz\/#primaryimage\"},\"thumbnailUrl\":\"https:\/\/kalinski.pl\/wp-content\/uploads\/Filtry_Kalinski-1-1110x303.png\",\"datePublished\":\"2020-11-03T09:19:08+00:00\",\"description\":\"Jako firma Kali\u0144ski - Uk\u0142ady Wydechowe \u015bwiadczymy r\u00f3\u017cne us\u0142ugi, m.in. z zakresu regeneracji katalizator\u00f3w i filtr\u00f3w DPF Grudzi\u0105dz\",\"breadcrumb\":{\"@id\":\"https:\/\/kalinski.pl\/serwis\/regeneracja-katalizatorow-i-filtrow-dpf-grudziadz\/#breadcrumb\"},\"inLanguage\":\"pl-PL\",\"potentialAction\":[{\"@type\":\"ReadAction\",\"target\":[\"https:\/\/kalinski.pl\/serwis\/regeneracja-katalizatorow-i-filtrow-dpf-grudziadz\/\"]}]},{\"@type\":\"ImageObject\",\"inLanguage\":\"pl-PL\",\"@id\":\"https:\/\/kalinski.pl\/serwis\/regeneracja-katalizatorow-i-filtrow-dpf-grudziadz\/#primaryimage\",\"url\":\"https:\/\/kalinski.pl\/wp-content\/uploads\/Filtry_Kalinski-1-1110x303.png\",\"contentUrl\":\"https:\/\/kalinski.pl\/wp-content\/uploads\/Filtry_Kalinski-1-1110x303.png\"},{\"@type\":\"BreadcrumbList\",\"@id\":\"https:\/\/kalinski.pl\/serwis\/regeneracja-katalizatorow-i-filtrow-dpf-grudziadz\/#breadcrumb\",\"itemListElement\":[{\"@type\":\"ListItem\",\"position\":1,\"name\":\"Strona g\u0142\u00f3wna\",\"item\":\"https:\/\/kalinski.pl\/serwis\/\"},{\"@type\":\"ListItem\",\"position\":2,\"name\":\"Regeneracja katalizator\u00f3w i filtr\u00f3w DPF Grudzi\u0105dz\"}]},{\"@type\":\"WebSite\",\"@id\":\"https:\/\/kalinski.pl\/serwis\/#website\",\"url\":\"https:\/\/kalinski.pl\/serwis\/\",\"name\":\"Kali\u0144ski\",\"description\":\"Uk\u0142ady wydechowe\",\"publisher\":{\"@id\":\"https:\/\/kalinski.pl\/serwis\/#organization\"},\"potentialAction\":[{\"@type\":\"SearchAction\",\"target\":{\"@type\":\"EntryPoint\",\"urlTemplate\":\"https:\/\/kalinski.pl\/serwis\/?s={search_term_string}\"},\"query-input\":{\"@type\":\"PropertyValueSpecification\",\"valueRequired\":true,\"valueName\":\"search_term_string\"}}],\"inLanguage\":\"pl-PL\"},{\"@type\":\"Organization\",\"@id\":\"https:\/\/kalinski.pl\/serwis\/#organization\",\"name\":\"Kali\u0144ski\",\"url\":\"https:\/\/kalinski.pl\/serwis\/\",\"logo\":{\"@type\":\"ImageObject\",\"inLanguage\":\"pl-PL\",\"@id\":\"https:\/\/kalinski.pl\/serwis\/#\/schema\/logo\/image\/\",\"url\":\"https:\/\/kalinski.pl\/serwis\/wp-content\/uploads\/2019\/03\/cropped-logo_white.jpg\",\"contentUrl\":\"https:\/\/kalinski.pl\/serwis\/wp-content\/uploads\/2019\/03\/cropped-logo_white.jpg\",\"width\":240,\"height\":63,\"caption\":\"Kali\u0144ski\"},\"image\":{\"@id\":\"https:\/\/kalinski.pl\/serwis\/#\/schema\/logo\/image\/\"}}]}<\/script>\n<!-- \/ Yoast SEO plugin. -->","yoast_head_json":{"title":"Regeneracja katalizator\u00f3w i filtr\u00f3w DPF Grudzi\u0105dz | Kali\u0144ski","description":"Jako firma Kali\u0144ski - Uk\u0142ady Wydechowe \u015bwiadczymy r\u00f3\u017cne us\u0142ugi, m.in. z zakresu regeneracji katalizator\u00f3w i filtr\u00f3w DPF Grudzi\u0105dz","robots":{"index":"index","follow":"follow","max-snippet":"max-snippet:-1","max-image-preview":"max-image-preview:large","max-video-preview":"max-video-preview:-1"},"canonical":"https:\/\/kalinski.pl\/serwis\/regeneracja-katalizatorow-i-filtrow-dpf-grudziadz\/","og_locale":"pl_PL","og_type":"article","og_title":"Regeneracja katalizator\u00f3w i filtr\u00f3w DPF Grudzi\u0105dz | Kali\u0144ski","og_description":"Jako firma Kali\u0144ski - Uk\u0142ady Wydechowe \u015bwiadczymy r\u00f3\u017cne us\u0142ugi, m.in. z zakresu regeneracji katalizator\u00f3w i filtr\u00f3w DPF Grudzi\u0105dz","og_url":"https:\/\/kalinski.pl\/serwis\/regeneracja-katalizatorow-i-filtrow-dpf-grudziadz\/","og_site_name":"Kali\u0144ski","og_image":[{"url":"https:\/\/kalinski.pl\/wp-content\/uploads\/Filtry_Kalinski-1-1110x303.png","type":"","width":"","height":""}],"twitter_card":"summary_large_image","twitter_misc":{"Szacowany czas czytania":"2 minuty"},"schema":{"@context":"https:\/\/schema.org","@graph":[{"@type":"WebPage","@id":"https:\/\/kalinski.pl\/serwis\/regeneracja-katalizatorow-i-filtrow-dpf-grudziadz\/","url":"https:\/\/kalinski.pl\/serwis\/regeneracja-katalizatorow-i-filtrow-dpf-grudziadz\/","name":"Regeneracja katalizator\u00f3w i filtr\u00f3w DPF Grudzi\u0105dz | Kali\u0144ski","isPartOf":{"@id":"https:\/\/kalinski.pl\/serwis\/#website"},"primaryImageOfPage":{"@id":"https:\/\/kalinski.pl\/serwis\/regeneracja-katalizatorow-i-filtrow-dpf-grudziadz\/#primaryimage"},"image":{"@id":"https:\/\/kalinski.pl\/serwis\/regeneracja-katalizatorow-i-filtrow-dpf-grudziadz\/#primaryimage"},"thumbnailUrl":"https:\/\/kalinski.pl\/wp-content\/uploads\/Filtry_Kalinski-1-1110x303.png","datePublished":"2020-11-03T09:19:08+00:00","description":"Jako firma Kali\u0144ski - Uk\u0142ady Wydechowe \u015bwiadczymy r\u00f3\u017cne us\u0142ugi, m.in. z zakresu regeneracji katalizator\u00f3w i filtr\u00f3w DPF Grudzi\u0105dz","breadcrumb":{"@id":"https:\/\/kalinski.pl\/serwis\/regeneracja-katalizatorow-i-filtrow-dpf-grudziadz\/#breadcrumb"},"inLanguage":"pl-PL","potentialAction":[{"@type":"ReadAction","target":["https:\/\/kalinski.pl\/serwis\/regeneracja-katalizatorow-i-filtrow-dpf-grudziadz\/"]}]},{"@type":"ImageObject","inLanguage":"pl-PL","@id":"https:\/\/kalinski.pl\/serwis\/regeneracja-katalizatorow-i-filtrow-dpf-grudziadz\/#primaryimage","url":"https:\/\/kalinski.pl\/wp-content\/uploads\/Filtry_Kalinski-1-1110x303.png","contentUrl":"https:\/\/kalinski.pl\/wp-content\/uploads\/Filtry_Kalinski-1-1110x303.png"},{"@type":"BreadcrumbList","@id":"https:\/\/kalinski.pl\/serwis\/regeneracja-katalizatorow-i-filtrow-dpf-grudziadz\/#breadcrumb","itemListElement":[{"@type":"ListItem","position":1,"name":"Strona g\u0142\u00f3wna","item":"https:\/\/kalinski.pl\/serwis\/"},{"@type":"ListItem","position":2,"name":"Regeneracja katalizator\u00f3w i filtr\u00f3w DPF Grudzi\u0105dz"}]},{"@type":"WebSite","@id":"https:\/\/kalinski.pl\/serwis\/#website","url":"https:\/\/kalinski.pl\/serwis\/","name":"Kali\u0144ski","description":"Uk\u0142ady wydechowe","publisher":{"@id":"https:\/\/kalinski.pl\/serwis\/#organization"},"potentialAction":[{"@type":"SearchAction","target":{"@type":"EntryPoint","urlTemplate":"https:\/\/kalinski.pl\/serwis\/?s={search_term_string}"},"query-input":{"@type":"PropertyValueSpecification","valueRequired":true,"valueName":"search_term_string"}}],"inLanguage":"pl-PL"},{"@type":"Organization","@id":"https:\/\/kalinski.pl\/serwis\/#organization","name":"Kali\u0144ski","url":"https:\/\/kalinski.pl\/serwis\/","logo":{"@type":"ImageObject","inLanguage":"pl-PL","@id":"https:\/\/kalinski.pl\/serwis\/#\/schema\/logo\/image\/","url":"https:\/\/kalinski.pl\/serwis\/wp-content\/uploads\/2019\/03\/cropped-logo_white.jpg","contentUrl":"https:\/\/kalinski.pl\/serwis\/wp-content\/uploads\/2019\/03\/cropped-logo_white.jpg","width":240,"height":63,"caption":"Kali\u0144ski"},"image":{"@id":"https:\/\/kalinski.pl\/serwis\/#\/schema\/logo\/image\/"}}]}},"_links":{"self":[{"href":"https:\/\/kalinski.pl\/serwis\/wp-json\/wp\/v2\/pages\/2718","targetHints":{"allow":["GET"]}}],"collection":[{"href":"https:\/\/kalinski.pl\/serwis\/wp-json\/wp\/v2\/pages"}],"about":[{"href":"https:\/\/kalinski.pl\/serwis\/wp-json\/wp\/v2\/types\/page"}],"author":[{"embeddable":true,"href":"https:\/\/kalinski.pl\/serwis\/wp-json\/wp\/v2\/users\/821795"}],"replies":[{"embeddable":true,"href":"https:\/\/kalinski.pl\/serwis\/wp-json\/wp\/v2\/comments?post=2718"}],"version-history":[{"count":0,"href":"https:\/\/kalinski.pl\/serwis\/wp-json\/wp\/v2\/pages\/2718\/revisions"}],"wp:attachment":[{"href":"https:\/\/kalinski.pl\/serwis\/wp-json\/wp\/v2\/media?parent=2718"}],"curies":[{"name":"wp","href":"https:\/\/api.w.org\/{rel}","templated":true}]}}