{"id":2689,"date":"2020-10-27T12:26:10","date_gmt":"2020-10-27T11:26:10","guid":{"rendered":"https:\/\/kalinski.pl\/?page_id=2689"},"modified":"2020-10-27T13:18:34","modified_gmt":"2020-10-27T12:18:34","slug":"regeneracja-katalizatorow-i-filtrow-dpf-brzesko","status":"publish","type":"page","link":"https:\/\/kalinski.pl\/serwis\/regeneracja-katalizatorow-i-filtrow-dpf-brzesko\/","title":{"rendered":"Regeneracja katalizator\u00f3w i filtr\u00f3w DPF Brzesko"},"content":{"rendered":"\n<figure class=\"wp-block-image size-large\"><img fetchpriority=\"high\" decoding=\"async\" width=\"1110\" height=\"303\" src=\"https:\/\/kalinski.pl\/wp-content\/uploads\/Filtry_Kalinski-1-1110x303.png\" alt=\"\" class=\"wp-image-1568\"\/><\/figure>\n\n\n\n<p align=\"justify\">Usterki uk\u0142adu wydechowego cz\u0119sto bior\u0105 si\u0119 z niew\u0142a\u015bciwej pracy katalizatora lub filtru cz\u0105stek sta\u0142ych. Dlaczego te elementy s\u0105 tak podatne na awarie? Wynika to w g\u0142\u00f3wnej mierze z faktu, \u017ce w ich wn\u0119trzu gromadz\u0105 si\u0119 drobiny spalin i innych zanieczyszcze\u0144. Z czasem ich ilo\u015b\u0107 doprowadza do cz\u0119\u015bciowej niedro\u017cno\u015bci, a nawet ca\u0142kowitego zapchania katalizatora lub filtru. W\u00f3wczas jedynym rozwi\u0105zaniem, poza zakupem nowej cz\u0119\u015bci, okazuje si\u0119 <b>regeneracja katalizator\u00f3w Brzesko <\/b>oraz <b>regeneracja DPF Brzesko. <\/b><\/p>\n\n\n\n<p>Na czym polegaj\u0105 obydwa procesy? G\u0142\u00f3wnym za\u0142o\u017ceniem regeneracji jest przywr\u00f3cenie katalizatorowi lub filtrowi cz\u0105stek sta\u0142ych pe\u0142nej sprawno\u015bci. Mo\u017cna to osi\u0105gn\u0105\u0107 na dwa sposoby. Pierwszych z nich jest dok\u0142adne czyszczenie zabrudzonego egzemplarza. Je\u017celi chodzi o <strong>czyszczenie katalizator\u00f3w Brzesko, <\/strong>nasza firma wykonuje je wy\u0142\u0105cznie w przypadku cz\u0119\u015bci montowanych w samochodach ci\u0119\u017carowych. Czyszczenie polega na pozbyciu si\u0119 zanieczyszcze\u0144 przy pomocy specjalnej maszyny Hartridge. Umo\u017cliwia ona usuni\u0119cie brudu za spraw\u0105 powietrza pod ci\u015bnieniem, kt\u00f3re skutecznie wydmuchuje sadz\u0119 i popi\u00f3\u0142. Maszyna Hartridge umo\u017cliwia r\u00f3wnie\u017c <strong>wypalanie katalizator\u00f3w Brzesko. <\/strong>Wysoka temperatura doskonale radzi sobie z wi\u0119kszo\u015bci\u0105 zabrudze\u0144. Dopiero gdy obydwie wymienione metody zawiod\u0105, korzystamy z drugiego sposobu, czyli wymiany wk\u0142adu. Monta\u017c nowego wk\u0142adu przywraca cz\u0119\u015bci pe\u0142n\u0105 sprawno\u015b\u0107, o ile nie ma ona \u017cadnych uszkodze\u0144 mechanicznych. Co istotne, wymiana wk\u0142adu jest podstawow\u0105 metod\u0105 regeneracji katalizator\u00f3w montowanych w autach osobowych.<\/p>\n\n\n\n<p><strong>Czyszczenie filtr\u00f3w DPF Brzesko<\/strong> wygl\u0105da bardzo podobnie. Wi\u0119kszo\u015b\u0107 zapchanych egzemplarzy odzyskuje sprawno\u015b\u0107 ju\u017c po samym wyczyszczeniu. Pozosta\u0142e sprawne technicznie filtry mo\u017cna zregenerowa\u0107 poprzez wymian\u0119 wk\u0142adu. Dotyczy to zar\u00f3wno filtr\u00f3w stosowanych w samochodach osobowych, jak i ci\u0119\u017carowych.<\/p>\n\n\n\n<p>Mieszka\u0144cy Brzeska i okolicznych miejscowo\u015bci mog\u0105 skorzysta\u0107 z naszego systemu sprzeda\u017cy wysy\u0142kowej. Dzi\u0119ki temu produkty marki Kali\u0144ski dotr\u0105 do Pa\u0144stwa szybko i bezpieczenie. Zach\u0119camy do zapoznania si\u0119 z nasz\u0105 ofert\u0105.<\/p>\n\n\n\n<div class=\"wp-block-columns is-layout-flex wp-container-core-columns-is-layout-1 wp-block-columns-is-layout-flex\">\n<div class=\"wp-block-column is-layout-flow wp-block-column-is-layout-flow\">\n<div class=\"k_box\" style=\"float:right;\">\n<div class=\"k_box_left\"><img decoding=\"async\" class=\"alignnone size-full wp-image-152\" src=\"https:\/\/kalinski.pl\/wp-content\/uploads\/2019\/04\/k_mateuszl.jpg\" alt=\"\" width=\"95\" height=\"161\"><\/div>\n<div class=\"k_box_right\">\n<div class=\"kbr_1\">Katalizatory, filtry FAP\/DPF<\/div>\n<div class=\"kbr_2\">Mateusz<\/div>\n<div class=\"kbr_2\"><a class=\"phone\" href=\"tel:0048618142777\">+48 61 814 27 77 \/ wew 101<\/a><\/div>\n<div class=\"kbr_3\"><a href=\"mailto:biuro@kalinski.pl\">biuro@kalinski.pl<\/a><\/div>\n<\/div>\n<\/div>\n<\/div>\n\n\n\n<div class=\"wp-block-column is-layout-flow wp-block-column-is-layout-flow\">\n<div class=\"k_box\" style=\"float:left;\">\n<div class=\"k_box_left\"><img decoding=\"async\" class=\"alignnone size-full wp-image-152\" src=\"https:\/\/kalinski.pl\/wp-content\/uploads\/2019\/04\/k_adamc.jpg\" alt=\"\" width=\"95\" height=\"161\"><\/div>\n<div class=\"k_box_right\">\n<div class=\"kbr_1\">Pojazdy ci\u0119\u017carowe<\/div>\n<div class=\"kbr_2\">Adam<\/div>\n<div class=\"kbr_2\"><a class=\"phone\" href=\"tel:0048618142777\">+48 61 814 27 77 \/ wew 102<\/a><\/div>\n<div class=\"kbr_3\"><a href=\"mailto:ciezarowe@kalinski.pl\">ciezarowe@kalinski.pl<\/a><\/div>\n<\/div>\n<\/div>\n<\/div>\n<\/div>\n\n\n\n<iframe src=\"https:\/\/www.google.com\/maps\/embed?pb=!1m14!1m8!1m3!1d2891.0189752303836!2d16.761502335364135!3d52.46016731732493!3m2!1i1024!2i768!4f13.1!3m3!1m2!1s0x470441321c9562cb%3A0xee0284f60b138572!2sSzamotulska%2040%2C%2062-081%20Chyby!5e0!3m2!1spl!2spl!4v1599035144301!5m2!1spl!2spl\" style=\"border:0;\" allowfullscreen=\"\" aria-hidden=\"false\" tabindex=\"0\" width=\"100%\" height=\"450\" frameborder=\"0\"><\/iframe>\n","protected":false},"excerpt":{"rendered":"<p>Usterki uk\u0142adu wydechowego cz\u0119sto bior\u0105 si\u0119 z niew\u0142a\u015bciwej pracy katalizatora lub filtru cz\u0105stek sta\u0142ych. Dlaczego te elementy s\u0105 tak podatne na awarie? Wynika to w g\u0142\u00f3wnej mierze z faktu, \u017ce w ich wn\u0119trzu gromadz\u0105 si\u0119 drobiny spalin i innych zanieczyszcze\u0144. Z czasem ich ilo\u015b\u0107 doprowadza do cz\u0119\u015bciowej niedro\u017cno\u015bci, a nawet ca\u0142kowitego zapchania katalizatora lub filtru. &hellip; <a href=\"https:\/\/kalinski.pl\/serwis\/regeneracja-katalizatorow-i-filtrow-dpf-brzesko\/\" class=\"more-link\">Czytaj dalej<span class=\"screen-reader-text\"> Regeneracja katalizator\u00f3w i filtr\u00f3w DPF Brzesko<\/span><\/a><\/p>\n","protected":false},"author":821794,"featured_media":0,"parent":0,"menu_order":0,"comment_status":"closed","ping_status":"closed","template":"","meta":{"footnotes":""},"class_list":["post-2689","page","type-page","status-publish","hentry"],"yoast_head":"<!-- This site is optimized with the Yoast SEO plugin v26.7 - https:\/\/yoast.com\/wordpress\/plugins\/seo\/ -->\n<title>Regeneracja katalizator\u00f3w i filtr\u00f3w DPF Brzesko | Kali\u0144ski<\/title>\n<meta name=\"robots\" content=\"index, follow, max-snippet:-1, max-image-preview:large, max-video-preview:-1\" \/>\n<link rel=\"canonical\" href=\"https:\/\/kalinski.pl\/serwis\/regeneracja-katalizatorow-i-filtrow-dpf-brzesko\/\" \/>\n<meta property=\"og:locale\" content=\"pl_PL\" \/>\n<meta property=\"og:type\" content=\"article\" \/>\n<meta property=\"og:title\" content=\"Regeneracja katalizator\u00f3w i filtr\u00f3w DPF Brzesko | Kali\u0144ski\" \/>\n<meta property=\"og:description\" content=\"Usterki uk\u0142adu wydechowego cz\u0119sto bior\u0105 si\u0119 z niew\u0142a\u015bciwej pracy katalizatora lub filtru cz\u0105stek sta\u0142ych. Dlaczego te elementy s\u0105 tak podatne na awarie? Wynika to w g\u0142\u00f3wnej mierze z faktu, \u017ce w ich wn\u0119trzu gromadz\u0105 si\u0119 drobiny spalin i innych zanieczyszcze\u0144. Z czasem ich ilo\u015b\u0107 doprowadza do cz\u0119\u015bciowej niedro\u017cno\u015bci, a nawet ca\u0142kowitego zapchania katalizatora lub filtru. &hellip; Czytaj dalej Regeneracja katalizator\u00f3w i filtr\u00f3w DPF Brzesko\" \/>\n<meta property=\"og:url\" content=\"https:\/\/kalinski.pl\/serwis\/regeneracja-katalizatorow-i-filtrow-dpf-brzesko\/\" \/>\n<meta property=\"og:site_name\" content=\"Kali\u0144ski\" \/>\n<meta property=\"article:modified_time\" content=\"2020-10-27T12:18:34+00:00\" \/>\n<meta property=\"og:image\" content=\"https:\/\/kalinski.pl\/wp-content\/uploads\/Filtry_Kalinski-1-1110x303.png\" \/>\n<meta name=\"twitter:card\" content=\"summary_large_image\" \/>\n<meta name=\"twitter:label1\" content=\"Szacowany czas czytania\" \/>\n\t<meta name=\"twitter:data1\" content=\"2 minuty\" \/>\n<script type=\"application\/ld+json\" class=\"yoast-schema-graph\">{\"@context\":\"https:\/\/schema.org\",\"@graph\":[{\"@type\":\"WebPage\",\"@id\":\"https:\/\/kalinski.pl\/serwis\/regeneracja-katalizatorow-i-filtrow-dpf-brzesko\/\",\"url\":\"https:\/\/kalinski.pl\/serwis\/regeneracja-katalizatorow-i-filtrow-dpf-brzesko\/\",\"name\":\"Regeneracja katalizator\u00f3w i filtr\u00f3w DPF Brzesko | Kali\u0144ski\",\"isPartOf\":{\"@id\":\"https:\/\/kalinski.pl\/serwis\/#website\"},\"primaryImageOfPage\":{\"@id\":\"https:\/\/kalinski.pl\/serwis\/regeneracja-katalizatorow-i-filtrow-dpf-brzesko\/#primaryimage\"},\"image\":{\"@id\":\"https:\/\/kalinski.pl\/serwis\/regeneracja-katalizatorow-i-filtrow-dpf-brzesko\/#primaryimage\"},\"thumbnailUrl\":\"https:\/\/kalinski.pl\/wp-content\/uploads\/Filtry_Kalinski-1-1110x303.png\",\"datePublished\":\"2020-10-27T11:26:10+00:00\",\"dateModified\":\"2020-10-27T12:18:34+00:00\",\"breadcrumb\":{\"@id\":\"https:\/\/kalinski.pl\/serwis\/regeneracja-katalizatorow-i-filtrow-dpf-brzesko\/#breadcrumb\"},\"inLanguage\":\"pl-PL\",\"potentialAction\":[{\"@type\":\"ReadAction\",\"target\":[\"https:\/\/kalinski.pl\/serwis\/regeneracja-katalizatorow-i-filtrow-dpf-brzesko\/\"]}]},{\"@type\":\"ImageObject\",\"inLanguage\":\"pl-PL\",\"@id\":\"https:\/\/kalinski.pl\/serwis\/regeneracja-katalizatorow-i-filtrow-dpf-brzesko\/#primaryimage\",\"url\":\"https:\/\/kalinski.pl\/wp-content\/uploads\/Filtry_Kalinski-1-1110x303.png\",\"contentUrl\":\"https:\/\/kalinski.pl\/wp-content\/uploads\/Filtry_Kalinski-1-1110x303.png\"},{\"@type\":\"BreadcrumbList\",\"@id\":\"https:\/\/kalinski.pl\/serwis\/regeneracja-katalizatorow-i-filtrow-dpf-brzesko\/#breadcrumb\",\"itemListElement\":[{\"@type\":\"ListItem\",\"position\":1,\"name\":\"Strona g\u0142\u00f3wna\",\"item\":\"https:\/\/kalinski.pl\/serwis\/\"},{\"@type\":\"ListItem\",\"position\":2,\"name\":\"Regeneracja katalizator\u00f3w i filtr\u00f3w DPF Brzesko\"}]},{\"@type\":\"WebSite\",\"@id\":\"https:\/\/kalinski.pl\/serwis\/#website\",\"url\":\"https:\/\/kalinski.pl\/serwis\/\",\"name\":\"Kali\u0144ski\",\"description\":\"Uk\u0142ady wydechowe\",\"publisher\":{\"@id\":\"https:\/\/kalinski.pl\/serwis\/#organization\"},\"potentialAction\":[{\"@type\":\"SearchAction\",\"target\":{\"@type\":\"EntryPoint\",\"urlTemplate\":\"https:\/\/kalinski.pl\/serwis\/?s={search_term_string}\"},\"query-input\":{\"@type\":\"PropertyValueSpecification\",\"valueRequired\":true,\"valueName\":\"search_term_string\"}}],\"inLanguage\":\"pl-PL\"},{\"@type\":\"Organization\",\"@id\":\"https:\/\/kalinski.pl\/serwis\/#organization\",\"name\":\"Kali\u0144ski\",\"url\":\"https:\/\/kalinski.pl\/serwis\/\",\"logo\":{\"@type\":\"ImageObject\",\"inLanguage\":\"pl-PL\",\"@id\":\"https:\/\/kalinski.pl\/serwis\/#\/schema\/logo\/image\/\",\"url\":\"https:\/\/kalinski.pl\/serwis\/wp-content\/uploads\/2019\/03\/cropped-logo_white.jpg\",\"contentUrl\":\"https:\/\/kalinski.pl\/serwis\/wp-content\/uploads\/2019\/03\/cropped-logo_white.jpg\",\"width\":240,\"height\":63,\"caption\":\"Kali\u0144ski\"},\"image\":{\"@id\":\"https:\/\/kalinski.pl\/serwis\/#\/schema\/logo\/image\/\"}}]}<\/script>\n<!-- \/ Yoast SEO plugin. -->","yoast_head_json":{"title":"Regeneracja katalizator\u00f3w i filtr\u00f3w DPF Brzesko | Kali\u0144ski","robots":{"index":"index","follow":"follow","max-snippet":"max-snippet:-1","max-image-preview":"max-image-preview:large","max-video-preview":"max-video-preview:-1"},"canonical":"https:\/\/kalinski.pl\/serwis\/regeneracja-katalizatorow-i-filtrow-dpf-brzesko\/","og_locale":"pl_PL","og_type":"article","og_title":"Regeneracja katalizator\u00f3w i filtr\u00f3w DPF Brzesko | Kali\u0144ski","og_description":"Usterki uk\u0142adu wydechowego cz\u0119sto bior\u0105 si\u0119 z niew\u0142a\u015bciwej pracy katalizatora lub filtru cz\u0105stek sta\u0142ych. Dlaczego te elementy s\u0105 tak podatne na awarie? Wynika to w g\u0142\u00f3wnej mierze z faktu, \u017ce w ich wn\u0119trzu gromadz\u0105 si\u0119 drobiny spalin i innych zanieczyszcze\u0144. Z czasem ich ilo\u015b\u0107 doprowadza do cz\u0119\u015bciowej niedro\u017cno\u015bci, a nawet ca\u0142kowitego zapchania katalizatora lub filtru. &hellip; Czytaj dalej Regeneracja katalizator\u00f3w i filtr\u00f3w DPF Brzesko","og_url":"https:\/\/kalinski.pl\/serwis\/regeneracja-katalizatorow-i-filtrow-dpf-brzesko\/","og_site_name":"Kali\u0144ski","article_modified_time":"2020-10-27T12:18:34+00:00","og_image":[{"url":"https:\/\/kalinski.pl\/wp-content\/uploads\/Filtry_Kalinski-1-1110x303.png","type":"","width":"","height":""}],"twitter_card":"summary_large_image","twitter_misc":{"Szacowany czas czytania":"2 minuty"},"schema":{"@context":"https:\/\/schema.org","@graph":[{"@type":"WebPage","@id":"https:\/\/kalinski.pl\/serwis\/regeneracja-katalizatorow-i-filtrow-dpf-brzesko\/","url":"https:\/\/kalinski.pl\/serwis\/regeneracja-katalizatorow-i-filtrow-dpf-brzesko\/","name":"Regeneracja katalizator\u00f3w i filtr\u00f3w DPF Brzesko | Kali\u0144ski","isPartOf":{"@id":"https:\/\/kalinski.pl\/serwis\/#website"},"primaryImageOfPage":{"@id":"https:\/\/kalinski.pl\/serwis\/regeneracja-katalizatorow-i-filtrow-dpf-brzesko\/#primaryimage"},"image":{"@id":"https:\/\/kalinski.pl\/serwis\/regeneracja-katalizatorow-i-filtrow-dpf-brzesko\/#primaryimage"},"thumbnailUrl":"https:\/\/kalinski.pl\/wp-content\/uploads\/Filtry_Kalinski-1-1110x303.png","datePublished":"2020-10-27T11:26:10+00:00","dateModified":"2020-10-27T12:18:34+00:00","breadcrumb":{"@id":"https:\/\/kalinski.pl\/serwis\/regeneracja-katalizatorow-i-filtrow-dpf-brzesko\/#breadcrumb"},"inLanguage":"pl-PL","potentialAction":[{"@type":"ReadAction","target":["https:\/\/kalinski.pl\/serwis\/regeneracja-katalizatorow-i-filtrow-dpf-brzesko\/"]}]},{"@type":"ImageObject","inLanguage":"pl-PL","@id":"https:\/\/kalinski.pl\/serwis\/regeneracja-katalizatorow-i-filtrow-dpf-brzesko\/#primaryimage","url":"https:\/\/kalinski.pl\/wp-content\/uploads\/Filtry_Kalinski-1-1110x303.png","contentUrl":"https:\/\/kalinski.pl\/wp-content\/uploads\/Filtry_Kalinski-1-1110x303.png"},{"@type":"BreadcrumbList","@id":"https:\/\/kalinski.pl\/serwis\/regeneracja-katalizatorow-i-filtrow-dpf-brzesko\/#breadcrumb","itemListElement":[{"@type":"ListItem","position":1,"name":"Strona g\u0142\u00f3wna","item":"https:\/\/kalinski.pl\/serwis\/"},{"@type":"ListItem","position":2,"name":"Regeneracja katalizator\u00f3w i filtr\u00f3w DPF Brzesko"}]},{"@type":"WebSite","@id":"https:\/\/kalinski.pl\/serwis\/#website","url":"https:\/\/kalinski.pl\/serwis\/","name":"Kali\u0144ski","description":"Uk\u0142ady wydechowe","publisher":{"@id":"https:\/\/kalinski.pl\/serwis\/#organization"},"potentialAction":[{"@type":"SearchAction","target":{"@type":"EntryPoint","urlTemplate":"https:\/\/kalinski.pl\/serwis\/?s={search_term_string}"},"query-input":{"@type":"PropertyValueSpecification","valueRequired":true,"valueName":"search_term_string"}}],"inLanguage":"pl-PL"},{"@type":"Organization","@id":"https:\/\/kalinski.pl\/serwis\/#organization","name":"Kali\u0144ski","url":"https:\/\/kalinski.pl\/serwis\/","logo":{"@type":"ImageObject","inLanguage":"pl-PL","@id":"https:\/\/kalinski.pl\/serwis\/#\/schema\/logo\/image\/","url":"https:\/\/kalinski.pl\/serwis\/wp-content\/uploads\/2019\/03\/cropped-logo_white.jpg","contentUrl":"https:\/\/kalinski.pl\/serwis\/wp-content\/uploads\/2019\/03\/cropped-logo_white.jpg","width":240,"height":63,"caption":"Kali\u0144ski"},"image":{"@id":"https:\/\/kalinski.pl\/serwis\/#\/schema\/logo\/image\/"}}]}},"_links":{"self":[{"href":"https:\/\/kalinski.pl\/serwis\/wp-json\/wp\/v2\/pages\/2689","targetHints":{"allow":["GET"]}}],"collection":[{"href":"https:\/\/kalinski.pl\/serwis\/wp-json\/wp\/v2\/pages"}],"about":[{"href":"https:\/\/kalinski.pl\/serwis\/wp-json\/wp\/v2\/types\/page"}],"author":[{"embeddable":true,"href":"https:\/\/kalinski.pl\/serwis\/wp-json\/wp\/v2\/users\/821794"}],"replies":[{"embeddable":true,"href":"https:\/\/kalinski.pl\/serwis\/wp-json\/wp\/v2\/comments?post=2689"}],"version-history":[{"count":0,"href":"https:\/\/kalinski.pl\/serwis\/wp-json\/wp\/v2\/pages\/2689\/revisions"}],"wp:attachment":[{"href":"https:\/\/kalinski.pl\/serwis\/wp-json\/wp\/v2\/media?parent=2689"}],"curies":[{"name":"wp","href":"https:\/\/api.w.org\/{rel}","templated":true}]}}