{"id":2307,"date":"2020-09-21T14:00:09","date_gmt":"2020-09-21T12:00:09","guid":{"rendered":"https:\/\/kalinski.pl\/?page_id=2307"},"modified":"2022-06-14T13:59:56","modified_gmt":"2022-06-14T11:59:56","slug":"regeneracja-katalizatorow-i-filtrow-dpf-oswiecim","status":"publish","type":"page","link":"https:\/\/kalinski.pl\/serwis\/regeneracja-katalizatorow-i-filtrow-dpf-oswiecim\/","title":{"rendered":"Regeneracja katalizator\u00f3w i filtr\u00f3w DPF O\u015bwi\u0119cim"},"content":{"rendered":"\r\n<figure class=\"wp-block-image size-large\"><img fetchpriority=\"high\" decoding=\"async\" width=\"1110\" height=\"303\" class=\"wp-image-1568\" src=\"https:\/\/kalinski.pl\/wp-content\/uploads\/Filtry_Kalinski-1-1110x303.png\" alt=\"\" \/><\/figure>\r\n\r\n\r\n<p style=\"text-align: justify; margin-top: 25px;\">Nasze przedsi\u0119biorstwo dzia\u0142a ju\u017c od wielu lat i od samego pocz\u0105tku \u015bwiadczy r\u00f3\u017cnego rodzaju us\u0142ugi motoryzacyjne. Oferujemy czynno\u015bci, takie jak <strong>regeneracja, czyszczenie oraz wypalanie katalizator\u00f3w, a ponadto r\u00f3wnie\u017c regeneracja i czyszczenie filtr\u00f3w DPF<\/strong>. O\u015bwi\u0119cim jest miejscem, w kt\u00f3rym przeprowadzili\u015bmy ju\u017c bardzo wiele tego typu prac serwisowych, co pozwoli\u0142o nam na zdobycie niezb\u0119dnego do\u015bwiadczenia.<\/p>\r\n\r\n\r\n<h2 style=\"font-size: 16px; text-align: center;\">Szeroka oferta firmy<\/h2>\r\n\r\n\r\n<p style=\"text-align: justify;\">W ramach prowadzonych dzia\u0142a\u0144 oferujemy czynno\u015bci, takie jak na przyk\u0142ad <strong>czyszczenie i regeneracja katalizator\u00f3w<\/strong>. Czynno\u015b\u0107 ta powinna zosta\u0107 wykonana przede wszystkim w chwili zauwa\u017cenia nier\u00f3wnej pracy silnika na biegu ja\u0142owym, zbyt wysokiego spalania oraz spadku mocy pojazdu. Czyszczenie katalizator\u00f3w odbywa si\u0119 zazwyczaj z wykorzystaniem metody hydrodynamicznej. Wi\u0105\u017ce si\u0119 to z konieczno\u015bci\u0105 demonta\u017cu ca\u0142ej cz\u0119\u015bci z samochodu, jednak dzi\u0119ki kadrze do\u015bwiadczonych pracownik\u00f3w tego typu prace jeste\u015bmy w stanie wykona\u0107 niezwykle szybko oraz precyzyjnie.<\/p>\r\n\r\n\r\n<h2 style=\"font-size: 16px; text-align: center;\">Zadbaj o w\u0142a\u015bciw\u0105 prac\u0119 filtra DPF<\/h2>\r\n\r\n\r\n<p>Opr\u00f3cz <strong>regeneracji i czyszczenia katalizator\u00f3w<\/strong> oferta naszej firmy to tak\u017ce <strong>regeneracja DPF<\/strong>. Zadaniem filtra cz\u0105stek sta\u0142ych jest zatrzymanie drobinek sadzy i popio\u0142u wewn\u0105trz uk\u0142adu wydechowego, co pozytywnie wp\u0142ywa przede wszystkim na \u015brodowisko. Filtr DPF jest jednym z najwa\u017cniejszych podzespo\u0142\u00f3w uk\u0142adu wydechowego, dlatego jego odpowiednia praca ma wp\u0142yw na w\u0142a\u015bciwe funkcjonowanie tak\u017ce innych podzespo\u0142\u00f3w w samochodzie. Poza serwisem posiadanych podzespo\u0142\u00f3w oferta naszej firmy to tak\u017ce sprzeda\u017c nowych akcesori\u00f3w motoryzacyjnych.<\/p>\r\n\r\n\r\n<p>Zach\u0119camy do zapoznania si\u0119 z ca\u0142o\u015bci\u0105 oferty naszej firmy oraz do skorzystania z najodpowiedniejszych us\u0142ug dla swoich potrzeb. Posiadamy kadr\u0119 niezwykle do\u015bwiadczonych pracownik\u00f3w, co daje nam pewno\u015b\u0107 sprostania oczekiwaniom nawet najbardziej wymagaj\u0105cych klient\u00f3w. W ramach prowadzonych dzia\u0142a\u0144 <strong>serwisujemy katalizatory oraz czy\u015bcimy filtry DPF<\/strong>, a swoje us\u0142ugi \u015bwiadczymy nie tylko na rzecz samochod\u00f3w osobowych, ale r\u00f3wnie\u017c ci\u0119\u017carowych, motocykli oraz maszyn roboczych.<\/p>\r\n\r\n\r\n<div class=\"wp-block-columns is-layout-flex wp-container-core-columns-is-layout-1 wp-block-columns-is-layout-flex\">\r\n<div class=\"wp-block-column is-layout-flow wp-block-column-is-layout-flow\">\r\n<p><strong>Kali\u0144ski<\/strong><\/p>\r\n\r\n\r\n<p>ul. Szamotulska 40<\/p>\r\n<p>62-081 Chyby \/ Pozna\u0144<\/p>\r\n<p><strong data-rich-text-format-boundary=\"true\">Sklep internetowy<\/strong><\/p>\r\n<p><a href=\"tel:0048691545545\" data-rich-text-format-boundary=\"true\">+48 691 545 545<\/a><\/p>\r\n<p><a data-rich-text-format-boundary=\"true\">sklep@kalinski.pl<\/a><\/p>\r\n<p><strong data-rich-text-format-boundary=\"true\">Serwis stacjonarny<\/strong><\/p>\r\n<p><a href=\"tel:004861 8142777\" data-rich-text-format-boundary=\"true\">+48 61 814 27 77<\/a><\/p>\r\n<p><a data-rich-text-format-boundary=\"true\">serwis@kalinski.pl<\/a><\/p>\r\n<\/div>\r\n\r\n\r\n<div class=\"wp-block-column is-layout-flow wp-block-column-is-layout-flow\"> [contact-form-7 id=&#8221;2271&#8243; title=&#8221;Formularz 1_copy&#8221;] <\/div>\r\n<\/div>\r\n\r\n\r\n\r\n<p><iframe style=\"border: 0;\" tabindex=\"0\" src=\"https:\/\/www.google.com\/maps\/embed?pb=!1m14!1m8!1m3!1d2891.0189752303836!2d16.761502335364135!3d52.46016731732493!3m2!1i1024!2i768!4f13.1!3m3!1m2!1s0x470441321c9562cb%3A0xee0284f60b138572!2sSzamotulska%2040%2C%2062-081%20Chyby!5e0!3m2!1spl!2spl!4v1599035144301!5m2!1spl!2spl\" width=\"100%\" height=\"450\" frameborder=\"0\" allowfullscreen=\"allowfullscreen\" aria-hidden=\"false\"><\/iframe><\/p>\r\n","protected":false},"excerpt":{"rendered":"<p>Nasze przedsi\u0119biorstwo dzia\u0142a ju\u017c od wielu lat i od samego pocz\u0105tku \u015bwiadczy r\u00f3\u017cnego rodzaju us\u0142ugi motoryzacyjne. Oferujemy czynno\u015bci, takie jak regeneracja, czyszczenie oraz wypalanie katalizator\u00f3w, a ponadto r\u00f3wnie\u017c regeneracja i czyszczenie filtr\u00f3w DPF. O\u015bwi\u0119cim jest miejscem, w kt\u00f3rym przeprowadzili\u015bmy ju\u017c bardzo wiele tego typu prac serwisowych, co pozwoli\u0142o nam na zdobycie niezb\u0119dnego do\u015bwiadczenia. Szeroka oferta &hellip; <a href=\"https:\/\/kalinski.pl\/serwis\/regeneracja-katalizatorow-i-filtrow-dpf-oswiecim\/\" class=\"more-link\">Czytaj dalej<span class=\"screen-reader-text\"> Regeneracja katalizator\u00f3w i filtr\u00f3w DPF O\u015bwi\u0119cim<\/span><\/a><\/p>\n","protected":false},"author":821794,"featured_media":0,"parent":0,"menu_order":0,"comment_status":"closed","ping_status":"closed","template":"","meta":{"footnotes":""},"class_list":["post-2307","page","type-page","status-publish","hentry"],"yoast_head":"<!-- This site is optimized with the Yoast SEO plugin v26.7 - https:\/\/yoast.com\/wordpress\/plugins\/seo\/ -->\n<title>Regeneracja katalizator\u00f3w i filtr\u00f3w DPF O\u015bwi\u0119cim | Kali\u0144ski<\/title>\n<meta name=\"robots\" content=\"index, follow, max-snippet:-1, max-image-preview:large, max-video-preview:-1\" \/>\n<link rel=\"canonical\" href=\"https:\/\/kalinski.pl\/serwis\/regeneracja-katalizatorow-i-filtrow-dpf-oswiecim\/\" \/>\n<meta property=\"og:locale\" content=\"pl_PL\" \/>\n<meta property=\"og:type\" content=\"article\" \/>\n<meta property=\"og:title\" content=\"Regeneracja katalizator\u00f3w i filtr\u00f3w DPF O\u015bwi\u0119cim | Kali\u0144ski\" \/>\n<meta property=\"og:description\" content=\"Nasze przedsi\u0119biorstwo dzia\u0142a ju\u017c od wielu lat i od samego pocz\u0105tku \u015bwiadczy r\u00f3\u017cnego rodzaju us\u0142ugi motoryzacyjne. Oferujemy czynno\u015bci, takie jak regeneracja, czyszczenie oraz wypalanie katalizator\u00f3w, a ponadto r\u00f3wnie\u017c regeneracja i czyszczenie filtr\u00f3w DPF. O\u015bwi\u0119cim jest miejscem, w kt\u00f3rym przeprowadzili\u015bmy ju\u017c bardzo wiele tego typu prac serwisowych, co pozwoli\u0142o nam na zdobycie niezb\u0119dnego do\u015bwiadczenia. Szeroka oferta &hellip; Czytaj dalej Regeneracja katalizator\u00f3w i filtr\u00f3w DPF O\u015bwi\u0119cim\" \/>\n<meta property=\"og:url\" content=\"https:\/\/kalinski.pl\/serwis\/regeneracja-katalizatorow-i-filtrow-dpf-oswiecim\/\" \/>\n<meta property=\"og:site_name\" content=\"Kali\u0144ski\" \/>\n<meta property=\"article:modified_time\" content=\"2022-06-14T11:59:56+00:00\" \/>\n<meta property=\"og:image\" content=\"https:\/\/kalinski.pl\/wp-content\/uploads\/Filtry_Kalinski-1-1110x303.png\" \/>\n<meta name=\"twitter:card\" content=\"summary_large_image\" \/>\n<meta name=\"twitter:label1\" content=\"Szacowany czas czytania\" \/>\n\t<meta name=\"twitter:data1\" content=\"2 minuty\" \/>\n<script type=\"application\/ld+json\" class=\"yoast-schema-graph\">{\"@context\":\"https:\/\/schema.org\",\"@graph\":[{\"@type\":\"WebPage\",\"@id\":\"https:\/\/kalinski.pl\/serwis\/regeneracja-katalizatorow-i-filtrow-dpf-oswiecim\/\",\"url\":\"https:\/\/kalinski.pl\/serwis\/regeneracja-katalizatorow-i-filtrow-dpf-oswiecim\/\",\"name\":\"Regeneracja katalizator\u00f3w i filtr\u00f3w DPF O\u015bwi\u0119cim | Kali\u0144ski\",\"isPartOf\":{\"@id\":\"https:\/\/kalinski.pl\/serwis\/#website\"},\"primaryImageOfPage\":{\"@id\":\"https:\/\/kalinski.pl\/serwis\/regeneracja-katalizatorow-i-filtrow-dpf-oswiecim\/#primaryimage\"},\"image\":{\"@id\":\"https:\/\/kalinski.pl\/serwis\/regeneracja-katalizatorow-i-filtrow-dpf-oswiecim\/#primaryimage\"},\"thumbnailUrl\":\"https:\/\/kalinski.pl\/wp-content\/uploads\/Filtry_Kalinski-1-1110x303.png\",\"datePublished\":\"2020-09-21T12:00:09+00:00\",\"dateModified\":\"2022-06-14T11:59:56+00:00\",\"breadcrumb\":{\"@id\":\"https:\/\/kalinski.pl\/serwis\/regeneracja-katalizatorow-i-filtrow-dpf-oswiecim\/#breadcrumb\"},\"inLanguage\":\"pl-PL\",\"potentialAction\":[{\"@type\":\"ReadAction\",\"target\":[\"https:\/\/kalinski.pl\/serwis\/regeneracja-katalizatorow-i-filtrow-dpf-oswiecim\/\"]}]},{\"@type\":\"ImageObject\",\"inLanguage\":\"pl-PL\",\"@id\":\"https:\/\/kalinski.pl\/serwis\/regeneracja-katalizatorow-i-filtrow-dpf-oswiecim\/#primaryimage\",\"url\":\"https:\/\/kalinski.pl\/wp-content\/uploads\/Filtry_Kalinski-1-1110x303.png\",\"contentUrl\":\"https:\/\/kalinski.pl\/wp-content\/uploads\/Filtry_Kalinski-1-1110x303.png\"},{\"@type\":\"BreadcrumbList\",\"@id\":\"https:\/\/kalinski.pl\/serwis\/regeneracja-katalizatorow-i-filtrow-dpf-oswiecim\/#breadcrumb\",\"itemListElement\":[{\"@type\":\"ListItem\",\"position\":1,\"name\":\"Strona g\u0142\u00f3wna\",\"item\":\"https:\/\/kalinski.pl\/serwis\/\"},{\"@type\":\"ListItem\",\"position\":2,\"name\":\"Regeneracja katalizator\u00f3w i filtr\u00f3w DPF O\u015bwi\u0119cim\"}]},{\"@type\":\"WebSite\",\"@id\":\"https:\/\/kalinski.pl\/serwis\/#website\",\"url\":\"https:\/\/kalinski.pl\/serwis\/\",\"name\":\"Kali\u0144ski\",\"description\":\"Uk\u0142ady wydechowe\",\"publisher\":{\"@id\":\"https:\/\/kalinski.pl\/serwis\/#organization\"},\"potentialAction\":[{\"@type\":\"SearchAction\",\"target\":{\"@type\":\"EntryPoint\",\"urlTemplate\":\"https:\/\/kalinski.pl\/serwis\/?s={search_term_string}\"},\"query-input\":{\"@type\":\"PropertyValueSpecification\",\"valueRequired\":true,\"valueName\":\"search_term_string\"}}],\"inLanguage\":\"pl-PL\"},{\"@type\":\"Organization\",\"@id\":\"https:\/\/kalinski.pl\/serwis\/#organization\",\"name\":\"Kali\u0144ski\",\"url\":\"https:\/\/kalinski.pl\/serwis\/\",\"logo\":{\"@type\":\"ImageObject\",\"inLanguage\":\"pl-PL\",\"@id\":\"https:\/\/kalinski.pl\/serwis\/#\/schema\/logo\/image\/\",\"url\":\"https:\/\/kalinski.pl\/serwis\/wp-content\/uploads\/2019\/03\/cropped-logo_white.jpg\",\"contentUrl\":\"https:\/\/kalinski.pl\/serwis\/wp-content\/uploads\/2019\/03\/cropped-logo_white.jpg\",\"width\":240,\"height\":63,\"caption\":\"Kali\u0144ski\"},\"image\":{\"@id\":\"https:\/\/kalinski.pl\/serwis\/#\/schema\/logo\/image\/\"}}]}<\/script>\n<!-- \/ Yoast SEO plugin. -->","yoast_head_json":{"title":"Regeneracja katalizator\u00f3w i filtr\u00f3w DPF O\u015bwi\u0119cim | Kali\u0144ski","robots":{"index":"index","follow":"follow","max-snippet":"max-snippet:-1","max-image-preview":"max-image-preview:large","max-video-preview":"max-video-preview:-1"},"canonical":"https:\/\/kalinski.pl\/serwis\/regeneracja-katalizatorow-i-filtrow-dpf-oswiecim\/","og_locale":"pl_PL","og_type":"article","og_title":"Regeneracja katalizator\u00f3w i filtr\u00f3w DPF O\u015bwi\u0119cim | Kali\u0144ski","og_description":"Nasze przedsi\u0119biorstwo dzia\u0142a ju\u017c od wielu lat i od samego pocz\u0105tku \u015bwiadczy r\u00f3\u017cnego rodzaju us\u0142ugi motoryzacyjne. Oferujemy czynno\u015bci, takie jak regeneracja, czyszczenie oraz wypalanie katalizator\u00f3w, a ponadto r\u00f3wnie\u017c regeneracja i czyszczenie filtr\u00f3w DPF. O\u015bwi\u0119cim jest miejscem, w kt\u00f3rym przeprowadzili\u015bmy ju\u017c bardzo wiele tego typu prac serwisowych, co pozwoli\u0142o nam na zdobycie niezb\u0119dnego do\u015bwiadczenia. Szeroka oferta &hellip; Czytaj dalej Regeneracja katalizator\u00f3w i filtr\u00f3w DPF O\u015bwi\u0119cim","og_url":"https:\/\/kalinski.pl\/serwis\/regeneracja-katalizatorow-i-filtrow-dpf-oswiecim\/","og_site_name":"Kali\u0144ski","article_modified_time":"2022-06-14T11:59:56+00:00","og_image":[{"url":"https:\/\/kalinski.pl\/wp-content\/uploads\/Filtry_Kalinski-1-1110x303.png","type":"","width":"","height":""}],"twitter_card":"summary_large_image","twitter_misc":{"Szacowany czas czytania":"2 minuty"},"schema":{"@context":"https:\/\/schema.org","@graph":[{"@type":"WebPage","@id":"https:\/\/kalinski.pl\/serwis\/regeneracja-katalizatorow-i-filtrow-dpf-oswiecim\/","url":"https:\/\/kalinski.pl\/serwis\/regeneracja-katalizatorow-i-filtrow-dpf-oswiecim\/","name":"Regeneracja katalizator\u00f3w i filtr\u00f3w DPF O\u015bwi\u0119cim | Kali\u0144ski","isPartOf":{"@id":"https:\/\/kalinski.pl\/serwis\/#website"},"primaryImageOfPage":{"@id":"https:\/\/kalinski.pl\/serwis\/regeneracja-katalizatorow-i-filtrow-dpf-oswiecim\/#primaryimage"},"image":{"@id":"https:\/\/kalinski.pl\/serwis\/regeneracja-katalizatorow-i-filtrow-dpf-oswiecim\/#primaryimage"},"thumbnailUrl":"https:\/\/kalinski.pl\/wp-content\/uploads\/Filtry_Kalinski-1-1110x303.png","datePublished":"2020-09-21T12:00:09+00:00","dateModified":"2022-06-14T11:59:56+00:00","breadcrumb":{"@id":"https:\/\/kalinski.pl\/serwis\/regeneracja-katalizatorow-i-filtrow-dpf-oswiecim\/#breadcrumb"},"inLanguage":"pl-PL","potentialAction":[{"@type":"ReadAction","target":["https:\/\/kalinski.pl\/serwis\/regeneracja-katalizatorow-i-filtrow-dpf-oswiecim\/"]}]},{"@type":"ImageObject","inLanguage":"pl-PL","@id":"https:\/\/kalinski.pl\/serwis\/regeneracja-katalizatorow-i-filtrow-dpf-oswiecim\/#primaryimage","url":"https:\/\/kalinski.pl\/wp-content\/uploads\/Filtry_Kalinski-1-1110x303.png","contentUrl":"https:\/\/kalinski.pl\/wp-content\/uploads\/Filtry_Kalinski-1-1110x303.png"},{"@type":"BreadcrumbList","@id":"https:\/\/kalinski.pl\/serwis\/regeneracja-katalizatorow-i-filtrow-dpf-oswiecim\/#breadcrumb","itemListElement":[{"@type":"ListItem","position":1,"name":"Strona g\u0142\u00f3wna","item":"https:\/\/kalinski.pl\/serwis\/"},{"@type":"ListItem","position":2,"name":"Regeneracja katalizator\u00f3w i filtr\u00f3w DPF O\u015bwi\u0119cim"}]},{"@type":"WebSite","@id":"https:\/\/kalinski.pl\/serwis\/#website","url":"https:\/\/kalinski.pl\/serwis\/","name":"Kali\u0144ski","description":"Uk\u0142ady wydechowe","publisher":{"@id":"https:\/\/kalinski.pl\/serwis\/#organization"},"potentialAction":[{"@type":"SearchAction","target":{"@type":"EntryPoint","urlTemplate":"https:\/\/kalinski.pl\/serwis\/?s={search_term_string}"},"query-input":{"@type":"PropertyValueSpecification","valueRequired":true,"valueName":"search_term_string"}}],"inLanguage":"pl-PL"},{"@type":"Organization","@id":"https:\/\/kalinski.pl\/serwis\/#organization","name":"Kali\u0144ski","url":"https:\/\/kalinski.pl\/serwis\/","logo":{"@type":"ImageObject","inLanguage":"pl-PL","@id":"https:\/\/kalinski.pl\/serwis\/#\/schema\/logo\/image\/","url":"https:\/\/kalinski.pl\/serwis\/wp-content\/uploads\/2019\/03\/cropped-logo_white.jpg","contentUrl":"https:\/\/kalinski.pl\/serwis\/wp-content\/uploads\/2019\/03\/cropped-logo_white.jpg","width":240,"height":63,"caption":"Kali\u0144ski"},"image":{"@id":"https:\/\/kalinski.pl\/serwis\/#\/schema\/logo\/image\/"}}]}},"_links":{"self":[{"href":"https:\/\/kalinski.pl\/serwis\/wp-json\/wp\/v2\/pages\/2307","targetHints":{"allow":["GET"]}}],"collection":[{"href":"https:\/\/kalinski.pl\/serwis\/wp-json\/wp\/v2\/pages"}],"about":[{"href":"https:\/\/kalinski.pl\/serwis\/wp-json\/wp\/v2\/types\/page"}],"author":[{"embeddable":true,"href":"https:\/\/kalinski.pl\/serwis\/wp-json\/wp\/v2\/users\/821794"}],"replies":[{"embeddable":true,"href":"https:\/\/kalinski.pl\/serwis\/wp-json\/wp\/v2\/comments?post=2307"}],"version-history":[{"count":2,"href":"https:\/\/kalinski.pl\/serwis\/wp-json\/wp\/v2\/pages\/2307\/revisions"}],"predecessor-version":[{"id":4048,"href":"https:\/\/kalinski.pl\/serwis\/wp-json\/wp\/v2\/pages\/2307\/revisions\/4048"}],"wp:attachment":[{"href":"https:\/\/kalinski.pl\/serwis\/wp-json\/wp\/v2\/media?parent=2307"}],"curies":[{"name":"wp","href":"https:\/\/api.w.org\/{rel}","templated":true}]}}