{"id":2182,"date":"2020-09-02T10:18:03","date_gmt":"2020-09-02T08:18:03","guid":{"rendered":"https:\/\/kalinski.pl\/?page_id=2182"},"modified":"2020-10-02T11:16:24","modified_gmt":"2020-10-02T09:16:24","slug":"regeneracja-katalizatorow-i-filtrow-dpf-przemysl","status":"publish","type":"page","link":"https:\/\/kalinski.pl\/serwis\/regeneracja-katalizatorow-i-filtrow-dpf-przemysl\/","title":{"rendered":"Regeneracja katalizator\u00f3w i filtr\u00f3w DPF Przemy\u015bl"},"content":{"rendered":"\n<figure class=\"wp-block-image size-large\"><img fetchpriority=\"high\" decoding=\"async\" width=\"1110\" height=\"303\" src=\"https:\/\/kalinski.pl\/wp-content\/uploads\/Filtry_Kalinski-1-1110x303.png\" alt=\"\" class=\"wp-image-1568\"\/><\/figure>\n\n\n\n<p style=\"text-align:justify; margin-top:25px;\">Wysokie nat\u0119\u017cenie ruchu drogowego mo\u017ce prowadzi\u0107 do powstawania smogu poprzez zanieczyszczanie \u015brodowiska naturalnego. Jednak kierowcy mog\u0105 zadba\u0107 o to, aby ich samochody nie generowa\u0142y zbyt wiele spalin. Tutaj kluczowe znaczenie ma praca uk\u0142adu wydechowego, a w szczeg\u00f3lno\u015bci dw\u00f3ch element\u00f3w \u2013 katalizatora oraz filtra DPF. Warto jednak pami\u0119ta\u0107, \u017ce przy du\u017cym spalaniu paliwa obydwie cz\u0119\u015bci s\u0105 nara\u017cone na szybkie zu\u017cycie. W\u00f3wczas bardzo pomocna okazuje si\u0119 <strong>regeneracja katalizator\u00f3w Przemy\u015bl<\/strong>, a tak\u017ce <strong>czyszczenie filtr\u00f3w DPF Przemy\u015bl.<\/strong><\/p>\n\n\n\n<p style=\"text-align:justify;\">Katalizator odpowiada za ograniczenie ilo\u015bci szkodliwych zwi\u0105zk\u00f3w chemicznych, kt\u00f3re powstaj\u0105 przy spalaniu paliwa. Dlatego po pewnym czasie <strong>czyszczenie katalizator\u00f3w Przemy\u015bl <\/strong>staje si\u0119 absolutn\u0105 konieczno\u015bci\u0105. Nasza firma ju\u017c od dawna wykonuje takie us\u0142ugi.<\/p>\n\n\n\n<p style=\"text-align:justify;\">W przypadku samochod\u00f3w osobowych regeneracja nast\u0119puje za pomoc\u0105 wymiany wk\u0142ad\u00f3w ceramicznych znajduj\u0105cych si\u0119 we wn\u0119trzu egzemplarza. W przypadku pojazd\u00f3w ci\u0119\u017carowych stosuje si\u0119 wymian\u0119 wk\u0142ad\u00f3w oraz zamiennie <strong>wypalanie katalizator\u00f3w Przemy\u015bl, co <\/strong>pozwala na skuteczne usuni\u0119cie wszystkich zgromadzonych nieczysto\u015bci. Takie rozwi\u0105zanie daje praktycznie 100% sprawno\u015bci dzia\u0142ania regenerowanej cz\u0119\u015bci.<\/p>\n\n\n\n<p style=\"text-align:justify;\">Podobna zale\u017cno\u015b\u0107 dotyczy filtr\u00f3w cz\u0105stek sta\u0142ych. Z czasem taki filtr po prostu zatyka si\u0119 przez zbyt du\u017c\u0105 ilo\u015b\u0107 zgromadzonych zabrudze\u0144. W\u00f3wczas jedynym z rozwi\u0105za\u0144 jest <strong>czyszczenie filtr\u00f3w DPF Przemy\u015bl. <\/strong>Firma Kali\u0144ski posiada na wyposa\u017ceniu specjaln\u0105 maszyn\u0119 Hartridge do wykonywania takich us\u0142ug. Jej kompleksowe dzia\u0142anie gwarantuje, \u017ce <strong>regeneracja DPF Przemy\u015bl <\/strong>przebiegnie szybko i skutecznie. W przypadku pojazd\u00f3w osobowych oraz ci\u0119\u017carowych regeneracja DPF polega r\u00f3wnie\u017c na wymianie wk\u0142ad\u00f3w. Oczywi\u015bcie wykonywana przez nas <strong>regeneracja DPF Przemy\u015bl <\/strong>zostaje zako\u0144czona dopiero po wykonaniu test\u00f3w, kt\u00f3re potwierdz\u0105 sprawno\u015b\u0107 filtra. Taka us\u0142uga jest dost\u0119pna zar\u00f3wno dla filtr\u00f3w stosowanych w samochodach osobowych, jak i ci\u0119\u017car\u00f3wkach.<\/p>\n\n\n\n<p style=\"text-align:justify;\">Pocz\u0105tkowo oferta firmy Kali\u0144ski by\u0142a adresowana g\u0142\u00f3wnie do mieszka\u0144c\u00f3w Wielkopolski. Niemniej uruchomienie sprzeda\u017cy wysy\u0142kowej sprawi\u0142o, \u017ce obecnie nasze produkty mog\u0105 trafi\u0107 do kierowc\u00f3w z ca\u0142ej Polski. Dlatego serdecznie zach\u0119camy do bli\u017cszego poznania produkt\u00f3w znajduj\u0105cych si\u0119 w naszym asortymencie.<\/p>\n\n\n\n<div class=\"wp-block-columns is-layout-flex wp-container-core-columns-is-layout-1 wp-block-columns-is-layout-flex\">\n<div class=\"wp-block-column is-layout-flow wp-block-column-is-layout-flow\">\n<p><strong>Kali\u0144ski<\/strong><\/p>\n\n\n\n<p>ul. Szamotulska 40<\/p>\n\n\n\n<p>62-081 Chyby \/ Pozna\u0144<\/p>\n\n\n\n<p><strong>Sklep internetowy<\/strong><\/p>\n\n\n\n<p><a href=\"tel:0048691545545\">+48 691 545 545<\/a><\/p>\n\n\n\n<p><a>sklep@kalinski.pl<\/a><\/p>\n\n\n\n<p><strong>Serwis stacjonarny<\/strong><\/p>\n\n\n\n<p><a href=\"tel:004861 8142777\">+48 61 814 27 77<\/a><\/p>\n\n\n\n<p><a>serwis@kalinski.pl<\/a><\/p>\n<\/div>\n\n\n\n<div class=\"wp-block-column is-layout-flow wp-block-column-is-layout-flow\">\n[contact-form-7 id=&#8221;2271&#8243; title=&#8221;Formularz 1_copy&#8221;]\n<\/div>\n<\/div>\n\n\n\n<iframe src=\"https:\/\/www.google.com\/maps\/embed?pb=!1m14!1m8!1m3!1d77900.70393355085!2d16.9189607!3d52.3994808!3m2!1i1024!2i768!4f13.1!3m3!1m2!1s0x470441321c9562cb%3A0xee0284f60b138572!2sSzamotulska%2040%2C%2062-081%20Chyby!5e0!3m2!1spl!2spl!4v1599034861129!5m2!1spl!2spl\" style=\"border:0;\" allowfullscreen=\"\" aria-hidden=\"false\" tabindex=\"0\" width=\"100%\" height=\"450\" frameborder=\"0\"><\/iframe>\n","protected":false},"excerpt":{"rendered":"<p>Wysokie nat\u0119\u017cenie ruchu drogowego mo\u017ce prowadzi\u0107 do powstawania smogu poprzez zanieczyszczanie \u015brodowiska naturalnego. Jednak kierowcy mog\u0105 zadba\u0107 o to, aby ich samochody nie generowa\u0142y zbyt wiele spalin. Tutaj kluczowe znaczenie ma praca uk\u0142adu wydechowego, a w szczeg\u00f3lno\u015bci dw\u00f3ch element\u00f3w \u2013 katalizatora oraz filtra DPF. Warto jednak pami\u0119ta\u0107, \u017ce przy du\u017cym spalaniu paliwa obydwie cz\u0119\u015bci s\u0105 &hellip; <a href=\"https:\/\/kalinski.pl\/serwis\/regeneracja-katalizatorow-i-filtrow-dpf-przemysl\/\" class=\"more-link\">Czytaj dalej<span class=\"screen-reader-text\"> Regeneracja katalizator\u00f3w i filtr\u00f3w DPF Przemy\u015bl<\/span><\/a><\/p>\n","protected":false},"author":821794,"featured_media":0,"parent":0,"menu_order":0,"comment_status":"closed","ping_status":"closed","template":"","meta":{"footnotes":""},"class_list":["post-2182","page","type-page","status-publish","hentry"],"yoast_head":"<!-- This site is optimized with the Yoast SEO plugin v26.7 - https:\/\/yoast.com\/wordpress\/plugins\/seo\/ -->\n<title>Regeneracja katalizator\u00f3w i filtr\u00f3w DPF Przemy\u015bl | Kali\u0144ski<\/title>\n<meta name=\"robots\" content=\"index, follow, max-snippet:-1, max-image-preview:large, max-video-preview:-1\" \/>\n<link rel=\"canonical\" href=\"https:\/\/kalinski.pl\/serwis\/regeneracja-katalizatorow-i-filtrow-dpf-przemysl\/\" \/>\n<meta property=\"og:locale\" content=\"pl_PL\" \/>\n<meta property=\"og:type\" content=\"article\" \/>\n<meta property=\"og:title\" content=\"Regeneracja katalizator\u00f3w i filtr\u00f3w DPF Przemy\u015bl | Kali\u0144ski\" \/>\n<meta property=\"og:description\" content=\"Wysokie nat\u0119\u017cenie ruchu drogowego mo\u017ce prowadzi\u0107 do powstawania smogu poprzez zanieczyszczanie \u015brodowiska naturalnego. Jednak kierowcy mog\u0105 zadba\u0107 o to, aby ich samochody nie generowa\u0142y zbyt wiele spalin. Tutaj kluczowe znaczenie ma praca uk\u0142adu wydechowego, a w szczeg\u00f3lno\u015bci dw\u00f3ch element\u00f3w \u2013 katalizatora oraz filtra DPF. Warto jednak pami\u0119ta\u0107, \u017ce przy du\u017cym spalaniu paliwa obydwie cz\u0119\u015bci s\u0105 &hellip; Czytaj dalej Regeneracja katalizator\u00f3w i filtr\u00f3w DPF Przemy\u015bl\" \/>\n<meta property=\"og:url\" content=\"https:\/\/kalinski.pl\/serwis\/regeneracja-katalizatorow-i-filtrow-dpf-przemysl\/\" \/>\n<meta property=\"og:site_name\" content=\"Kali\u0144ski\" \/>\n<meta property=\"article:modified_time\" content=\"2020-10-02T09:16:24+00:00\" \/>\n<meta property=\"og:image\" content=\"https:\/\/kalinski.pl\/wp-content\/uploads\/Filtry_Kalinski-1-1110x303.png\" \/>\n<meta name=\"twitter:card\" content=\"summary_large_image\" \/>\n<meta name=\"twitter:label1\" content=\"Szacowany czas czytania\" \/>\n\t<meta name=\"twitter:data1\" content=\"2 minuty\" \/>\n<script type=\"application\/ld+json\" class=\"yoast-schema-graph\">{\"@context\":\"https:\/\/schema.org\",\"@graph\":[{\"@type\":\"WebPage\",\"@id\":\"https:\/\/kalinski.pl\/serwis\/regeneracja-katalizatorow-i-filtrow-dpf-przemysl\/\",\"url\":\"https:\/\/kalinski.pl\/serwis\/regeneracja-katalizatorow-i-filtrow-dpf-przemysl\/\",\"name\":\"Regeneracja katalizator\u00f3w i filtr\u00f3w DPF Przemy\u015bl | Kali\u0144ski\",\"isPartOf\":{\"@id\":\"https:\/\/kalinski.pl\/serwis\/#website\"},\"primaryImageOfPage\":{\"@id\":\"https:\/\/kalinski.pl\/serwis\/regeneracja-katalizatorow-i-filtrow-dpf-przemysl\/#primaryimage\"},\"image\":{\"@id\":\"https:\/\/kalinski.pl\/serwis\/regeneracja-katalizatorow-i-filtrow-dpf-przemysl\/#primaryimage\"},\"thumbnailUrl\":\"https:\/\/kalinski.pl\/wp-content\/uploads\/Filtry_Kalinski-1-1110x303.png\",\"datePublished\":\"2020-09-02T08:18:03+00:00\",\"dateModified\":\"2020-10-02T09:16:24+00:00\",\"breadcrumb\":{\"@id\":\"https:\/\/kalinski.pl\/serwis\/regeneracja-katalizatorow-i-filtrow-dpf-przemysl\/#breadcrumb\"},\"inLanguage\":\"pl-PL\",\"potentialAction\":[{\"@type\":\"ReadAction\",\"target\":[\"https:\/\/kalinski.pl\/serwis\/regeneracja-katalizatorow-i-filtrow-dpf-przemysl\/\"]}]},{\"@type\":\"ImageObject\",\"inLanguage\":\"pl-PL\",\"@id\":\"https:\/\/kalinski.pl\/serwis\/regeneracja-katalizatorow-i-filtrow-dpf-przemysl\/#primaryimage\",\"url\":\"https:\/\/kalinski.pl\/wp-content\/uploads\/Filtry_Kalinski-1-1110x303.png\",\"contentUrl\":\"https:\/\/kalinski.pl\/wp-content\/uploads\/Filtry_Kalinski-1-1110x303.png\"},{\"@type\":\"BreadcrumbList\",\"@id\":\"https:\/\/kalinski.pl\/serwis\/regeneracja-katalizatorow-i-filtrow-dpf-przemysl\/#breadcrumb\",\"itemListElement\":[{\"@type\":\"ListItem\",\"position\":1,\"name\":\"Strona g\u0142\u00f3wna\",\"item\":\"https:\/\/kalinski.pl\/serwis\/\"},{\"@type\":\"ListItem\",\"position\":2,\"name\":\"Regeneracja katalizator\u00f3w i filtr\u00f3w DPF Przemy\u015bl\"}]},{\"@type\":\"WebSite\",\"@id\":\"https:\/\/kalinski.pl\/serwis\/#website\",\"url\":\"https:\/\/kalinski.pl\/serwis\/\",\"name\":\"Kali\u0144ski\",\"description\":\"Uk\u0142ady wydechowe\",\"publisher\":{\"@id\":\"https:\/\/kalinski.pl\/serwis\/#organization\"},\"potentialAction\":[{\"@type\":\"SearchAction\",\"target\":{\"@type\":\"EntryPoint\",\"urlTemplate\":\"https:\/\/kalinski.pl\/serwis\/?s={search_term_string}\"},\"query-input\":{\"@type\":\"PropertyValueSpecification\",\"valueRequired\":true,\"valueName\":\"search_term_string\"}}],\"inLanguage\":\"pl-PL\"},{\"@type\":\"Organization\",\"@id\":\"https:\/\/kalinski.pl\/serwis\/#organization\",\"name\":\"Kali\u0144ski\",\"url\":\"https:\/\/kalinski.pl\/serwis\/\",\"logo\":{\"@type\":\"ImageObject\",\"inLanguage\":\"pl-PL\",\"@id\":\"https:\/\/kalinski.pl\/serwis\/#\/schema\/logo\/image\/\",\"url\":\"https:\/\/kalinski.pl\/serwis\/wp-content\/uploads\/2019\/03\/cropped-logo_white.jpg\",\"contentUrl\":\"https:\/\/kalinski.pl\/serwis\/wp-content\/uploads\/2019\/03\/cropped-logo_white.jpg\",\"width\":240,\"height\":63,\"caption\":\"Kali\u0144ski\"},\"image\":{\"@id\":\"https:\/\/kalinski.pl\/serwis\/#\/schema\/logo\/image\/\"}}]}<\/script>\n<!-- \/ Yoast SEO plugin. -->","yoast_head_json":{"title":"Regeneracja katalizator\u00f3w i filtr\u00f3w DPF Przemy\u015bl | Kali\u0144ski","robots":{"index":"index","follow":"follow","max-snippet":"max-snippet:-1","max-image-preview":"max-image-preview:large","max-video-preview":"max-video-preview:-1"},"canonical":"https:\/\/kalinski.pl\/serwis\/regeneracja-katalizatorow-i-filtrow-dpf-przemysl\/","og_locale":"pl_PL","og_type":"article","og_title":"Regeneracja katalizator\u00f3w i filtr\u00f3w DPF Przemy\u015bl | Kali\u0144ski","og_description":"Wysokie nat\u0119\u017cenie ruchu drogowego mo\u017ce prowadzi\u0107 do powstawania smogu poprzez zanieczyszczanie \u015brodowiska naturalnego. Jednak kierowcy mog\u0105 zadba\u0107 o to, aby ich samochody nie generowa\u0142y zbyt wiele spalin. Tutaj kluczowe znaczenie ma praca uk\u0142adu wydechowego, a w szczeg\u00f3lno\u015bci dw\u00f3ch element\u00f3w \u2013 katalizatora oraz filtra DPF. Warto jednak pami\u0119ta\u0107, \u017ce przy du\u017cym spalaniu paliwa obydwie cz\u0119\u015bci s\u0105 &hellip; Czytaj dalej Regeneracja katalizator\u00f3w i filtr\u00f3w DPF Przemy\u015bl","og_url":"https:\/\/kalinski.pl\/serwis\/regeneracja-katalizatorow-i-filtrow-dpf-przemysl\/","og_site_name":"Kali\u0144ski","article_modified_time":"2020-10-02T09:16:24+00:00","og_image":[{"url":"https:\/\/kalinski.pl\/wp-content\/uploads\/Filtry_Kalinski-1-1110x303.png","type":"","width":"","height":""}],"twitter_card":"summary_large_image","twitter_misc":{"Szacowany czas czytania":"2 minuty"},"schema":{"@context":"https:\/\/schema.org","@graph":[{"@type":"WebPage","@id":"https:\/\/kalinski.pl\/serwis\/regeneracja-katalizatorow-i-filtrow-dpf-przemysl\/","url":"https:\/\/kalinski.pl\/serwis\/regeneracja-katalizatorow-i-filtrow-dpf-przemysl\/","name":"Regeneracja katalizator\u00f3w i filtr\u00f3w DPF Przemy\u015bl | Kali\u0144ski","isPartOf":{"@id":"https:\/\/kalinski.pl\/serwis\/#website"},"primaryImageOfPage":{"@id":"https:\/\/kalinski.pl\/serwis\/regeneracja-katalizatorow-i-filtrow-dpf-przemysl\/#primaryimage"},"image":{"@id":"https:\/\/kalinski.pl\/serwis\/regeneracja-katalizatorow-i-filtrow-dpf-przemysl\/#primaryimage"},"thumbnailUrl":"https:\/\/kalinski.pl\/wp-content\/uploads\/Filtry_Kalinski-1-1110x303.png","datePublished":"2020-09-02T08:18:03+00:00","dateModified":"2020-10-02T09:16:24+00:00","breadcrumb":{"@id":"https:\/\/kalinski.pl\/serwis\/regeneracja-katalizatorow-i-filtrow-dpf-przemysl\/#breadcrumb"},"inLanguage":"pl-PL","potentialAction":[{"@type":"ReadAction","target":["https:\/\/kalinski.pl\/serwis\/regeneracja-katalizatorow-i-filtrow-dpf-przemysl\/"]}]},{"@type":"ImageObject","inLanguage":"pl-PL","@id":"https:\/\/kalinski.pl\/serwis\/regeneracja-katalizatorow-i-filtrow-dpf-przemysl\/#primaryimage","url":"https:\/\/kalinski.pl\/wp-content\/uploads\/Filtry_Kalinski-1-1110x303.png","contentUrl":"https:\/\/kalinski.pl\/wp-content\/uploads\/Filtry_Kalinski-1-1110x303.png"},{"@type":"BreadcrumbList","@id":"https:\/\/kalinski.pl\/serwis\/regeneracja-katalizatorow-i-filtrow-dpf-przemysl\/#breadcrumb","itemListElement":[{"@type":"ListItem","position":1,"name":"Strona g\u0142\u00f3wna","item":"https:\/\/kalinski.pl\/serwis\/"},{"@type":"ListItem","position":2,"name":"Regeneracja katalizator\u00f3w i filtr\u00f3w DPF Przemy\u015bl"}]},{"@type":"WebSite","@id":"https:\/\/kalinski.pl\/serwis\/#website","url":"https:\/\/kalinski.pl\/serwis\/","name":"Kali\u0144ski","description":"Uk\u0142ady wydechowe","publisher":{"@id":"https:\/\/kalinski.pl\/serwis\/#organization"},"potentialAction":[{"@type":"SearchAction","target":{"@type":"EntryPoint","urlTemplate":"https:\/\/kalinski.pl\/serwis\/?s={search_term_string}"},"query-input":{"@type":"PropertyValueSpecification","valueRequired":true,"valueName":"search_term_string"}}],"inLanguage":"pl-PL"},{"@type":"Organization","@id":"https:\/\/kalinski.pl\/serwis\/#organization","name":"Kali\u0144ski","url":"https:\/\/kalinski.pl\/serwis\/","logo":{"@type":"ImageObject","inLanguage":"pl-PL","@id":"https:\/\/kalinski.pl\/serwis\/#\/schema\/logo\/image\/","url":"https:\/\/kalinski.pl\/serwis\/wp-content\/uploads\/2019\/03\/cropped-logo_white.jpg","contentUrl":"https:\/\/kalinski.pl\/serwis\/wp-content\/uploads\/2019\/03\/cropped-logo_white.jpg","width":240,"height":63,"caption":"Kali\u0144ski"},"image":{"@id":"https:\/\/kalinski.pl\/serwis\/#\/schema\/logo\/image\/"}}]}},"_links":{"self":[{"href":"https:\/\/kalinski.pl\/serwis\/wp-json\/wp\/v2\/pages\/2182","targetHints":{"allow":["GET"]}}],"collection":[{"href":"https:\/\/kalinski.pl\/serwis\/wp-json\/wp\/v2\/pages"}],"about":[{"href":"https:\/\/kalinski.pl\/serwis\/wp-json\/wp\/v2\/types\/page"}],"author":[{"embeddable":true,"href":"https:\/\/kalinski.pl\/serwis\/wp-json\/wp\/v2\/users\/821794"}],"replies":[{"embeddable":true,"href":"https:\/\/kalinski.pl\/serwis\/wp-json\/wp\/v2\/comments?post=2182"}],"version-history":[{"count":0,"href":"https:\/\/kalinski.pl\/serwis\/wp-json\/wp\/v2\/pages\/2182\/revisions"}],"wp:attachment":[{"href":"https:\/\/kalinski.pl\/serwis\/wp-json\/wp\/v2\/media?parent=2182"}],"curies":[{"name":"wp","href":"https:\/\/api.w.org\/{rel}","templated":true}]}}