{"id":2178,"date":"2020-09-02T10:13:13","date_gmt":"2020-09-02T08:13:13","guid":{"rendered":"https:\/\/kalinski.pl\/?page_id=2178"},"modified":"2020-10-02T11:15:12","modified_gmt":"2020-10-02T09:15:12","slug":"regeneracja-katalizatorow-i-filtrow-dpf-koszalin","status":"publish","type":"page","link":"https:\/\/kalinski.pl\/serwis\/regeneracja-katalizatorow-i-filtrow-dpf-koszalin\/","title":{"rendered":"Regeneracja katalizator\u00f3w i filtr\u00f3w DPF Koszalin"},"content":{"rendered":"\n<figure class=\"wp-block-image size-large\"><img fetchpriority=\"high\" decoding=\"async\" width=\"1110\" height=\"303\" src=\"https:\/\/kalinski.pl\/wp-content\/uploads\/Filtry_Kalinski-1-1110x303.png\" alt=\"\" class=\"wp-image-1568\"\/><\/figure>\n\n\n\n<p style=\"margin-top:25px;\" align=\"justify\">\u017bywotno\u015b\u0107 cz\u0119\u015bci samochodowych zale\u017cy przede wszystkim od tego, jak eksploatowany jest dany pojazd. Taka zale\u017cno\u015b\u0107 sprawdza si\u0119 szczeg\u00f3lnie w przypadku element\u00f3w uk\u0142adu silnikowo-wydechowego. Na szcz\u0119\u015bcie <b>regeneracja katalizator\u00f3w Koszalin <\/b>oraz <b>regeneracja DPF Koszalin <\/b>pozwala na znacznie ta\u0144szy zakup nowych cz\u0119\u015bci.<\/p>\n\n\n\n<p style=\"text-align:justify;\">Firma Kali\u0144ski to renomowany producent uk\u0142ad\u00f3w wydechowych. Nasze do\u015bwiadczenie sprawia, \u017ce doskonale rozumiemy prawid\u0142a cechuj\u0105ce prac\u0119 katalizator\u00f3w oraz filtr\u00f3w cz\u0105stek sta\u0142ych. Dlatego wprowadzili\u015bmy do naszej oferty wyj\u0105tkowe us\u0142ugi. Jedn\u0105 z nich jest wspomniane <strong>czyszczenie katalizator\u00f3w Koszalin. <\/strong>W trakcie tego procesu dok\u0142adnie usuwamy wszelkie zabrudzenia zgromadzone we wn\u0119trzu przekazanego egzemplarza. Je\u017celi pojawi si\u0119 taka konieczno\u015b\u0107, przeprowadzamy tak\u017ce <strong>wypalanie katalizator\u00f3w Koszalin <\/strong>przy pomocy specjalnego pieca. Ten zabieg cz\u0119sto jest niezb\u0119dny w przypadku egzemplarzy stosowanych w samochodach ci\u0119\u017carowych. Je\u015bli chodzi o katalizatory z aut osobowych, tutaj regeneracja zazwyczaj polega na wymianie wk\u0142adu.<\/p>\n\n\n\n<p style=\"text-align:justify;\">Jak przebiega <strong>czyszczenie filtr\u00f3w DPF Koszalin?<\/strong> W pojazdach osobowych pierwszym etapem jest oszacowanie stanu filtra oraz wyb\u00f3r metody regeneracji. Kolejno dokonujemy regeneracji, kt\u00f3ra mo\u017ce zosta\u0107 zrealizowana poprzez wymian\u0119 wk\u0142ad\u00f3w ceramicznych lub za pomoc\u0105 wypalania i wydmuchiwania zanieczyszcze\u0144. Je\u015bli chodzi o pojazdy ci\u0119\u017carowe regeneracja przebiega podobnie i mo\u017ce by\u0107 wykonana na jeden z dw\u00f3ch sposob\u00f3w. Na koniec sprawdzamy, czy zregenerowany egzemplarz pracuje przy zachowaniu wszelkich norm dotycz\u0105cych emisji spalin.<\/p>\n\n\n\n<p style=\"text-align: justify;\">Du\u017ce zainteresowanie opisanymi us\u0142ugami sk\u0142oni\u0142o nas do rozszerzenia obszaru prowadzonej dzia\u0142alno\u015bci. Dlatego wprowadzili\u015bmy do sklepu Kali\u0144ski mo\u017cliwo\u015b\u0107 wysy\u0142ki zam\u00f3wionych cz\u0119\u015bci. Je\u017celi szukaj\u0105 Pa\u0144stwo sprawdzonych katalizator\u00f3w lub filtr\u00f3w DPF po regeneracji, serdecznie zapraszamy do zapoznania si\u0119 z naszym asortymentem. Nasze cz\u0119\u015bci s\u0105 przeznaczone do stosowania w samochodach osobowych oraz wi\u0119kszych autach dostawczych i ci\u0119\u017carowych.<\/p>\n\n\n\n<div class=\"wp-block-columns is-layout-flex wp-container-core-columns-is-layout-1 wp-block-columns-is-layout-flex\">\n<div class=\"wp-block-column is-layout-flow wp-block-column-is-layout-flow\">\n<p><strong data-rich-text-format-boundary=\"true\">Kali\u0144ski<\/strong><\/p>\n<p>ul. Szamotulska 40<\/p>\n<p>62-081 Chyby \/ Pozna\u0144<\/p>\n<p><strong data-rich-text-format-boundary=\"true\">Sklep internetowy<\/strong><\/p>\n<p><a href=\"tel:0048691545545\" data-rich-text-format-boundary=\"true\">+48 691 545 545<\/a><\/p>\n<p><a data-rich-text-format-boundary=\"true\">sklep@kalinski.pl<\/a><\/p>\n<p><strong data-rich-text-format-boundary=\"true\">Serwis stacjonarny<\/strong><\/p>\n<p><a href=\"tel:004861 8142777\" data-rich-text-format-boundary=\"true\">+48 61 814 27 77<\/a><\/p>\n<p><a data-rich-text-format-boundary=\"true\">serwis@kalinski.pl<\/a><\/p>\n<\/div>\n\n\n\n<div class=\"wp-block-column is-layout-flow wp-block-column-is-layout-flow\">\n[contact-form-7 id=&#8221;2271&#8243; title=&#8221;Formularz 1_copy&#8221;]\n<\/div>\n<\/div>\n\n\n\n<iframe src=\"https:\/\/www.google.com\/maps\/embed?pb=!1m18!1m12!1m3!1d2431.024961043721!2d16.7608539158053!3d52.460575379803046!2m3!1f0!2f0!3f0!3m2!1i1024!2i768!4f13.1!3m3!1m2!1s0x470441321c9562cb%3A0xee0284f60b138572!2sSzamotulska%2040%2C%2062-081%20Chyby!5e0!3m2!1spl!2spl!4v1599034584496!5m2!1spl!2spl\" style=\"border:0;\" allowfullscreen=\"\" aria-hidden=\"false\" tabindex=\"0\" width=\"100%\" height=\"450\" frameborder=\"0\"><\/iframe>\n","protected":false},"excerpt":{"rendered":"<p>\u017bywotno\u015b\u0107 cz\u0119\u015bci samochodowych zale\u017cy przede wszystkim od tego, jak eksploatowany jest dany pojazd. Taka zale\u017cno\u015b\u0107 sprawdza si\u0119 szczeg\u00f3lnie w przypadku element\u00f3w uk\u0142adu silnikowo-wydechowego. Na szcz\u0119\u015bcie regeneracja katalizator\u00f3w Koszalin oraz regeneracja DPF Koszalin pozwala na znacznie ta\u0144szy zakup nowych cz\u0119\u015bci. Firma Kali\u0144ski to renomowany producent uk\u0142ad\u00f3w wydechowych. Nasze do\u015bwiadczenie sprawia, \u017ce doskonale rozumiemy prawid\u0142a cechuj\u0105ce prac\u0119 &hellip; <a href=\"https:\/\/kalinski.pl\/serwis\/regeneracja-katalizatorow-i-filtrow-dpf-koszalin\/\" class=\"more-link\">Czytaj dalej<span class=\"screen-reader-text\"> Regeneracja katalizator\u00f3w i filtr\u00f3w DPF Koszalin<\/span><\/a><\/p>\n","protected":false},"author":821794,"featured_media":0,"parent":0,"menu_order":0,"comment_status":"closed","ping_status":"closed","template":"","meta":{"footnotes":""},"class_list":["post-2178","page","type-page","status-publish","hentry"],"yoast_head":"<!-- This site is optimized with the Yoast SEO plugin v26.7 - https:\/\/yoast.com\/wordpress\/plugins\/seo\/ -->\n<title>Regeneracja katalizator\u00f3w i filtr\u00f3w DPF Koszalin | Kali\u0144ski<\/title>\n<meta name=\"robots\" content=\"index, follow, max-snippet:-1, max-image-preview:large, max-video-preview:-1\" \/>\n<link rel=\"canonical\" href=\"https:\/\/kalinski.pl\/serwis\/regeneracja-katalizatorow-i-filtrow-dpf-koszalin\/\" \/>\n<meta property=\"og:locale\" content=\"pl_PL\" \/>\n<meta property=\"og:type\" content=\"article\" \/>\n<meta property=\"og:title\" content=\"Regeneracja katalizator\u00f3w i filtr\u00f3w DPF Koszalin | Kali\u0144ski\" \/>\n<meta property=\"og:description\" content=\"\u017bywotno\u015b\u0107 cz\u0119\u015bci samochodowych zale\u017cy przede wszystkim od tego, jak eksploatowany jest dany pojazd. Taka zale\u017cno\u015b\u0107 sprawdza si\u0119 szczeg\u00f3lnie w przypadku element\u00f3w uk\u0142adu silnikowo-wydechowego. Na szcz\u0119\u015bcie regeneracja katalizator\u00f3w Koszalin oraz regeneracja DPF Koszalin pozwala na znacznie ta\u0144szy zakup nowych cz\u0119\u015bci. Firma Kali\u0144ski to renomowany producent uk\u0142ad\u00f3w wydechowych. Nasze do\u015bwiadczenie sprawia, \u017ce doskonale rozumiemy prawid\u0142a cechuj\u0105ce prac\u0119 &hellip; Czytaj dalej Regeneracja katalizator\u00f3w i filtr\u00f3w DPF Koszalin\" \/>\n<meta property=\"og:url\" content=\"https:\/\/kalinski.pl\/serwis\/regeneracja-katalizatorow-i-filtrow-dpf-koszalin\/\" \/>\n<meta property=\"og:site_name\" content=\"Kali\u0144ski\" \/>\n<meta property=\"article:modified_time\" content=\"2020-10-02T09:15:12+00:00\" \/>\n<meta property=\"og:image\" content=\"https:\/\/kalinski.pl\/wp-content\/uploads\/Filtry_Kalinski-1-1110x303.png\" \/>\n<meta name=\"twitter:card\" content=\"summary_large_image\" \/>\n<meta name=\"twitter:label1\" content=\"Szacowany czas czytania\" \/>\n\t<meta name=\"twitter:data1\" content=\"2 minuty\" \/>\n<script type=\"application\/ld+json\" class=\"yoast-schema-graph\">{\"@context\":\"https:\/\/schema.org\",\"@graph\":[{\"@type\":\"WebPage\",\"@id\":\"https:\/\/kalinski.pl\/serwis\/regeneracja-katalizatorow-i-filtrow-dpf-koszalin\/\",\"url\":\"https:\/\/kalinski.pl\/serwis\/regeneracja-katalizatorow-i-filtrow-dpf-koszalin\/\",\"name\":\"Regeneracja katalizator\u00f3w i filtr\u00f3w DPF Koszalin | Kali\u0144ski\",\"isPartOf\":{\"@id\":\"https:\/\/kalinski.pl\/serwis\/#website\"},\"primaryImageOfPage\":{\"@id\":\"https:\/\/kalinski.pl\/serwis\/regeneracja-katalizatorow-i-filtrow-dpf-koszalin\/#primaryimage\"},\"image\":{\"@id\":\"https:\/\/kalinski.pl\/serwis\/regeneracja-katalizatorow-i-filtrow-dpf-koszalin\/#primaryimage\"},\"thumbnailUrl\":\"https:\/\/kalinski.pl\/wp-content\/uploads\/Filtry_Kalinski-1-1110x303.png\",\"datePublished\":\"2020-09-02T08:13:13+00:00\",\"dateModified\":\"2020-10-02T09:15:12+00:00\",\"breadcrumb\":{\"@id\":\"https:\/\/kalinski.pl\/serwis\/regeneracja-katalizatorow-i-filtrow-dpf-koszalin\/#breadcrumb\"},\"inLanguage\":\"pl-PL\",\"potentialAction\":[{\"@type\":\"ReadAction\",\"target\":[\"https:\/\/kalinski.pl\/serwis\/regeneracja-katalizatorow-i-filtrow-dpf-koszalin\/\"]}]},{\"@type\":\"ImageObject\",\"inLanguage\":\"pl-PL\",\"@id\":\"https:\/\/kalinski.pl\/serwis\/regeneracja-katalizatorow-i-filtrow-dpf-koszalin\/#primaryimage\",\"url\":\"https:\/\/kalinski.pl\/wp-content\/uploads\/Filtry_Kalinski-1-1110x303.png\",\"contentUrl\":\"https:\/\/kalinski.pl\/wp-content\/uploads\/Filtry_Kalinski-1-1110x303.png\"},{\"@type\":\"BreadcrumbList\",\"@id\":\"https:\/\/kalinski.pl\/serwis\/regeneracja-katalizatorow-i-filtrow-dpf-koszalin\/#breadcrumb\",\"itemListElement\":[{\"@type\":\"ListItem\",\"position\":1,\"name\":\"Strona g\u0142\u00f3wna\",\"item\":\"https:\/\/kalinski.pl\/serwis\/\"},{\"@type\":\"ListItem\",\"position\":2,\"name\":\"Regeneracja katalizator\u00f3w i filtr\u00f3w DPF Koszalin\"}]},{\"@type\":\"WebSite\",\"@id\":\"https:\/\/kalinski.pl\/serwis\/#website\",\"url\":\"https:\/\/kalinski.pl\/serwis\/\",\"name\":\"Kali\u0144ski\",\"description\":\"Uk\u0142ady wydechowe\",\"publisher\":{\"@id\":\"https:\/\/kalinski.pl\/serwis\/#organization\"},\"potentialAction\":[{\"@type\":\"SearchAction\",\"target\":{\"@type\":\"EntryPoint\",\"urlTemplate\":\"https:\/\/kalinski.pl\/serwis\/?s={search_term_string}\"},\"query-input\":{\"@type\":\"PropertyValueSpecification\",\"valueRequired\":true,\"valueName\":\"search_term_string\"}}],\"inLanguage\":\"pl-PL\"},{\"@type\":\"Organization\",\"@id\":\"https:\/\/kalinski.pl\/serwis\/#organization\",\"name\":\"Kali\u0144ski\",\"url\":\"https:\/\/kalinski.pl\/serwis\/\",\"logo\":{\"@type\":\"ImageObject\",\"inLanguage\":\"pl-PL\",\"@id\":\"https:\/\/kalinski.pl\/serwis\/#\/schema\/logo\/image\/\",\"url\":\"https:\/\/kalinski.pl\/serwis\/wp-content\/uploads\/2019\/03\/cropped-logo_white.jpg\",\"contentUrl\":\"https:\/\/kalinski.pl\/serwis\/wp-content\/uploads\/2019\/03\/cropped-logo_white.jpg\",\"width\":240,\"height\":63,\"caption\":\"Kali\u0144ski\"},\"image\":{\"@id\":\"https:\/\/kalinski.pl\/serwis\/#\/schema\/logo\/image\/\"}}]}<\/script>\n<!-- \/ Yoast SEO plugin. -->","yoast_head_json":{"title":"Regeneracja katalizator\u00f3w i filtr\u00f3w DPF Koszalin | Kali\u0144ski","robots":{"index":"index","follow":"follow","max-snippet":"max-snippet:-1","max-image-preview":"max-image-preview:large","max-video-preview":"max-video-preview:-1"},"canonical":"https:\/\/kalinski.pl\/serwis\/regeneracja-katalizatorow-i-filtrow-dpf-koszalin\/","og_locale":"pl_PL","og_type":"article","og_title":"Regeneracja katalizator\u00f3w i filtr\u00f3w DPF Koszalin | Kali\u0144ski","og_description":"\u017bywotno\u015b\u0107 cz\u0119\u015bci samochodowych zale\u017cy przede wszystkim od tego, jak eksploatowany jest dany pojazd. Taka zale\u017cno\u015b\u0107 sprawdza si\u0119 szczeg\u00f3lnie w przypadku element\u00f3w uk\u0142adu silnikowo-wydechowego. Na szcz\u0119\u015bcie regeneracja katalizator\u00f3w Koszalin oraz regeneracja DPF Koszalin pozwala na znacznie ta\u0144szy zakup nowych cz\u0119\u015bci. Firma Kali\u0144ski to renomowany producent uk\u0142ad\u00f3w wydechowych. Nasze do\u015bwiadczenie sprawia, \u017ce doskonale rozumiemy prawid\u0142a cechuj\u0105ce prac\u0119 &hellip; Czytaj dalej Regeneracja katalizator\u00f3w i filtr\u00f3w DPF Koszalin","og_url":"https:\/\/kalinski.pl\/serwis\/regeneracja-katalizatorow-i-filtrow-dpf-koszalin\/","og_site_name":"Kali\u0144ski","article_modified_time":"2020-10-02T09:15:12+00:00","og_image":[{"url":"https:\/\/kalinski.pl\/wp-content\/uploads\/Filtry_Kalinski-1-1110x303.png","type":"","width":"","height":""}],"twitter_card":"summary_large_image","twitter_misc":{"Szacowany czas czytania":"2 minuty"},"schema":{"@context":"https:\/\/schema.org","@graph":[{"@type":"WebPage","@id":"https:\/\/kalinski.pl\/serwis\/regeneracja-katalizatorow-i-filtrow-dpf-koszalin\/","url":"https:\/\/kalinski.pl\/serwis\/regeneracja-katalizatorow-i-filtrow-dpf-koszalin\/","name":"Regeneracja katalizator\u00f3w i filtr\u00f3w DPF Koszalin | Kali\u0144ski","isPartOf":{"@id":"https:\/\/kalinski.pl\/serwis\/#website"},"primaryImageOfPage":{"@id":"https:\/\/kalinski.pl\/serwis\/regeneracja-katalizatorow-i-filtrow-dpf-koszalin\/#primaryimage"},"image":{"@id":"https:\/\/kalinski.pl\/serwis\/regeneracja-katalizatorow-i-filtrow-dpf-koszalin\/#primaryimage"},"thumbnailUrl":"https:\/\/kalinski.pl\/wp-content\/uploads\/Filtry_Kalinski-1-1110x303.png","datePublished":"2020-09-02T08:13:13+00:00","dateModified":"2020-10-02T09:15:12+00:00","breadcrumb":{"@id":"https:\/\/kalinski.pl\/serwis\/regeneracja-katalizatorow-i-filtrow-dpf-koszalin\/#breadcrumb"},"inLanguage":"pl-PL","potentialAction":[{"@type":"ReadAction","target":["https:\/\/kalinski.pl\/serwis\/regeneracja-katalizatorow-i-filtrow-dpf-koszalin\/"]}]},{"@type":"ImageObject","inLanguage":"pl-PL","@id":"https:\/\/kalinski.pl\/serwis\/regeneracja-katalizatorow-i-filtrow-dpf-koszalin\/#primaryimage","url":"https:\/\/kalinski.pl\/wp-content\/uploads\/Filtry_Kalinski-1-1110x303.png","contentUrl":"https:\/\/kalinski.pl\/wp-content\/uploads\/Filtry_Kalinski-1-1110x303.png"},{"@type":"BreadcrumbList","@id":"https:\/\/kalinski.pl\/serwis\/regeneracja-katalizatorow-i-filtrow-dpf-koszalin\/#breadcrumb","itemListElement":[{"@type":"ListItem","position":1,"name":"Strona g\u0142\u00f3wna","item":"https:\/\/kalinski.pl\/serwis\/"},{"@type":"ListItem","position":2,"name":"Regeneracja katalizator\u00f3w i filtr\u00f3w DPF Koszalin"}]},{"@type":"WebSite","@id":"https:\/\/kalinski.pl\/serwis\/#website","url":"https:\/\/kalinski.pl\/serwis\/","name":"Kali\u0144ski","description":"Uk\u0142ady wydechowe","publisher":{"@id":"https:\/\/kalinski.pl\/serwis\/#organization"},"potentialAction":[{"@type":"SearchAction","target":{"@type":"EntryPoint","urlTemplate":"https:\/\/kalinski.pl\/serwis\/?s={search_term_string}"},"query-input":{"@type":"PropertyValueSpecification","valueRequired":true,"valueName":"search_term_string"}}],"inLanguage":"pl-PL"},{"@type":"Organization","@id":"https:\/\/kalinski.pl\/serwis\/#organization","name":"Kali\u0144ski","url":"https:\/\/kalinski.pl\/serwis\/","logo":{"@type":"ImageObject","inLanguage":"pl-PL","@id":"https:\/\/kalinski.pl\/serwis\/#\/schema\/logo\/image\/","url":"https:\/\/kalinski.pl\/serwis\/wp-content\/uploads\/2019\/03\/cropped-logo_white.jpg","contentUrl":"https:\/\/kalinski.pl\/serwis\/wp-content\/uploads\/2019\/03\/cropped-logo_white.jpg","width":240,"height":63,"caption":"Kali\u0144ski"},"image":{"@id":"https:\/\/kalinski.pl\/serwis\/#\/schema\/logo\/image\/"}}]}},"_links":{"self":[{"href":"https:\/\/kalinski.pl\/serwis\/wp-json\/wp\/v2\/pages\/2178","targetHints":{"allow":["GET"]}}],"collection":[{"href":"https:\/\/kalinski.pl\/serwis\/wp-json\/wp\/v2\/pages"}],"about":[{"href":"https:\/\/kalinski.pl\/serwis\/wp-json\/wp\/v2\/types\/page"}],"author":[{"embeddable":true,"href":"https:\/\/kalinski.pl\/serwis\/wp-json\/wp\/v2\/users\/821794"}],"replies":[{"embeddable":true,"href":"https:\/\/kalinski.pl\/serwis\/wp-json\/wp\/v2\/comments?post=2178"}],"version-history":[{"count":0,"href":"https:\/\/kalinski.pl\/serwis\/wp-json\/wp\/v2\/pages\/2178\/revisions"}],"wp:attachment":[{"href":"https:\/\/kalinski.pl\/serwis\/wp-json\/wp\/v2\/media?parent=2178"}],"curies":[{"name":"wp","href":"https:\/\/api.w.org\/{rel}","templated":true}]}}