{"id":2159,"date":"2020-09-02T09:18:10","date_gmt":"2020-09-02T07:18:10","guid":{"rendered":"https:\/\/kalinski.pl\/?page_id=2159"},"modified":"2020-10-02T11:08:54","modified_gmt":"2020-10-02T09:08:54","slug":"regeneracja-katalizatorow-i-filtrow-dpf-zamosc","status":"publish","type":"page","link":"https:\/\/kalinski.pl\/serwis\/regeneracja-katalizatorow-i-filtrow-dpf-zamosc\/","title":{"rendered":"Regeneracja katalizator\u00f3w i filtr\u00f3w DPF Zamo\u015b\u0107"},"content":{"rendered":"\n<figure class=\"wp-block-image size-large\"><img fetchpriority=\"high\" decoding=\"async\" width=\"1110\" height=\"303\" src=\"https:\/\/kalinski.pl\/wp-content\/uploads\/Filtry_Kalinski-1-1110x303.png\" alt=\"\" class=\"wp-image-1568\"\/><\/figure>\n\n\n<p style=\"text-align: justify; margin-top: 25px;\">Zadbaj o sw\u00f3j samoch\u00f3d razem z nami. Zajmujemy si\u0119 <strong>profesjonalnym czyszczeniem filtr\u00f3w DPF<\/strong>, a nasz\u0105 specjalno\u015bci\u0105 jest <strong>regeneracja katalizator\u00f3w i filtr\u00f3w<\/strong>. Zamo\u015b\u0107 to miasto, dla kt\u00f3rego mieszka\u0144c\u00f3w \u015bwiadczymy us\u0142ugi zdalnej naprawy uk\u0142ad\u00f3w wydechowych.<\/p>\n<h2 style=\"font-size: 16px; text-align: center;\">Czyszczenie katalizator\u00f3w Zamo\u015b\u0107 &#8211; dlaczego warto?<\/h2>\n<p style=\"text-align: justify;\">G\u0142\u00f3wnie dlatego, \u017ce oferujemy profesjonalny zakres us\u0142ug, kt\u00f3rych wykonanie mo\u017cesz zleci\u0107 nam bez wychodzenia z domu. Mimo tego, \u017ce warsztat mamy pod Poznaniem do skorzystania z naszej oferty zach\u0119camy r\u00f3wnie\u017c Klient\u00f3w z Zamo\u015bcia. Wystarczy, \u017ce si\u0119 z nami skontaktujesz, opiszesz problem i wy\u015blesz katalizator lub filtr, kt\u00f3ry uleg\u0142 awarii. Po jego otrzymaniu sprawdzimy jaka jest przyczyna usterki, naprawimy j\u0105 i ode\u015blemy go pod wskazany adres. Ostatnim etapem wsp\u00f3\u0142pracy jest weryfikacja elementu przez klienta, a tak\u017ce rozliczenie wp\u0142aconej na pocz\u0105tku kaucji.<\/p>\n<h2 style=\"font-size: 16px; text-align: center;\">Regeneracja filtr\u00f3w DPF Zamo\u015b\u0107 &#8211; dla kogo?<\/h2>\n<p style=\"text-align: justify;\">Nasza oferta jest bardzo szeroka, a us\u0142ugi \u015bwiadczymy zar\u00f3wno dla w\u0142a\u015bcicieli pojazd\u00f3w osobowych, ci\u0119\u017carowych, ale tak\u017ce maszyn rolniczych, a nawet motocykli. Dlatego je\u015bli w Twoim poje\u017adzie \u015bwieci si\u0119 kontrolka \u201ccheck engine\u201d lub zauwa\u017cy\u0142e\u015b inny problem z uk\u0142adem wydechowym zg\u0142o\u015b si\u0119 do nas.<\/p>\n<h2 style=\"font-size: 16px; text-align: center;\">Us\u0142ugi w pe\u0142ni dopasowane do potrzeb Klient\u00f3w<\/h2>\n<p style=\"text-align: justify;\">Wieloletnie do\u015bwiadczenie sprawia, \u017ce doskonale wiemy co mo\u017ce by\u0107 przyczyn\u0105 awarii W wielu przypadkach jest ni\u0105 usterka uk\u0142adu oczyszczania spalin, ale r\u00f3wnie\u017c awaria filtra, np. poprzez zabrudzenie go nadmiarem sadzy. <strong>Czyszczenie i regeneracja DPF<\/strong>, kt\u00f3re oferujemy wykonywane jest metod\u0105 \u201cna sucho\u201d, co wyr\u00f3\u017cnia nas na tle wielu warsztat\u00f3w stosuj\u0105cych metod\u0119 \u201cna mokro\u201d. <strong>Wypalanie katalizator\u00f3w<\/strong> pozwala skutecznie usun\u0105\u0107 sadz\u0119, kt\u00f3ra pod wp\u0142ywem wysokiej temperatury zmienia si\u0119 w popi\u00f3\u0142, a nast\u0119pnie jest wydmuchiwana z filtra DPF. Co wi\u0119cej, wypalanie nie wymaga dodatkowego suszenia, tak jak dzieje si\u0119 to w przypadku czyszczenia na mokro.<\/p>\n<p style=\"text-align: justify;\">Zach\u0119camy do skorzystania z naszej oferty (np. z us\u0142ug regeneracji katalizatora), ch\u0119tnie odpowiemy na wszystkie pytania i znajdziemy najlepsze rozwi\u0105zanie.<\/p>\n\n\n<div class=\"wp-block-columns is-layout-flex wp-container-core-columns-is-layout-1 wp-block-columns-is-layout-flex\">\n<div class=\"wp-block-column is-layout-flow wp-block-column-is-layout-flow\">\n<p><strong>Kali\u0144ski<\/strong><\/p>\n\n\n\n<p>ul. Szamotulska 40<\/p>\n\n\n\n<p>62-081 Chyby \/ Pozna\u0144<\/p>\n\n\n\n<p><strong>Sklep internetowy<\/strong><\/p>\n\n\n\n<p><a href=\"tel:0048691545545\">+48 691 545 545<\/a><\/p>\n\n\n\n<p><a href=\"javascript:;\">sklep@kalinski.pl<\/a><\/p>\n\n\n\n<p><strong>Serwis stacjonarny<\/strong><\/p>\n\n\n\n<p><a href=\"tel:004861 8142777\">+48 61 814 27 77<\/a><\/p>\n\n\n\n<p><a>serwis@kalinski.pl<\/a><\/p>\n<\/div>\n\n\n\n<div class=\"wp-block-column is-layout-flow wp-block-column-is-layout-flow\">\n[contact-form-7 id=&#8221;2271&#8243; title=&#8221;Formularz 1_copy&#8221;]\n<\/div>\n<\/div>\n\n\n\n<iframe src=\"https:\/\/www.google.com\/maps\/embed?pb=!1m18!1m12!1m3!1d2431.024961043721!2d16.7608539158053!3d52.460575379803046!2m3!1f0!2f0!3f0!3m2!1i1024!2i768!4f13.1!3m3!1m2!1s0x470441321c9562cb%3A0xee0284f60b138572!2sSzamotulska%2040%2C%2062-081%20Chyby!5e0!3m2!1spl!2spl!4v1599031212668!5m2!1spl!2spl\" style=\"border:0;\" allowfullscreen=\"\" aria-hidden=\"false\" tabindex=\"0\" width=\"100%\" height=\"450\" frameborder=\"0\"><\/iframe>\n","protected":false},"excerpt":{"rendered":"<p>Zadbaj o sw\u00f3j samoch\u00f3d razem z nami. Zajmujemy si\u0119 profesjonalnym czyszczeniem filtr\u00f3w DPF, a nasz\u0105 specjalno\u015bci\u0105 jest regeneracja katalizator\u00f3w i filtr\u00f3w. Zamo\u015b\u0107 to miasto, dla kt\u00f3rego mieszka\u0144c\u00f3w \u015bwiadczymy us\u0142ugi zdalnej naprawy uk\u0142ad\u00f3w wydechowych. Czyszczenie katalizator\u00f3w Zamo\u015b\u0107 &#8211; dlaczego warto? G\u0142\u00f3wnie dlatego, \u017ce oferujemy profesjonalny zakres us\u0142ug, kt\u00f3rych wykonanie mo\u017cesz zleci\u0107 nam bez wychodzenia z domu. &hellip; <a href=\"https:\/\/kalinski.pl\/serwis\/regeneracja-katalizatorow-i-filtrow-dpf-zamosc\/\" class=\"more-link\">Czytaj dalej<span class=\"screen-reader-text\"> Regeneracja katalizator\u00f3w i filtr\u00f3w DPF Zamo\u015b\u0107<\/span><\/a><\/p>\n","protected":false},"author":821794,"featured_media":0,"parent":0,"menu_order":0,"comment_status":"closed","ping_status":"closed","template":"","meta":{"footnotes":""},"class_list":["post-2159","page","type-page","status-publish","hentry"],"yoast_head":"<!-- This site is optimized with the Yoast SEO plugin v26.7 - https:\/\/yoast.com\/wordpress\/plugins\/seo\/ -->\n<title>Regeneracja katalizator\u00f3w i filtr\u00f3w DPF Zamo\u015b\u0107 | Kali\u0144ski<\/title>\n<meta name=\"robots\" content=\"index, follow, max-snippet:-1, max-image-preview:large, max-video-preview:-1\" \/>\n<link rel=\"canonical\" href=\"https:\/\/kalinski.pl\/serwis\/regeneracja-katalizatorow-i-filtrow-dpf-zamosc\/\" \/>\n<meta property=\"og:locale\" content=\"pl_PL\" \/>\n<meta property=\"og:type\" content=\"article\" \/>\n<meta property=\"og:title\" content=\"Regeneracja katalizator\u00f3w i filtr\u00f3w DPF Zamo\u015b\u0107 | Kali\u0144ski\" \/>\n<meta property=\"og:description\" content=\"Zadbaj o sw\u00f3j samoch\u00f3d razem z nami. Zajmujemy si\u0119 profesjonalnym czyszczeniem filtr\u00f3w DPF, a nasz\u0105 specjalno\u015bci\u0105 jest regeneracja katalizator\u00f3w i filtr\u00f3w. Zamo\u015b\u0107 to miasto, dla kt\u00f3rego mieszka\u0144c\u00f3w \u015bwiadczymy us\u0142ugi zdalnej naprawy uk\u0142ad\u00f3w wydechowych. Czyszczenie katalizator\u00f3w Zamo\u015b\u0107 &#8211; dlaczego warto? G\u0142\u00f3wnie dlatego, \u017ce oferujemy profesjonalny zakres us\u0142ug, kt\u00f3rych wykonanie mo\u017cesz zleci\u0107 nam bez wychodzenia z domu. &hellip; Czytaj dalej Regeneracja katalizator\u00f3w i filtr\u00f3w DPF Zamo\u015b\u0107\" \/>\n<meta property=\"og:url\" content=\"https:\/\/kalinski.pl\/serwis\/regeneracja-katalizatorow-i-filtrow-dpf-zamosc\/\" \/>\n<meta property=\"og:site_name\" content=\"Kali\u0144ski\" \/>\n<meta property=\"article:modified_time\" content=\"2020-10-02T09:08:54+00:00\" \/>\n<meta property=\"og:image\" content=\"https:\/\/kalinski.pl\/wp-content\/uploads\/Filtry_Kalinski-1-1110x303.png\" \/>\n<meta name=\"twitter:card\" content=\"summary_large_image\" \/>\n<meta name=\"twitter:label1\" content=\"Szacowany czas czytania\" \/>\n\t<meta name=\"twitter:data1\" content=\"2 minuty\" \/>\n<script type=\"application\/ld+json\" class=\"yoast-schema-graph\">{\"@context\":\"https:\/\/schema.org\",\"@graph\":[{\"@type\":\"WebPage\",\"@id\":\"https:\/\/kalinski.pl\/serwis\/regeneracja-katalizatorow-i-filtrow-dpf-zamosc\/\",\"url\":\"https:\/\/kalinski.pl\/serwis\/regeneracja-katalizatorow-i-filtrow-dpf-zamosc\/\",\"name\":\"Regeneracja katalizator\u00f3w i filtr\u00f3w DPF Zamo\u015b\u0107 | Kali\u0144ski\",\"isPartOf\":{\"@id\":\"https:\/\/kalinski.pl\/serwis\/#website\"},\"primaryImageOfPage\":{\"@id\":\"https:\/\/kalinski.pl\/serwis\/regeneracja-katalizatorow-i-filtrow-dpf-zamosc\/#primaryimage\"},\"image\":{\"@id\":\"https:\/\/kalinski.pl\/serwis\/regeneracja-katalizatorow-i-filtrow-dpf-zamosc\/#primaryimage\"},\"thumbnailUrl\":\"https:\/\/kalinski.pl\/wp-content\/uploads\/Filtry_Kalinski-1-1110x303.png\",\"datePublished\":\"2020-09-02T07:18:10+00:00\",\"dateModified\":\"2020-10-02T09:08:54+00:00\",\"breadcrumb\":{\"@id\":\"https:\/\/kalinski.pl\/serwis\/regeneracja-katalizatorow-i-filtrow-dpf-zamosc\/#breadcrumb\"},\"inLanguage\":\"pl-PL\",\"potentialAction\":[{\"@type\":\"ReadAction\",\"target\":[\"https:\/\/kalinski.pl\/serwis\/regeneracja-katalizatorow-i-filtrow-dpf-zamosc\/\"]}]},{\"@type\":\"ImageObject\",\"inLanguage\":\"pl-PL\",\"@id\":\"https:\/\/kalinski.pl\/serwis\/regeneracja-katalizatorow-i-filtrow-dpf-zamosc\/#primaryimage\",\"url\":\"https:\/\/kalinski.pl\/wp-content\/uploads\/Filtry_Kalinski-1-1110x303.png\",\"contentUrl\":\"https:\/\/kalinski.pl\/wp-content\/uploads\/Filtry_Kalinski-1-1110x303.png\"},{\"@type\":\"BreadcrumbList\",\"@id\":\"https:\/\/kalinski.pl\/serwis\/regeneracja-katalizatorow-i-filtrow-dpf-zamosc\/#breadcrumb\",\"itemListElement\":[{\"@type\":\"ListItem\",\"position\":1,\"name\":\"Strona g\u0142\u00f3wna\",\"item\":\"https:\/\/kalinski.pl\/serwis\/\"},{\"@type\":\"ListItem\",\"position\":2,\"name\":\"Regeneracja katalizator\u00f3w i filtr\u00f3w DPF Zamo\u015b\u0107\"}]},{\"@type\":\"WebSite\",\"@id\":\"https:\/\/kalinski.pl\/serwis\/#website\",\"url\":\"https:\/\/kalinski.pl\/serwis\/\",\"name\":\"Kali\u0144ski\",\"description\":\"Uk\u0142ady wydechowe\",\"publisher\":{\"@id\":\"https:\/\/kalinski.pl\/serwis\/#organization\"},\"potentialAction\":[{\"@type\":\"SearchAction\",\"target\":{\"@type\":\"EntryPoint\",\"urlTemplate\":\"https:\/\/kalinski.pl\/serwis\/?s={search_term_string}\"},\"query-input\":{\"@type\":\"PropertyValueSpecification\",\"valueRequired\":true,\"valueName\":\"search_term_string\"}}],\"inLanguage\":\"pl-PL\"},{\"@type\":\"Organization\",\"@id\":\"https:\/\/kalinski.pl\/serwis\/#organization\",\"name\":\"Kali\u0144ski\",\"url\":\"https:\/\/kalinski.pl\/serwis\/\",\"logo\":{\"@type\":\"ImageObject\",\"inLanguage\":\"pl-PL\",\"@id\":\"https:\/\/kalinski.pl\/serwis\/#\/schema\/logo\/image\/\",\"url\":\"https:\/\/kalinski.pl\/serwis\/wp-content\/uploads\/2019\/03\/cropped-logo_white.jpg\",\"contentUrl\":\"https:\/\/kalinski.pl\/serwis\/wp-content\/uploads\/2019\/03\/cropped-logo_white.jpg\",\"width\":240,\"height\":63,\"caption\":\"Kali\u0144ski\"},\"image\":{\"@id\":\"https:\/\/kalinski.pl\/serwis\/#\/schema\/logo\/image\/\"}}]}<\/script>\n<!-- \/ Yoast SEO plugin. -->","yoast_head_json":{"title":"Regeneracja katalizator\u00f3w i filtr\u00f3w DPF Zamo\u015b\u0107 | Kali\u0144ski","robots":{"index":"index","follow":"follow","max-snippet":"max-snippet:-1","max-image-preview":"max-image-preview:large","max-video-preview":"max-video-preview:-1"},"canonical":"https:\/\/kalinski.pl\/serwis\/regeneracja-katalizatorow-i-filtrow-dpf-zamosc\/","og_locale":"pl_PL","og_type":"article","og_title":"Regeneracja katalizator\u00f3w i filtr\u00f3w DPF Zamo\u015b\u0107 | Kali\u0144ski","og_description":"Zadbaj o sw\u00f3j samoch\u00f3d razem z nami. Zajmujemy si\u0119 profesjonalnym czyszczeniem filtr\u00f3w DPF, a nasz\u0105 specjalno\u015bci\u0105 jest regeneracja katalizator\u00f3w i filtr\u00f3w. Zamo\u015b\u0107 to miasto, dla kt\u00f3rego mieszka\u0144c\u00f3w \u015bwiadczymy us\u0142ugi zdalnej naprawy uk\u0142ad\u00f3w wydechowych. Czyszczenie katalizator\u00f3w Zamo\u015b\u0107 &#8211; dlaczego warto? G\u0142\u00f3wnie dlatego, \u017ce oferujemy profesjonalny zakres us\u0142ug, kt\u00f3rych wykonanie mo\u017cesz zleci\u0107 nam bez wychodzenia z domu. &hellip; Czytaj dalej Regeneracja katalizator\u00f3w i filtr\u00f3w DPF Zamo\u015b\u0107","og_url":"https:\/\/kalinski.pl\/serwis\/regeneracja-katalizatorow-i-filtrow-dpf-zamosc\/","og_site_name":"Kali\u0144ski","article_modified_time":"2020-10-02T09:08:54+00:00","og_image":[{"url":"https:\/\/kalinski.pl\/wp-content\/uploads\/Filtry_Kalinski-1-1110x303.png","type":"","width":"","height":""}],"twitter_card":"summary_large_image","twitter_misc":{"Szacowany czas czytania":"2 minuty"},"schema":{"@context":"https:\/\/schema.org","@graph":[{"@type":"WebPage","@id":"https:\/\/kalinski.pl\/serwis\/regeneracja-katalizatorow-i-filtrow-dpf-zamosc\/","url":"https:\/\/kalinski.pl\/serwis\/regeneracja-katalizatorow-i-filtrow-dpf-zamosc\/","name":"Regeneracja katalizator\u00f3w i filtr\u00f3w DPF Zamo\u015b\u0107 | Kali\u0144ski","isPartOf":{"@id":"https:\/\/kalinski.pl\/serwis\/#website"},"primaryImageOfPage":{"@id":"https:\/\/kalinski.pl\/serwis\/regeneracja-katalizatorow-i-filtrow-dpf-zamosc\/#primaryimage"},"image":{"@id":"https:\/\/kalinski.pl\/serwis\/regeneracja-katalizatorow-i-filtrow-dpf-zamosc\/#primaryimage"},"thumbnailUrl":"https:\/\/kalinski.pl\/wp-content\/uploads\/Filtry_Kalinski-1-1110x303.png","datePublished":"2020-09-02T07:18:10+00:00","dateModified":"2020-10-02T09:08:54+00:00","breadcrumb":{"@id":"https:\/\/kalinski.pl\/serwis\/regeneracja-katalizatorow-i-filtrow-dpf-zamosc\/#breadcrumb"},"inLanguage":"pl-PL","potentialAction":[{"@type":"ReadAction","target":["https:\/\/kalinski.pl\/serwis\/regeneracja-katalizatorow-i-filtrow-dpf-zamosc\/"]}]},{"@type":"ImageObject","inLanguage":"pl-PL","@id":"https:\/\/kalinski.pl\/serwis\/regeneracja-katalizatorow-i-filtrow-dpf-zamosc\/#primaryimage","url":"https:\/\/kalinski.pl\/wp-content\/uploads\/Filtry_Kalinski-1-1110x303.png","contentUrl":"https:\/\/kalinski.pl\/wp-content\/uploads\/Filtry_Kalinski-1-1110x303.png"},{"@type":"BreadcrumbList","@id":"https:\/\/kalinski.pl\/serwis\/regeneracja-katalizatorow-i-filtrow-dpf-zamosc\/#breadcrumb","itemListElement":[{"@type":"ListItem","position":1,"name":"Strona g\u0142\u00f3wna","item":"https:\/\/kalinski.pl\/serwis\/"},{"@type":"ListItem","position":2,"name":"Regeneracja katalizator\u00f3w i filtr\u00f3w DPF Zamo\u015b\u0107"}]},{"@type":"WebSite","@id":"https:\/\/kalinski.pl\/serwis\/#website","url":"https:\/\/kalinski.pl\/serwis\/","name":"Kali\u0144ski","description":"Uk\u0142ady wydechowe","publisher":{"@id":"https:\/\/kalinski.pl\/serwis\/#organization"},"potentialAction":[{"@type":"SearchAction","target":{"@type":"EntryPoint","urlTemplate":"https:\/\/kalinski.pl\/serwis\/?s={search_term_string}"},"query-input":{"@type":"PropertyValueSpecification","valueRequired":true,"valueName":"search_term_string"}}],"inLanguage":"pl-PL"},{"@type":"Organization","@id":"https:\/\/kalinski.pl\/serwis\/#organization","name":"Kali\u0144ski","url":"https:\/\/kalinski.pl\/serwis\/","logo":{"@type":"ImageObject","inLanguage":"pl-PL","@id":"https:\/\/kalinski.pl\/serwis\/#\/schema\/logo\/image\/","url":"https:\/\/kalinski.pl\/serwis\/wp-content\/uploads\/2019\/03\/cropped-logo_white.jpg","contentUrl":"https:\/\/kalinski.pl\/serwis\/wp-content\/uploads\/2019\/03\/cropped-logo_white.jpg","width":240,"height":63,"caption":"Kali\u0144ski"},"image":{"@id":"https:\/\/kalinski.pl\/serwis\/#\/schema\/logo\/image\/"}}]}},"_links":{"self":[{"href":"https:\/\/kalinski.pl\/serwis\/wp-json\/wp\/v2\/pages\/2159","targetHints":{"allow":["GET"]}}],"collection":[{"href":"https:\/\/kalinski.pl\/serwis\/wp-json\/wp\/v2\/pages"}],"about":[{"href":"https:\/\/kalinski.pl\/serwis\/wp-json\/wp\/v2\/types\/page"}],"author":[{"embeddable":true,"href":"https:\/\/kalinski.pl\/serwis\/wp-json\/wp\/v2\/users\/821794"}],"replies":[{"embeddable":true,"href":"https:\/\/kalinski.pl\/serwis\/wp-json\/wp\/v2\/comments?post=2159"}],"version-history":[{"count":0,"href":"https:\/\/kalinski.pl\/serwis\/wp-json\/wp\/v2\/pages\/2159\/revisions"}],"wp:attachment":[{"href":"https:\/\/kalinski.pl\/serwis\/wp-json\/wp\/v2\/media?parent=2159"}],"curies":[{"name":"wp","href":"https:\/\/api.w.org\/{rel}","templated":true}]}}