{"id":2150,"date":"2020-09-02T09:06:54","date_gmt":"2020-09-02T07:06:54","guid":{"rendered":"https:\/\/kalinski.pl\/?page_id=2150"},"modified":"2020-10-02T11:06:39","modified_gmt":"2020-10-02T09:06:39","slug":"regeneracja-katalizatorow-i-filtrow-dpf-lomza","status":"publish","type":"page","link":"https:\/\/kalinski.pl\/serwis\/regeneracja-katalizatorow-i-filtrow-dpf-lomza\/","title":{"rendered":"Regeneracja katalizator\u00f3w i filtr\u00f3w DPF \u0141om\u017ca"},"content":{"rendered":"\n<figure class=\"wp-block-image size-large\"><img fetchpriority=\"high\" decoding=\"async\" width=\"1110\" height=\"303\" src=\"https:\/\/kalinski.pl\/wp-content\/uploads\/Filtry_Kalinski-1-1110x303.png\" alt=\"\" class=\"wp-image-1568\"\/><\/figure>\n\n\n\n<p style=\"text-align:justify; margin-top:25px;\">Nasz\u0105 ofert\u0119 kierujemy do Klient\u00f3w, kt\u00f3rzy maj\u0105 problem z uk\u0142adem wydechowym w swoim samochodzie. <strong>Zakres naszych us\u0142ug obejmuje regeneracj\u0119, czyszczenie filtr\u00f3w DPF, a tak\u017ce wypalanie katalizator\u00f3w.<\/strong> \u0141om\u017ca to miasto, na terenie, kt\u00f3rego nie mamy swojego warsztatu, ale oferujemy us\u0142ugi zdalne. Ca\u0142y proces jest przeprowadzany tak, aby zapewni\u0107 jak najwi\u0119kszy komfort klientom<\/p>\n\n\n\n<p style=\"text-align:justify;\">Kiedy transakcja zostaje zawarta, a p\u0142atno\u015b\u0107 za katalizator dokonana wraz z uwzgl\u0119dnieniem kaucji zwrotnej za stary, Klient zobowi\u0105zany jest nam go wys\u0142a\u0107 w celu wykonania us\u0142ugi &#8211; czyszczenia, wypalania lub regeneracji. Kiedy naprawa zostanie wykonana, wysy\u0142amy katalizator do Klienta, a ten ocenia jego stan. Na tej podstawie oszacowana zostaje r\u00f3wnie\u017c kwota kaucji zwrotnej.<br><\/p>\n\n\n\n<h2 class=\"has-text-align-center\" style=\"font-size:16px;\">Regeneracja katalizator\u00f3w &#8211; \u0141om\u017ca<\/h2>\n\n\n\n<p style=\"text-align:justify;\">Zdalna naprawa uk\u0142ad\u00f3w wydechowych to wygodne rozwi\u0105zanie dla Klient\u00f3w z ca\u0142ej Polski. Wykonujemy j\u0105 w samochodach osobowych, motocyklach, ale tak\u017ce w maszynach rolniczych czy pojazdach ci\u0119\u017carowych. Jako jedna z niewielu firm realizujemy <strong>czyszczenie filtr\u00f3w DPF<\/strong> na sucho, takie rozwi\u0105zanie jest du\u017co szybsze i bardziej dok\u0142adne ni\u017c oferowane przez wi\u0119kszo\u015b\u0107 firm p\u0142ukanie wod\u0105. <strong>Czyszczenie filtr\u00f3w DPF<\/strong> na sucho wykonujemy w bardzo wysokich temperaturach, dzi\u0119ki czemu znajduj\u0105ca si\u0119 wewn\u0105trz filtra sadza ulega spaleniu, a pozosta\u0142y po niej popi\u00f3\u0142 jest wydmuchiwany przy pomocy sprz\u0119\u017conego powietrza. Natomiast je\u015bli regeneracja DPF nie jest mo\u017cliwa, mo\u017cemy wymieni\u0107 go na nowy.<br><\/p>\n\n\n\n<h2 class=\"has-text-align-center\" style=\"font-size:16px;\">Dlaczego warto skorzysta\u0107 ze zdalnego czyszczenia katalizator\u00f3w i filtr\u00f3w DPF?<\/h2>\n\n\n\n<p style=\"text-align:justify;\">Poniewa\u017c posiadamy wieloletnie do\u015bwiadczenie, a tak\u017ce nieustannie poszerzamy nasze umiej\u0119tno\u015bci w zakresie regeneracji, dzi\u0119ki czemu mo\u017cemy w pe\u0142ni odpowiedzie\u0107 na potrzeby klient\u00f3w z \u0141om\u017cy, ale i ca\u0142ej Polski. Doskonale wiemy jak wa\u017cny jest uk\u0142ad wydechowy w poje\u017adzie, dlatego zajmujemy si\u0119 us\u0142ugami jedynie w tym zakresie. Je\u015bli w Twoim samochodzie za\u015bwieci\u0142a si\u0119 kontrolka \u201ccheck engine\u201d lub sygnalizuj\u0105ca awari\u0119 uk\u0142adu oczyszczania spalin &#8211; zg\u0142o\u015b si\u0119 do nas.<br><\/p>\n\n\n\n<div class=\"wp-block-columns is-layout-flex wp-container-core-columns-is-layout-1 wp-block-columns-is-layout-flex\">\n<div class=\"wp-block-column is-layout-flow wp-block-column-is-layout-flow\">\n<p><strong>Kali\u0144ski<\/strong><\/p>\n\n\n\n<p>ul. Szamotulska 40<\/p>\n\n\n\n<p>62-081 Chyby \/ Pozna\u0144<\/p>\n\n\n\n<p><strong>Sklep internetowy<\/strong><\/p>\n\n\n\n<p><a href=\"tel:0048691545545\">+48 691 545 545<\/a><\/p>\n\n\n\n<p><a href=\"javascript:;\">sklep@kalinski.pl<\/a><\/p>\n\n\n\n<p><strong>Serwis stacjonarny<\/strong><\/p>\n\n\n\n<p><a href=\"tel:004861 8142777\">+48 61 814 27 77<\/a><\/p>\n\n\n\n<p><a>serwis@kalinski.pl<\/a><\/p>\n\n\n<\/div>\n\n\n\n<div class=\"wp-block-column is-layout-flow wp-block-column-is-layout-flow\">\n[contact-form-7 id=&#8221;2271&#8243; title=&#8221;Formularz 1_copy&#8221;]\n<\/div>\n<\/div>\n\n\n\n<iframe src=\"https:\/\/www.google.com\/maps\/embed?pb=!1m18!1m12!1m3!1d2431.0285706240797!2d16.760886102313474!3d52.46051000818581!2m3!1f0!2f0!3f0!3m2!1i1024!2i768!4f13.1!3m3!1m2!1s0x470441321c9562cb%3A0xee0284f60b138572!2sSzamotulska%2040%2C%2062-081%20Chyby!5e0!3m2!1spl!2spl!4v1599030531539!5m2!1spl!2spl\" style=\"border:0;\" allowfullscreen=\"\" aria-hidden=\"false\" tabindex=\"0\" width=\"100%\" height=\"450\" frameborder=\"0\"><\/iframe>\n","protected":false},"excerpt":{"rendered":"<p>Nasz\u0105 ofert\u0119 kierujemy do Klient\u00f3w, kt\u00f3rzy maj\u0105 problem z uk\u0142adem wydechowym w swoim samochodzie. Zakres naszych us\u0142ug obejmuje regeneracj\u0119, czyszczenie filtr\u00f3w DPF, a tak\u017ce wypalanie katalizator\u00f3w. \u0141om\u017ca to miasto, na terenie, kt\u00f3rego nie mamy swojego warsztatu, ale oferujemy us\u0142ugi zdalne. Ca\u0142y proces jest przeprowadzany tak, aby zapewni\u0107 jak najwi\u0119kszy komfort klientom Kiedy transakcja zostaje zawarta, &hellip; <a href=\"https:\/\/kalinski.pl\/serwis\/regeneracja-katalizatorow-i-filtrow-dpf-lomza\/\" class=\"more-link\">Czytaj dalej<span class=\"screen-reader-text\"> Regeneracja katalizator\u00f3w i filtr\u00f3w DPF \u0141om\u017ca<\/span><\/a><\/p>\n","protected":false},"author":821794,"featured_media":0,"parent":0,"menu_order":0,"comment_status":"closed","ping_status":"closed","template":"","meta":{"footnotes":""},"class_list":["post-2150","page","type-page","status-publish","hentry"],"yoast_head":"<!-- This site is optimized with the Yoast SEO plugin v26.7 - https:\/\/yoast.com\/wordpress\/plugins\/seo\/ -->\n<title>Regeneracja katalizator\u00f3w i filtr\u00f3w DPF \u0141om\u017ca | Kali\u0144ski<\/title>\n<meta name=\"robots\" content=\"index, follow, max-snippet:-1, max-image-preview:large, max-video-preview:-1\" \/>\n<link rel=\"canonical\" href=\"https:\/\/kalinski.pl\/serwis\/regeneracja-katalizatorow-i-filtrow-dpf-lomza\/\" \/>\n<meta property=\"og:locale\" content=\"pl_PL\" \/>\n<meta property=\"og:type\" content=\"article\" \/>\n<meta property=\"og:title\" content=\"Regeneracja katalizator\u00f3w i filtr\u00f3w DPF \u0141om\u017ca | Kali\u0144ski\" \/>\n<meta property=\"og:description\" content=\"Nasz\u0105 ofert\u0119 kierujemy do Klient\u00f3w, kt\u00f3rzy maj\u0105 problem z uk\u0142adem wydechowym w swoim samochodzie. Zakres naszych us\u0142ug obejmuje regeneracj\u0119, czyszczenie filtr\u00f3w DPF, a tak\u017ce wypalanie katalizator\u00f3w. \u0141om\u017ca to miasto, na terenie, kt\u00f3rego nie mamy swojego warsztatu, ale oferujemy us\u0142ugi zdalne. Ca\u0142y proces jest przeprowadzany tak, aby zapewni\u0107 jak najwi\u0119kszy komfort klientom Kiedy transakcja zostaje zawarta, &hellip; Czytaj dalej Regeneracja katalizator\u00f3w i filtr\u00f3w DPF \u0141om\u017ca\" \/>\n<meta property=\"og:url\" content=\"https:\/\/kalinski.pl\/serwis\/regeneracja-katalizatorow-i-filtrow-dpf-lomza\/\" \/>\n<meta property=\"og:site_name\" content=\"Kali\u0144ski\" \/>\n<meta property=\"article:modified_time\" content=\"2020-10-02T09:06:39+00:00\" \/>\n<meta property=\"og:image\" content=\"https:\/\/kalinski.pl\/wp-content\/uploads\/Filtry_Kalinski-1-1110x303.png\" \/>\n<meta name=\"twitter:card\" content=\"summary_large_image\" \/>\n<meta name=\"twitter:label1\" content=\"Szacowany czas czytania\" \/>\n\t<meta name=\"twitter:data1\" content=\"2 minuty\" \/>\n<script type=\"application\/ld+json\" class=\"yoast-schema-graph\">{\"@context\":\"https:\/\/schema.org\",\"@graph\":[{\"@type\":\"WebPage\",\"@id\":\"https:\/\/kalinski.pl\/serwis\/regeneracja-katalizatorow-i-filtrow-dpf-lomza\/\",\"url\":\"https:\/\/kalinski.pl\/serwis\/regeneracja-katalizatorow-i-filtrow-dpf-lomza\/\",\"name\":\"Regeneracja katalizator\u00f3w i filtr\u00f3w DPF \u0141om\u017ca | Kali\u0144ski\",\"isPartOf\":{\"@id\":\"https:\/\/kalinski.pl\/serwis\/#website\"},\"primaryImageOfPage\":{\"@id\":\"https:\/\/kalinski.pl\/serwis\/regeneracja-katalizatorow-i-filtrow-dpf-lomza\/#primaryimage\"},\"image\":{\"@id\":\"https:\/\/kalinski.pl\/serwis\/regeneracja-katalizatorow-i-filtrow-dpf-lomza\/#primaryimage\"},\"thumbnailUrl\":\"https:\/\/kalinski.pl\/wp-content\/uploads\/Filtry_Kalinski-1-1110x303.png\",\"datePublished\":\"2020-09-02T07:06:54+00:00\",\"dateModified\":\"2020-10-02T09:06:39+00:00\",\"breadcrumb\":{\"@id\":\"https:\/\/kalinski.pl\/serwis\/regeneracja-katalizatorow-i-filtrow-dpf-lomza\/#breadcrumb\"},\"inLanguage\":\"pl-PL\",\"potentialAction\":[{\"@type\":\"ReadAction\",\"target\":[\"https:\/\/kalinski.pl\/serwis\/regeneracja-katalizatorow-i-filtrow-dpf-lomza\/\"]}]},{\"@type\":\"ImageObject\",\"inLanguage\":\"pl-PL\",\"@id\":\"https:\/\/kalinski.pl\/serwis\/regeneracja-katalizatorow-i-filtrow-dpf-lomza\/#primaryimage\",\"url\":\"https:\/\/kalinski.pl\/wp-content\/uploads\/Filtry_Kalinski-1-1110x303.png\",\"contentUrl\":\"https:\/\/kalinski.pl\/wp-content\/uploads\/Filtry_Kalinski-1-1110x303.png\"},{\"@type\":\"BreadcrumbList\",\"@id\":\"https:\/\/kalinski.pl\/serwis\/regeneracja-katalizatorow-i-filtrow-dpf-lomza\/#breadcrumb\",\"itemListElement\":[{\"@type\":\"ListItem\",\"position\":1,\"name\":\"Strona g\u0142\u00f3wna\",\"item\":\"https:\/\/kalinski.pl\/serwis\/\"},{\"@type\":\"ListItem\",\"position\":2,\"name\":\"Regeneracja katalizator\u00f3w i filtr\u00f3w DPF \u0141om\u017ca\"}]},{\"@type\":\"WebSite\",\"@id\":\"https:\/\/kalinski.pl\/serwis\/#website\",\"url\":\"https:\/\/kalinski.pl\/serwis\/\",\"name\":\"Kali\u0144ski\",\"description\":\"Uk\u0142ady wydechowe\",\"publisher\":{\"@id\":\"https:\/\/kalinski.pl\/serwis\/#organization\"},\"potentialAction\":[{\"@type\":\"SearchAction\",\"target\":{\"@type\":\"EntryPoint\",\"urlTemplate\":\"https:\/\/kalinski.pl\/serwis\/?s={search_term_string}\"},\"query-input\":{\"@type\":\"PropertyValueSpecification\",\"valueRequired\":true,\"valueName\":\"search_term_string\"}}],\"inLanguage\":\"pl-PL\"},{\"@type\":\"Organization\",\"@id\":\"https:\/\/kalinski.pl\/serwis\/#organization\",\"name\":\"Kali\u0144ski\",\"url\":\"https:\/\/kalinski.pl\/serwis\/\",\"logo\":{\"@type\":\"ImageObject\",\"inLanguage\":\"pl-PL\",\"@id\":\"https:\/\/kalinski.pl\/serwis\/#\/schema\/logo\/image\/\",\"url\":\"https:\/\/kalinski.pl\/serwis\/wp-content\/uploads\/2019\/03\/cropped-logo_white.jpg\",\"contentUrl\":\"https:\/\/kalinski.pl\/serwis\/wp-content\/uploads\/2019\/03\/cropped-logo_white.jpg\",\"width\":240,\"height\":63,\"caption\":\"Kali\u0144ski\"},\"image\":{\"@id\":\"https:\/\/kalinski.pl\/serwis\/#\/schema\/logo\/image\/\"}}]}<\/script>\n<!-- \/ Yoast SEO plugin. -->","yoast_head_json":{"title":"Regeneracja katalizator\u00f3w i filtr\u00f3w DPF \u0141om\u017ca | Kali\u0144ski","robots":{"index":"index","follow":"follow","max-snippet":"max-snippet:-1","max-image-preview":"max-image-preview:large","max-video-preview":"max-video-preview:-1"},"canonical":"https:\/\/kalinski.pl\/serwis\/regeneracja-katalizatorow-i-filtrow-dpf-lomza\/","og_locale":"pl_PL","og_type":"article","og_title":"Regeneracja katalizator\u00f3w i filtr\u00f3w DPF \u0141om\u017ca | Kali\u0144ski","og_description":"Nasz\u0105 ofert\u0119 kierujemy do Klient\u00f3w, kt\u00f3rzy maj\u0105 problem z uk\u0142adem wydechowym w swoim samochodzie. Zakres naszych us\u0142ug obejmuje regeneracj\u0119, czyszczenie filtr\u00f3w DPF, a tak\u017ce wypalanie katalizator\u00f3w. \u0141om\u017ca to miasto, na terenie, kt\u00f3rego nie mamy swojego warsztatu, ale oferujemy us\u0142ugi zdalne. Ca\u0142y proces jest przeprowadzany tak, aby zapewni\u0107 jak najwi\u0119kszy komfort klientom Kiedy transakcja zostaje zawarta, &hellip; Czytaj dalej Regeneracja katalizator\u00f3w i filtr\u00f3w DPF \u0141om\u017ca","og_url":"https:\/\/kalinski.pl\/serwis\/regeneracja-katalizatorow-i-filtrow-dpf-lomza\/","og_site_name":"Kali\u0144ski","article_modified_time":"2020-10-02T09:06:39+00:00","og_image":[{"url":"https:\/\/kalinski.pl\/wp-content\/uploads\/Filtry_Kalinski-1-1110x303.png","type":"","width":"","height":""}],"twitter_card":"summary_large_image","twitter_misc":{"Szacowany czas czytania":"2 minuty"},"schema":{"@context":"https:\/\/schema.org","@graph":[{"@type":"WebPage","@id":"https:\/\/kalinski.pl\/serwis\/regeneracja-katalizatorow-i-filtrow-dpf-lomza\/","url":"https:\/\/kalinski.pl\/serwis\/regeneracja-katalizatorow-i-filtrow-dpf-lomza\/","name":"Regeneracja katalizator\u00f3w i filtr\u00f3w DPF \u0141om\u017ca | Kali\u0144ski","isPartOf":{"@id":"https:\/\/kalinski.pl\/serwis\/#website"},"primaryImageOfPage":{"@id":"https:\/\/kalinski.pl\/serwis\/regeneracja-katalizatorow-i-filtrow-dpf-lomza\/#primaryimage"},"image":{"@id":"https:\/\/kalinski.pl\/serwis\/regeneracja-katalizatorow-i-filtrow-dpf-lomza\/#primaryimage"},"thumbnailUrl":"https:\/\/kalinski.pl\/wp-content\/uploads\/Filtry_Kalinski-1-1110x303.png","datePublished":"2020-09-02T07:06:54+00:00","dateModified":"2020-10-02T09:06:39+00:00","breadcrumb":{"@id":"https:\/\/kalinski.pl\/serwis\/regeneracja-katalizatorow-i-filtrow-dpf-lomza\/#breadcrumb"},"inLanguage":"pl-PL","potentialAction":[{"@type":"ReadAction","target":["https:\/\/kalinski.pl\/serwis\/regeneracja-katalizatorow-i-filtrow-dpf-lomza\/"]}]},{"@type":"ImageObject","inLanguage":"pl-PL","@id":"https:\/\/kalinski.pl\/serwis\/regeneracja-katalizatorow-i-filtrow-dpf-lomza\/#primaryimage","url":"https:\/\/kalinski.pl\/wp-content\/uploads\/Filtry_Kalinski-1-1110x303.png","contentUrl":"https:\/\/kalinski.pl\/wp-content\/uploads\/Filtry_Kalinski-1-1110x303.png"},{"@type":"BreadcrumbList","@id":"https:\/\/kalinski.pl\/serwis\/regeneracja-katalizatorow-i-filtrow-dpf-lomza\/#breadcrumb","itemListElement":[{"@type":"ListItem","position":1,"name":"Strona g\u0142\u00f3wna","item":"https:\/\/kalinski.pl\/serwis\/"},{"@type":"ListItem","position":2,"name":"Regeneracja katalizator\u00f3w i filtr\u00f3w DPF \u0141om\u017ca"}]},{"@type":"WebSite","@id":"https:\/\/kalinski.pl\/serwis\/#website","url":"https:\/\/kalinski.pl\/serwis\/","name":"Kali\u0144ski","description":"Uk\u0142ady wydechowe","publisher":{"@id":"https:\/\/kalinski.pl\/serwis\/#organization"},"potentialAction":[{"@type":"SearchAction","target":{"@type":"EntryPoint","urlTemplate":"https:\/\/kalinski.pl\/serwis\/?s={search_term_string}"},"query-input":{"@type":"PropertyValueSpecification","valueRequired":true,"valueName":"search_term_string"}}],"inLanguage":"pl-PL"},{"@type":"Organization","@id":"https:\/\/kalinski.pl\/serwis\/#organization","name":"Kali\u0144ski","url":"https:\/\/kalinski.pl\/serwis\/","logo":{"@type":"ImageObject","inLanguage":"pl-PL","@id":"https:\/\/kalinski.pl\/serwis\/#\/schema\/logo\/image\/","url":"https:\/\/kalinski.pl\/serwis\/wp-content\/uploads\/2019\/03\/cropped-logo_white.jpg","contentUrl":"https:\/\/kalinski.pl\/serwis\/wp-content\/uploads\/2019\/03\/cropped-logo_white.jpg","width":240,"height":63,"caption":"Kali\u0144ski"},"image":{"@id":"https:\/\/kalinski.pl\/serwis\/#\/schema\/logo\/image\/"}}]}},"_links":{"self":[{"href":"https:\/\/kalinski.pl\/serwis\/wp-json\/wp\/v2\/pages\/2150","targetHints":{"allow":["GET"]}}],"collection":[{"href":"https:\/\/kalinski.pl\/serwis\/wp-json\/wp\/v2\/pages"}],"about":[{"href":"https:\/\/kalinski.pl\/serwis\/wp-json\/wp\/v2\/types\/page"}],"author":[{"embeddable":true,"href":"https:\/\/kalinski.pl\/serwis\/wp-json\/wp\/v2\/users\/821794"}],"replies":[{"embeddable":true,"href":"https:\/\/kalinski.pl\/serwis\/wp-json\/wp\/v2\/comments?post=2150"}],"version-history":[{"count":0,"href":"https:\/\/kalinski.pl\/serwis\/wp-json\/wp\/v2\/pages\/2150\/revisions"}],"wp:attachment":[{"href":"https:\/\/kalinski.pl\/serwis\/wp-json\/wp\/v2\/media?parent=2150"}],"curies":[{"name":"wp","href":"https:\/\/api.w.org\/{rel}","templated":true}]}}