{"id":2139,"date":"2020-08-31T10:00:59","date_gmt":"2020-08-31T08:00:59","guid":{"rendered":"https:\/\/kalinski.pl\/?page_id=2139"},"modified":"2020-10-02T10:44:45","modified_gmt":"2020-10-02T08:44:45","slug":"regeneracja-katalizatorow-i-filtrow-dpf-gdynia","status":"publish","type":"page","link":"https:\/\/kalinski.pl\/serwis\/regeneracja-katalizatorow-i-filtrow-dpf-gdynia\/","title":{"rendered":"Regeneracja katalizator\u00f3w i filtr\u00f3w DPF Gdynia"},"content":{"rendered":"\n<figure class=\"wp-block-image size-large\"><img fetchpriority=\"high\" decoding=\"async\" width=\"1110\" height=\"303\" src=\"https:\/\/kalinski.pl\/wp-content\/uploads\/Filtry_Kalinski-1-1110x303.png\" alt=\"\" class=\"wp-image-1568\"\/><\/figure>\n\n\n<p style=\"margin-top: 25px;\" align=\"justify\">Tr\u00f3jmiasto jest jednym z najwa\u017cniejszych okr\u0119g\u00f3w przemys\u0142owych w Polsce. Lokalni przedsi\u0119biorcy musz\u0105 wi\u0119c robi\u0107 wszystko, aby nad\u0105\u017cy\u0107 za dynamicznym rozwojem rynku. To z kolei wymaga \u015bwietnej logistyki i zorganizowania przewozu r\u00f3\u017cnych element\u00f3w. Nic wi\u0119c dziwnego, \u017ce wiele lokalnych firm posiada swoj\u0105 w\u0142asn\u0105 flot\u0119 pojazd\u00f3w s\u0142u\u017cbowych. Aby jednak samochody pozosta\u0142y sprawne przez d\u0142u\u017cszy czas, trzeba zadba\u0107 o ich stan techniczny. Pod tym wzgl\u0119dem szczeg\u00f3lne znaczenie ma poprawna praca uk\u0142adu silnikowo-wydechowego.<\/p>\n<p align=\"justify\">Jedn\u0105 z us\u0142ug widniej\u0105cych w naszej ofercie jest <b>regeneracja katalizator\u00f3w Gdynia. <\/b>Ka\u017cdy kierowca z pewno\u015bci\u0105 wie o tym, jak wa\u017cn\u0105 rol\u0119 odgrywa sprawny katalizator. Niestety, przy wysokiej eksploatacji pojazdu zu\u017cycie tego elementu przebiega znacznie szybciej. Problem ten dotyczy zar\u00f3wno samochod\u00f3w ci\u0119\u017carowych, jak i aut osobowych. Na szcz\u0119\u015bcie profesjonalne <b>czyszczenie katalizator\u00f3w Gdynia <\/b>pozwala przywr\u00f3ci\u0107 zu\u017cytym egzemplarzom dawn\u0105 funkcjonalno\u015b\u0107. Dlatego w naszym asortymencie mo\u017cna znale\u017a\u0107 u\u017cywane katalizatory, kt\u00f3re przesz\u0142y proces regeneracji. Dzi\u0119ki specjalistycznym maszynom jeste\u015bmy w stanie przeprowadzi\u0107 kompleksowe czyszczenie oraz<b> wypalanie katalizator\u00f3w Gdynia w pojazdach ci\u0119\u017carowych. <\/b>W razie potrzeby wymieniamy tak\u017ce ich wk\u0142ad, co szczeg\u00f3lnie wa\u017cne jest dla samochod\u00f3w osobowych. To daje nam pewno\u015b\u0107, \u017ce dany egzemplarz jest gotowy do ponownego u\u017cytku.<\/p>\n<p align=\"justify\"><b>Regeneracja katalizator\u00f3w Gdynia<\/b> to jednak nie wszystko. Nasi klienci mog\u0105 bowiem skorzysta\u0107 z analogicznej us\u0142ugi dotycz\u0105cej filtr\u00f3w DPF. Ich sprawne dzia\u0142anie jest niezb\u0119dne do tego, aby samoch\u00f3d mie\u015bci\u0142 si\u0119 w dopuszczalnym limicie emitowanych spalin. Z tego wzgl\u0119du oferujemy profesjonalne <b>czyszczenie filtr\u00f3w DPF Gdynia. <\/b>Mo\u017ce ono nast\u0105pi\u0107 poprzez wymian\u0119 wk\u0142adu lub u\u017cycie maszyny Hartridge DPF 300. Tak przeprowadzona <b>regeneracja DPF Gdynia <\/b>zapewnia mo\u017cliwo\u015b\u0107 ponownego u\u017cycia danego egzemplarza.<\/p>\n<p align=\"justify\">Cho\u0107 siedziba firmy Kali\u0144ski mie\u015bci si\u0119 w Chybach (k. Poznania), nasi klienci mog\u0105 skorzysta\u0107 z oferty zakup\u00f3w wysy\u0142kowych. Dzi\u0119ki temu zam\u00f3wione cz\u0119\u015bci zostan\u0105 szybko dostarczone pod wskazany adres. Zach\u0119camy do skorzystania z naszych us\u0142ug.<\/p>\n\n\n<div class=\"wp-block-columns is-layout-flex wp-container-core-columns-is-layout-1 wp-block-columns-is-layout-flex\">\n<div class=\"wp-block-column is-layout-flow wp-block-column-is-layout-flow\">\n<p><strong>Kali\u0144ski<\/strong><\/p>\n\n\n\n<p>ul. Szamotulska 40<\/p>\n\n\n\n<p>62-081 Chyby \/ Pozna\u0144<\/p>\n\n\n\n<p><strong>Sklep internetowy<\/strong><\/p>\n\n\n\n<p><a href=\"tel:0048691545545\">+48 691 545 545<\/a><\/p>\n\n\n\n<p><a href=\"javascript:;\">sklep@kalinski.pl<\/a><\/p>\n\n\n\n<p><strong>Serwis stacjonarny<\/strong><\/p>\n\n\n\n<p><a href=\"tel:004861 8142777\">+48 61 814 27 77<\/a><\/p>\n\n\n\n<p><a>serwis@kalinski.pl<\/a><\/p>\n<\/div>\n\n\n\n<div class=\"wp-block-column is-layout-flow wp-block-column-is-layout-flow\">\n[contact-form-7 id=&#8221;2271&#8243; title=&#8221;Formularz 1_copy&#8221;]\n<\/div>\n<\/div>\n\n\n\n<iframe src=\"https:\/\/www.google.com\/maps\/embed?pb=!1m18!1m12!1m3!1d2431.024961043721!2d16.7608539158053!3d52.460575379803046!2m3!1f0!2f0!3f0!3m2!1i1024!2i768!4f13.1!3m3!1m2!1s0x470441321c9562cb%3A0xee0284f60b138572!2sSzamotulska%2040%2C%2062-081%20Chyby!5e0!3m2!1spl!2spl!4v1598862248906!5m2!1spl!2spl\" style=\"border:0;\" allowfullscreen=\"\" aria-hidden=\"false\" tabindex=\"0\" width=\"100%\" height=\"400\" frameborder=\"0\"><\/iframe>\n\n\n","protected":false},"excerpt":{"rendered":"<p>Tr\u00f3jmiasto jest jednym z najwa\u017cniejszych okr\u0119g\u00f3w przemys\u0142owych w Polsce. Lokalni przedsi\u0119biorcy musz\u0105 wi\u0119c robi\u0107 wszystko, aby nad\u0105\u017cy\u0107 za dynamicznym rozwojem rynku. To z kolei wymaga \u015bwietnej logistyki i zorganizowania przewozu r\u00f3\u017cnych element\u00f3w. Nic wi\u0119c dziwnego, \u017ce wiele lokalnych firm posiada swoj\u0105 w\u0142asn\u0105 flot\u0119 pojazd\u00f3w s\u0142u\u017cbowych. Aby jednak samochody pozosta\u0142y sprawne przez d\u0142u\u017cszy czas, trzeba zadba\u0107 &hellip; <a href=\"https:\/\/kalinski.pl\/serwis\/regeneracja-katalizatorow-i-filtrow-dpf-gdynia\/\" class=\"more-link\">Czytaj dalej<span class=\"screen-reader-text\"> Regeneracja katalizator\u00f3w i filtr\u00f3w DPF Gdynia<\/span><\/a><\/p>\n","protected":false},"author":821794,"featured_media":0,"parent":0,"menu_order":0,"comment_status":"closed","ping_status":"closed","template":"","meta":{"footnotes":""},"class_list":["post-2139","page","type-page","status-publish","hentry"],"yoast_head":"<!-- This site is optimized with the Yoast SEO plugin v26.7 - https:\/\/yoast.com\/wordpress\/plugins\/seo\/ -->\n<title>Regeneracja katalizator\u00f3w i filtr\u00f3w DPF Gdynia | Kali\u0144ski<\/title>\n<meta name=\"robots\" content=\"index, follow, max-snippet:-1, max-image-preview:large, max-video-preview:-1\" \/>\n<link rel=\"canonical\" href=\"https:\/\/kalinski.pl\/serwis\/regeneracja-katalizatorow-i-filtrow-dpf-gdynia\/\" \/>\n<meta property=\"og:locale\" content=\"pl_PL\" \/>\n<meta property=\"og:type\" content=\"article\" \/>\n<meta property=\"og:title\" content=\"Regeneracja katalizator\u00f3w i filtr\u00f3w DPF Gdynia | Kali\u0144ski\" \/>\n<meta property=\"og:description\" content=\"Tr\u00f3jmiasto jest jednym z najwa\u017cniejszych okr\u0119g\u00f3w przemys\u0142owych w Polsce. Lokalni przedsi\u0119biorcy musz\u0105 wi\u0119c robi\u0107 wszystko, aby nad\u0105\u017cy\u0107 za dynamicznym rozwojem rynku. To z kolei wymaga \u015bwietnej logistyki i zorganizowania przewozu r\u00f3\u017cnych element\u00f3w. Nic wi\u0119c dziwnego, \u017ce wiele lokalnych firm posiada swoj\u0105 w\u0142asn\u0105 flot\u0119 pojazd\u00f3w s\u0142u\u017cbowych. Aby jednak samochody pozosta\u0142y sprawne przez d\u0142u\u017cszy czas, trzeba zadba\u0107 &hellip; Czytaj dalej Regeneracja katalizator\u00f3w i filtr\u00f3w DPF Gdynia\" \/>\n<meta property=\"og:url\" content=\"https:\/\/kalinski.pl\/serwis\/regeneracja-katalizatorow-i-filtrow-dpf-gdynia\/\" \/>\n<meta property=\"og:site_name\" content=\"Kali\u0144ski\" \/>\n<meta property=\"article:modified_time\" content=\"2020-10-02T08:44:45+00:00\" \/>\n<meta property=\"og:image\" content=\"https:\/\/kalinski.pl\/wp-content\/uploads\/Filtry_Kalinski-1-1110x303.png\" \/>\n<meta name=\"twitter:card\" content=\"summary_large_image\" \/>\n<meta name=\"twitter:label1\" content=\"Szacowany czas czytania\" \/>\n\t<meta name=\"twitter:data1\" content=\"2 minuty\" \/>\n<script type=\"application\/ld+json\" class=\"yoast-schema-graph\">{\"@context\":\"https:\/\/schema.org\",\"@graph\":[{\"@type\":\"WebPage\",\"@id\":\"https:\/\/kalinski.pl\/serwis\/regeneracja-katalizatorow-i-filtrow-dpf-gdynia\/\",\"url\":\"https:\/\/kalinski.pl\/serwis\/regeneracja-katalizatorow-i-filtrow-dpf-gdynia\/\",\"name\":\"Regeneracja katalizator\u00f3w i filtr\u00f3w DPF Gdynia | Kali\u0144ski\",\"isPartOf\":{\"@id\":\"https:\/\/kalinski.pl\/serwis\/#website\"},\"primaryImageOfPage\":{\"@id\":\"https:\/\/kalinski.pl\/serwis\/regeneracja-katalizatorow-i-filtrow-dpf-gdynia\/#primaryimage\"},\"image\":{\"@id\":\"https:\/\/kalinski.pl\/serwis\/regeneracja-katalizatorow-i-filtrow-dpf-gdynia\/#primaryimage\"},\"thumbnailUrl\":\"https:\/\/kalinski.pl\/wp-content\/uploads\/Filtry_Kalinski-1-1110x303.png\",\"datePublished\":\"2020-08-31T08:00:59+00:00\",\"dateModified\":\"2020-10-02T08:44:45+00:00\",\"breadcrumb\":{\"@id\":\"https:\/\/kalinski.pl\/serwis\/regeneracja-katalizatorow-i-filtrow-dpf-gdynia\/#breadcrumb\"},\"inLanguage\":\"pl-PL\",\"potentialAction\":[{\"@type\":\"ReadAction\",\"target\":[\"https:\/\/kalinski.pl\/serwis\/regeneracja-katalizatorow-i-filtrow-dpf-gdynia\/\"]}]},{\"@type\":\"ImageObject\",\"inLanguage\":\"pl-PL\",\"@id\":\"https:\/\/kalinski.pl\/serwis\/regeneracja-katalizatorow-i-filtrow-dpf-gdynia\/#primaryimage\",\"url\":\"https:\/\/kalinski.pl\/wp-content\/uploads\/Filtry_Kalinski-1-1110x303.png\",\"contentUrl\":\"https:\/\/kalinski.pl\/wp-content\/uploads\/Filtry_Kalinski-1-1110x303.png\"},{\"@type\":\"BreadcrumbList\",\"@id\":\"https:\/\/kalinski.pl\/serwis\/regeneracja-katalizatorow-i-filtrow-dpf-gdynia\/#breadcrumb\",\"itemListElement\":[{\"@type\":\"ListItem\",\"position\":1,\"name\":\"Strona g\u0142\u00f3wna\",\"item\":\"https:\/\/kalinski.pl\/serwis\/\"},{\"@type\":\"ListItem\",\"position\":2,\"name\":\"Regeneracja katalizator\u00f3w i filtr\u00f3w DPF Gdynia\"}]},{\"@type\":\"WebSite\",\"@id\":\"https:\/\/kalinski.pl\/serwis\/#website\",\"url\":\"https:\/\/kalinski.pl\/serwis\/\",\"name\":\"Kali\u0144ski\",\"description\":\"Uk\u0142ady wydechowe\",\"publisher\":{\"@id\":\"https:\/\/kalinski.pl\/serwis\/#organization\"},\"potentialAction\":[{\"@type\":\"SearchAction\",\"target\":{\"@type\":\"EntryPoint\",\"urlTemplate\":\"https:\/\/kalinski.pl\/serwis\/?s={search_term_string}\"},\"query-input\":{\"@type\":\"PropertyValueSpecification\",\"valueRequired\":true,\"valueName\":\"search_term_string\"}}],\"inLanguage\":\"pl-PL\"},{\"@type\":\"Organization\",\"@id\":\"https:\/\/kalinski.pl\/serwis\/#organization\",\"name\":\"Kali\u0144ski\",\"url\":\"https:\/\/kalinski.pl\/serwis\/\",\"logo\":{\"@type\":\"ImageObject\",\"inLanguage\":\"pl-PL\",\"@id\":\"https:\/\/kalinski.pl\/serwis\/#\/schema\/logo\/image\/\",\"url\":\"https:\/\/kalinski.pl\/serwis\/wp-content\/uploads\/2019\/03\/cropped-logo_white.jpg\",\"contentUrl\":\"https:\/\/kalinski.pl\/serwis\/wp-content\/uploads\/2019\/03\/cropped-logo_white.jpg\",\"width\":240,\"height\":63,\"caption\":\"Kali\u0144ski\"},\"image\":{\"@id\":\"https:\/\/kalinski.pl\/serwis\/#\/schema\/logo\/image\/\"}}]}<\/script>\n<!-- \/ Yoast SEO plugin. -->","yoast_head_json":{"title":"Regeneracja katalizator\u00f3w i filtr\u00f3w DPF Gdynia | Kali\u0144ski","robots":{"index":"index","follow":"follow","max-snippet":"max-snippet:-1","max-image-preview":"max-image-preview:large","max-video-preview":"max-video-preview:-1"},"canonical":"https:\/\/kalinski.pl\/serwis\/regeneracja-katalizatorow-i-filtrow-dpf-gdynia\/","og_locale":"pl_PL","og_type":"article","og_title":"Regeneracja katalizator\u00f3w i filtr\u00f3w DPF Gdynia | Kali\u0144ski","og_description":"Tr\u00f3jmiasto jest jednym z najwa\u017cniejszych okr\u0119g\u00f3w przemys\u0142owych w Polsce. Lokalni przedsi\u0119biorcy musz\u0105 wi\u0119c robi\u0107 wszystko, aby nad\u0105\u017cy\u0107 za dynamicznym rozwojem rynku. To z kolei wymaga \u015bwietnej logistyki i zorganizowania przewozu r\u00f3\u017cnych element\u00f3w. Nic wi\u0119c dziwnego, \u017ce wiele lokalnych firm posiada swoj\u0105 w\u0142asn\u0105 flot\u0119 pojazd\u00f3w s\u0142u\u017cbowych. Aby jednak samochody pozosta\u0142y sprawne przez d\u0142u\u017cszy czas, trzeba zadba\u0107 &hellip; Czytaj dalej Regeneracja katalizator\u00f3w i filtr\u00f3w DPF Gdynia","og_url":"https:\/\/kalinski.pl\/serwis\/regeneracja-katalizatorow-i-filtrow-dpf-gdynia\/","og_site_name":"Kali\u0144ski","article_modified_time":"2020-10-02T08:44:45+00:00","og_image":[{"url":"https:\/\/kalinski.pl\/wp-content\/uploads\/Filtry_Kalinski-1-1110x303.png","type":"","width":"","height":""}],"twitter_card":"summary_large_image","twitter_misc":{"Szacowany czas czytania":"2 minuty"},"schema":{"@context":"https:\/\/schema.org","@graph":[{"@type":"WebPage","@id":"https:\/\/kalinski.pl\/serwis\/regeneracja-katalizatorow-i-filtrow-dpf-gdynia\/","url":"https:\/\/kalinski.pl\/serwis\/regeneracja-katalizatorow-i-filtrow-dpf-gdynia\/","name":"Regeneracja katalizator\u00f3w i filtr\u00f3w DPF Gdynia | Kali\u0144ski","isPartOf":{"@id":"https:\/\/kalinski.pl\/serwis\/#website"},"primaryImageOfPage":{"@id":"https:\/\/kalinski.pl\/serwis\/regeneracja-katalizatorow-i-filtrow-dpf-gdynia\/#primaryimage"},"image":{"@id":"https:\/\/kalinski.pl\/serwis\/regeneracja-katalizatorow-i-filtrow-dpf-gdynia\/#primaryimage"},"thumbnailUrl":"https:\/\/kalinski.pl\/wp-content\/uploads\/Filtry_Kalinski-1-1110x303.png","datePublished":"2020-08-31T08:00:59+00:00","dateModified":"2020-10-02T08:44:45+00:00","breadcrumb":{"@id":"https:\/\/kalinski.pl\/serwis\/regeneracja-katalizatorow-i-filtrow-dpf-gdynia\/#breadcrumb"},"inLanguage":"pl-PL","potentialAction":[{"@type":"ReadAction","target":["https:\/\/kalinski.pl\/serwis\/regeneracja-katalizatorow-i-filtrow-dpf-gdynia\/"]}]},{"@type":"ImageObject","inLanguage":"pl-PL","@id":"https:\/\/kalinski.pl\/serwis\/regeneracja-katalizatorow-i-filtrow-dpf-gdynia\/#primaryimage","url":"https:\/\/kalinski.pl\/wp-content\/uploads\/Filtry_Kalinski-1-1110x303.png","contentUrl":"https:\/\/kalinski.pl\/wp-content\/uploads\/Filtry_Kalinski-1-1110x303.png"},{"@type":"BreadcrumbList","@id":"https:\/\/kalinski.pl\/serwis\/regeneracja-katalizatorow-i-filtrow-dpf-gdynia\/#breadcrumb","itemListElement":[{"@type":"ListItem","position":1,"name":"Strona g\u0142\u00f3wna","item":"https:\/\/kalinski.pl\/serwis\/"},{"@type":"ListItem","position":2,"name":"Regeneracja katalizator\u00f3w i filtr\u00f3w DPF Gdynia"}]},{"@type":"WebSite","@id":"https:\/\/kalinski.pl\/serwis\/#website","url":"https:\/\/kalinski.pl\/serwis\/","name":"Kali\u0144ski","description":"Uk\u0142ady wydechowe","publisher":{"@id":"https:\/\/kalinski.pl\/serwis\/#organization"},"potentialAction":[{"@type":"SearchAction","target":{"@type":"EntryPoint","urlTemplate":"https:\/\/kalinski.pl\/serwis\/?s={search_term_string}"},"query-input":{"@type":"PropertyValueSpecification","valueRequired":true,"valueName":"search_term_string"}}],"inLanguage":"pl-PL"},{"@type":"Organization","@id":"https:\/\/kalinski.pl\/serwis\/#organization","name":"Kali\u0144ski","url":"https:\/\/kalinski.pl\/serwis\/","logo":{"@type":"ImageObject","inLanguage":"pl-PL","@id":"https:\/\/kalinski.pl\/serwis\/#\/schema\/logo\/image\/","url":"https:\/\/kalinski.pl\/serwis\/wp-content\/uploads\/2019\/03\/cropped-logo_white.jpg","contentUrl":"https:\/\/kalinski.pl\/serwis\/wp-content\/uploads\/2019\/03\/cropped-logo_white.jpg","width":240,"height":63,"caption":"Kali\u0144ski"},"image":{"@id":"https:\/\/kalinski.pl\/serwis\/#\/schema\/logo\/image\/"}}]}},"_links":{"self":[{"href":"https:\/\/kalinski.pl\/serwis\/wp-json\/wp\/v2\/pages\/2139","targetHints":{"allow":["GET"]}}],"collection":[{"href":"https:\/\/kalinski.pl\/serwis\/wp-json\/wp\/v2\/pages"}],"about":[{"href":"https:\/\/kalinski.pl\/serwis\/wp-json\/wp\/v2\/types\/page"}],"author":[{"embeddable":true,"href":"https:\/\/kalinski.pl\/serwis\/wp-json\/wp\/v2\/users\/821794"}],"replies":[{"embeddable":true,"href":"https:\/\/kalinski.pl\/serwis\/wp-json\/wp\/v2\/comments?post=2139"}],"version-history":[{"count":0,"href":"https:\/\/kalinski.pl\/serwis\/wp-json\/wp\/v2\/pages\/2139\/revisions"}],"wp:attachment":[{"href":"https:\/\/kalinski.pl\/serwis\/wp-json\/wp\/v2\/media?parent=2139"}],"curies":[{"name":"wp","href":"https:\/\/api.w.org\/{rel}","templated":true}]}}