{"id":1837,"date":"2020-08-13T09:21:17","date_gmt":"2020-08-13T07:21:17","guid":{"rendered":"https:\/\/kalinski.pl\/?page_id=1837"},"modified":"2020-08-13T09:21:17","modified_gmt":"2020-08-13T07:21:17","slug":"tlumiki-rury-i-koncowki-wydechu-do-motocykli-eng","status":"publish","type":"page","link":"https:\/\/kalinski.pl\/serwis\/en\/tlumiki-rury-i-koncowki-wydechu-do-motocykli-eng\/","title":{"rendered":"T\u0142umiki, rury i ko\u0144c\u00f3wki wydechu do motocykli eng"},"content":{"rendered":"<p align=\"justify\">&nbsp;<\/p>\n<p align=\"justify\"><img fetchpriority=\"high\" decoding=\"async\" class=\"alignnone wp-image-1433 size-large\" src=\"https:\/\/kalinski.pl\/wp-content\/uploads\/Indian_Chief_1.jpg\" alt=\"\" width=\"1024\" height=\"683\"><\/p>\n<p align=\"justify\">Ka\u017cdy mi\u0142o\u015bnik jedno\u015blad\u00f3w wie o tym, \u017ce sprawny uk\u0142ad wydechowy jest szczeg\u00f3lnie istotnym czynnikiem w przypadku motocykli. Jednocze\u015bnie z racji na swoje po\u0142o\u017cenie zar\u00f3wno <strong>t\u0142umiki motocyklowe<\/strong>, jak i rury wydechu s\u0105 stosunkowo podatne na uszkodzenia. Dlatego firma Kali\u0144ski oferuje pomoc wszystkim w\u0142a\u015bcicielom jedno\u015blad\u00f3w, kt\u00f3rzy chcieliby wymieni\u0107 lub naprawi\u0107 uszkodzony wydech w swoim motorze.<\/p>\n<p align=\"justify\">Nasz zesp\u00f3\u0142 sk\u0142ada si\u0119 z prawdziwych pasjonat\u00f3w motoryzacji. Doskonale wiemy o tym, \u017ce motocykl jest nieraz przys\u0142owiowym oczkiem w g\u0142owie swojego w\u0142a\u015bciciela. Z tego powodu do ka\u017cdego zlecenia podchodzimy z zachowaniem pe\u0142nego profesjonalizmu. Koniec ko\u0144c\u00f3w sami kochamy te maszyny i z nich korzystamy.<\/p>\n<p align=\"justify\">W naszej ofercie znajduje si\u0119 zar\u00f3wno <strong>naprawa t\u0142umik\u00f3w motocyklowych<\/strong>, jak i <strong>wymiana t\u0142umik\u00f3w motocyklowych<\/strong>. Od czego zale\u017cy taki wyb\u00f3r? Tak naprawd\u0119 g\u0142\u00f3wnym czynnikiem s\u0105 tutaj odczucia w\u0142a\u015bciciela danego pojazdu. <strong>Naprawa t\u0142umik\u00f3w motocyklowych<\/strong> jest wskazana wtedy, gdy t\u0142umik sprawowa\u0142 si\u0119 bardzo dobrze, ale nagle uleg\u0142 uszkodzeniu. Z kolei wymiana b\u0119dzie lepszym rozwi\u0105zaniem, je\u017celi w\u0142a\u015bciciel nie jest do ko\u0144ca zadowolony z pracy tej cz\u0119\u015bci. Co istotne, <strong>wymiana t\u0142umik\u00f3w motocyklowych<\/strong> zapewnia naprawd\u0119 du\u017ce mo\u017cliwo\u015bci. Dlaczego? Poniewa\u017c <strong>t\u0142umiki motocyklowe<\/strong> to akcesoria o bardzo zr\u00f3\u017cnicowanej specyfikacji technicznej. Przy korzystaniu z fabrycznych cz\u0119\u015bci ta r\u00f3\u017cnica mo\u017ce by\u0107 niezauwa\u017calna. Jednak wystarczy postawi\u0107 na <strong>t\u0142umik sportowy motocyklowy<\/strong>, aby ka\u017cda trasa pokonywana na motorze nabra\u0142a zupe\u0142nie innego charakteru. Dlaczego wi\u0119c nie spr\u00f3bowa\u0107?&#8230;<\/p>\n<p align=\"justify\">Jednocze\u015bnie pragniemy podkre\u015bli\u0107, \u017ce jako firma Kali\u0144ski sami jeste\u015bmy producentami cz\u0119\u015bci zwi\u0105zanych z uk\u0142adem wydechowym. Nasza oferta obejmuje mi\u0119dzy innymi: <strong>t\u0142umiki akcesoryjne do motocykli<\/strong>, rury, kolanka oraz ko\u0144c\u00f3wki t\u0142umik\u00f3w motocyklowych. T\u0142umiki Kali\u0144ski s\u0105 chwalone przez motocyklist\u00f3w ze wzgl\u0119du na swoje konkretne basowe brzmienie. To z kolei sprawia, \u017ce niekt\u00f3rzy od razu wymieniaj\u0105 fabryczny t\u0142umik na wybrany produkt z naszej oferty.<\/p>\n<p align=\"justify\">Monta\u017c wybranego t\u0142umika z naszego asortymentu zapewnia r\u00f3wnie\u017c mo\u017cliwo\u015b\u0107 dopasowania jego ko\u0144c\u00f3wki. Niejednokrotnie przekonali\u015bmy si\u0119 o tym, \u017ce wielu motocyklist\u00f3w zwraca uwag\u0119 na wygl\u0105d takich element\u00f3w. Dlatego w ofercie firmy Kali\u0144ski mo\u017cna znale\u017a\u0107 ozdobne <strong>ko\u0144c\u00f3wki t\u0142umik\u00f3w motocyklowych<\/strong>. <strong>Cena<\/strong> takich akcesori\u00f3w nie jest wysoka, cho\u0107 w praktyce ich monta\u017c zapewnia naprawd\u0119 znakomity efekt wizualny. Wszystkie oferowane <strong>ko\u0144c\u00f3wki t\u0142umik\u00f3w motocyklowych <\/strong>s\u0105 przeznaczone do u\u017cycia wraz z t\u0142umikami marki Kali\u0144ski.<\/p>\n<p align=\"justify\">Ze wzgl\u0119du na to, \u017ce sami produkujemy uk\u0142ady wydechowe \u2013 mo\u017cemy zaoferowa\u0107 co\u015b ekstra nawet tym najbardziej wymagaj\u0105cym klientom. Nasz asortyment obejmuje bowiem <strong>t\u0142umiki motocyklowe na zam\u00f3wienie<\/strong>. Oczywi\u015bcie s\u0105 one dopasowane do parametr\u00f3w fabrycznie montowanych t\u0142umik\u00f3w. Dzi\u0119ki temu mo\u017cemy zapewni\u0107 naszym klientom pe\u0142n\u0105 gwarancj\u0119 satysfakcji.<\/p>\n<p align=\"justify\">Co istotne, nasz dzia\u0142 motocykli zajmuje si\u0119 tak\u017ce realizacj\u0105 zlece\u0144 dotycz\u0105cych: motorower\u00f3w, quad\u00f3w oraz trajek. Aby uzyska\u0107 wi\u0119cej informacji na temat us\u0142ug w zakresie naprawy lub wymiany cz\u0119\u015bci w takich pojazdach, serdecznie zapraszamy do kontaktu.<\/p>\n<p align=\"justify\">Nasza firma mie\u015bci si\u0119 przy ulicy Szamotulskiej 40 (Chyby\/Pozna\u0144) \u2013 tu\u017c obok obwodnicy zachodniej Poznania i drogi S11. Dogodna lokalizacja sprawia, \u017ce wszyscy klienci \u0142atwo odnajd\u0105 nasz\u0105 siedzib\u0119. Zapraszamy do skorzystania z naszych us\u0142ug!<\/p>\n","protected":false},"excerpt":{"rendered":"<p>&nbsp; Ka\u017cdy mi\u0142o\u015bnik jedno\u015blad\u00f3w wie o tym, \u017ce sprawny uk\u0142ad wydechowy jest szczeg\u00f3lnie istotnym czynnikiem w przypadku motocykli. Jednocze\u015bnie z racji na swoje po\u0142o\u017cenie zar\u00f3wno t\u0142umiki motocyklowe, jak i rury wydechu s\u0105 stosunkowo podatne na uszkodzenia. Dlatego firma Kali\u0144ski oferuje pomoc wszystkim w\u0142a\u015bcicielom jedno\u015blad\u00f3w, kt\u00f3rzy chcieliby wymieni\u0107 lub naprawi\u0107 uszkodzony wydech w swoim motorze. Nasz &hellip; <a href=\"https:\/\/kalinski.pl\/serwis\/en\/tlumiki-rury-i-koncowki-wydechu-do-motocykli-eng\/\" class=\"more-link\">Czytaj dalej<span class=\"screen-reader-text\"> T\u0142umiki, rury i ko\u0144c\u00f3wki wydechu do motocykli eng<\/span><\/a><\/p>\n","protected":false},"author":1024,"featured_media":0,"parent":0,"menu_order":0,"comment_status":"closed","ping_status":"closed","template":"","meta":{"footnotes":""},"class_list":["post-1837","page","type-page","status-publish","hentry"],"yoast_head":"<!-- This site is optimized with the Yoast SEO plugin v26.7 - https:\/\/yoast.com\/wordpress\/plugins\/seo\/ -->\n<title>Naprawa, wymiana t\u0142umik\u00f3w motocyklowych - t\u0142umiki sportowe na zam\u00f3wienie | Kali\u0144ski<\/title>\n<meta name=\"robots\" content=\"index, follow, max-snippet:-1, max-image-preview:large, max-video-preview:-1\" \/>\n<link rel=\"canonical\" href=\"https:\/\/kalinski.pl\/serwis\/en\/tlumiki-rury-i-koncowki-wydechu-do-motocykli-eng\/\" \/>\n<meta property=\"og:locale\" content=\"pl_PL\" \/>\n<meta property=\"og:type\" content=\"article\" \/>\n<meta property=\"og:title\" content=\"Naprawa, wymiana t\u0142umik\u00f3w motocyklowych - t\u0142umiki sportowe na zam\u00f3wienie | Kali\u0144ski\" \/>\n<meta property=\"og:description\" content=\"&nbsp; Ka\u017cdy mi\u0142o\u015bnik jedno\u015blad\u00f3w wie o tym, \u017ce sprawny uk\u0142ad wydechowy jest szczeg\u00f3lnie istotnym czynnikiem w przypadku motocykli. Jednocze\u015bnie z racji na swoje po\u0142o\u017cenie zar\u00f3wno t\u0142umiki motocyklowe, jak i rury wydechu s\u0105 stosunkowo podatne na uszkodzenia. Dlatego firma Kali\u0144ski oferuje pomoc wszystkim w\u0142a\u015bcicielom jedno\u015blad\u00f3w, kt\u00f3rzy chcieliby wymieni\u0107 lub naprawi\u0107 uszkodzony wydech w swoim motorze. Nasz &hellip; Czytaj dalej T\u0142umiki, rury i ko\u0144c\u00f3wki wydechu do motocykli eng\" \/>\n<meta property=\"og:url\" content=\"https:\/\/kalinski.pl\/serwis\/en\/tlumiki-rury-i-koncowki-wydechu-do-motocykli-eng\/\" \/>\n<meta property=\"og:site_name\" content=\"Kali\u0144ski\" \/>\n<meta property=\"og:image\" content=\"https:\/\/kalinski.pl\/wp-content\/uploads\/Indian_Chief_1.jpg\" \/>\n<meta name=\"twitter:card\" content=\"summary_large_image\" \/>\n<meta name=\"twitter:label1\" content=\"Szacowany czas czytania\" \/>\n\t<meta name=\"twitter:data1\" content=\"3 minuty\" \/>\n<script type=\"application\/ld+json\" class=\"yoast-schema-graph\">{\"@context\":\"https:\/\/schema.org\",\"@graph\":[{\"@type\":\"WebPage\",\"@id\":\"https:\/\/kalinski.pl\/serwis\/en\/tlumiki-rury-i-koncowki-wydechu-do-motocykli-eng\/\",\"url\":\"https:\/\/kalinski.pl\/serwis\/en\/tlumiki-rury-i-koncowki-wydechu-do-motocykli-eng\/\",\"name\":\"Naprawa, wymiana t\u0142umik\u00f3w motocyklowych - t\u0142umiki sportowe na zam\u00f3wienie | Kali\u0144ski\",\"isPartOf\":{\"@id\":\"https:\/\/kalinski.pl\/serwis\/#website\"},\"primaryImageOfPage\":{\"@id\":\"https:\/\/kalinski.pl\/serwis\/en\/tlumiki-rury-i-koncowki-wydechu-do-motocykli-eng\/#primaryimage\"},\"image\":{\"@id\":\"https:\/\/kalinski.pl\/serwis\/en\/tlumiki-rury-i-koncowki-wydechu-do-motocykli-eng\/#primaryimage\"},\"thumbnailUrl\":\"https:\/\/kalinski.pl\/wp-content\/uploads\/Indian_Chief_1.jpg\",\"datePublished\":\"2020-08-13T07:21:17+00:00\",\"breadcrumb\":{\"@id\":\"https:\/\/kalinski.pl\/serwis\/en\/tlumiki-rury-i-koncowki-wydechu-do-motocykli-eng\/#breadcrumb\"},\"inLanguage\":\"pl-PL\",\"potentialAction\":[{\"@type\":\"ReadAction\",\"target\":[\"https:\/\/kalinski.pl\/serwis\/en\/tlumiki-rury-i-koncowki-wydechu-do-motocykli-eng\/\"]}]},{\"@type\":\"ImageObject\",\"inLanguage\":\"pl-PL\",\"@id\":\"https:\/\/kalinski.pl\/serwis\/en\/tlumiki-rury-i-koncowki-wydechu-do-motocykli-eng\/#primaryimage\",\"url\":\"https:\/\/kalinski.pl\/wp-content\/uploads\/Indian_Chief_1.jpg\",\"contentUrl\":\"https:\/\/kalinski.pl\/wp-content\/uploads\/Indian_Chief_1.jpg\"},{\"@type\":\"BreadcrumbList\",\"@id\":\"https:\/\/kalinski.pl\/serwis\/en\/tlumiki-rury-i-koncowki-wydechu-do-motocykli-eng\/#breadcrumb\",\"itemListElement\":[{\"@type\":\"ListItem\",\"position\":1,\"name\":\"Strona g\u0142\u00f3wna\",\"item\":\"https:\/\/kalinski.pl\/serwis\/\"},{\"@type\":\"ListItem\",\"position\":2,\"name\":\"T\u0142umiki, rury i ko\u0144c\u00f3wki wydechu do motocykli eng\"}]},{\"@type\":\"WebSite\",\"@id\":\"https:\/\/kalinski.pl\/serwis\/#website\",\"url\":\"https:\/\/kalinski.pl\/serwis\/\",\"name\":\"Kali\u0144ski\",\"description\":\"Uk\u0142ady wydechowe\",\"publisher\":{\"@id\":\"https:\/\/kalinski.pl\/serwis\/#organization\"},\"potentialAction\":[{\"@type\":\"SearchAction\",\"target\":{\"@type\":\"EntryPoint\",\"urlTemplate\":\"https:\/\/kalinski.pl\/serwis\/?s={search_term_string}\"},\"query-input\":{\"@type\":\"PropertyValueSpecification\",\"valueRequired\":true,\"valueName\":\"search_term_string\"}}],\"inLanguage\":\"pl-PL\"},{\"@type\":\"Organization\",\"@id\":\"https:\/\/kalinski.pl\/serwis\/#organization\",\"name\":\"Kali\u0144ski\",\"url\":\"https:\/\/kalinski.pl\/serwis\/\",\"logo\":{\"@type\":\"ImageObject\",\"inLanguage\":\"pl-PL\",\"@id\":\"https:\/\/kalinski.pl\/serwis\/#\/schema\/logo\/image\/\",\"url\":\"https:\/\/kalinski.pl\/serwis\/wp-content\/uploads\/2019\/03\/cropped-logo_white.jpg\",\"contentUrl\":\"https:\/\/kalinski.pl\/serwis\/wp-content\/uploads\/2019\/03\/cropped-logo_white.jpg\",\"width\":240,\"height\":63,\"caption\":\"Kali\u0144ski\"},\"image\":{\"@id\":\"https:\/\/kalinski.pl\/serwis\/#\/schema\/logo\/image\/\"}}]}<\/script>\n<!-- \/ Yoast SEO plugin. -->","yoast_head_json":{"title":"Naprawa, wymiana t\u0142umik\u00f3w motocyklowych - t\u0142umiki sportowe na zam\u00f3wienie | Kali\u0144ski","robots":{"index":"index","follow":"follow","max-snippet":"max-snippet:-1","max-image-preview":"max-image-preview:large","max-video-preview":"max-video-preview:-1"},"canonical":"https:\/\/kalinski.pl\/serwis\/en\/tlumiki-rury-i-koncowki-wydechu-do-motocykli-eng\/","og_locale":"pl_PL","og_type":"article","og_title":"Naprawa, wymiana t\u0142umik\u00f3w motocyklowych - t\u0142umiki sportowe na zam\u00f3wienie | Kali\u0144ski","og_description":"&nbsp; Ka\u017cdy mi\u0142o\u015bnik jedno\u015blad\u00f3w wie o tym, \u017ce sprawny uk\u0142ad wydechowy jest szczeg\u00f3lnie istotnym czynnikiem w przypadku motocykli. Jednocze\u015bnie z racji na swoje po\u0142o\u017cenie zar\u00f3wno t\u0142umiki motocyklowe, jak i rury wydechu s\u0105 stosunkowo podatne na uszkodzenia. Dlatego firma Kali\u0144ski oferuje pomoc wszystkim w\u0142a\u015bcicielom jedno\u015blad\u00f3w, kt\u00f3rzy chcieliby wymieni\u0107 lub naprawi\u0107 uszkodzony wydech w swoim motorze. Nasz &hellip; Czytaj dalej T\u0142umiki, rury i ko\u0144c\u00f3wki wydechu do motocykli eng","og_url":"https:\/\/kalinski.pl\/serwis\/en\/tlumiki-rury-i-koncowki-wydechu-do-motocykli-eng\/","og_site_name":"Kali\u0144ski","og_image":[{"url":"https:\/\/kalinski.pl\/wp-content\/uploads\/Indian_Chief_1.jpg","type":"","width":"","height":""}],"twitter_card":"summary_large_image","twitter_misc":{"Szacowany czas czytania":"3 minuty"},"schema":{"@context":"https:\/\/schema.org","@graph":[{"@type":"WebPage","@id":"https:\/\/kalinski.pl\/serwis\/en\/tlumiki-rury-i-koncowki-wydechu-do-motocykli-eng\/","url":"https:\/\/kalinski.pl\/serwis\/en\/tlumiki-rury-i-koncowki-wydechu-do-motocykli-eng\/","name":"Naprawa, wymiana t\u0142umik\u00f3w motocyklowych - t\u0142umiki sportowe na zam\u00f3wienie | Kali\u0144ski","isPartOf":{"@id":"https:\/\/kalinski.pl\/serwis\/#website"},"primaryImageOfPage":{"@id":"https:\/\/kalinski.pl\/serwis\/en\/tlumiki-rury-i-koncowki-wydechu-do-motocykli-eng\/#primaryimage"},"image":{"@id":"https:\/\/kalinski.pl\/serwis\/en\/tlumiki-rury-i-koncowki-wydechu-do-motocykli-eng\/#primaryimage"},"thumbnailUrl":"https:\/\/kalinski.pl\/wp-content\/uploads\/Indian_Chief_1.jpg","datePublished":"2020-08-13T07:21:17+00:00","breadcrumb":{"@id":"https:\/\/kalinski.pl\/serwis\/en\/tlumiki-rury-i-koncowki-wydechu-do-motocykli-eng\/#breadcrumb"},"inLanguage":"pl-PL","potentialAction":[{"@type":"ReadAction","target":["https:\/\/kalinski.pl\/serwis\/en\/tlumiki-rury-i-koncowki-wydechu-do-motocykli-eng\/"]}]},{"@type":"ImageObject","inLanguage":"pl-PL","@id":"https:\/\/kalinski.pl\/serwis\/en\/tlumiki-rury-i-koncowki-wydechu-do-motocykli-eng\/#primaryimage","url":"https:\/\/kalinski.pl\/wp-content\/uploads\/Indian_Chief_1.jpg","contentUrl":"https:\/\/kalinski.pl\/wp-content\/uploads\/Indian_Chief_1.jpg"},{"@type":"BreadcrumbList","@id":"https:\/\/kalinski.pl\/serwis\/en\/tlumiki-rury-i-koncowki-wydechu-do-motocykli-eng\/#breadcrumb","itemListElement":[{"@type":"ListItem","position":1,"name":"Strona g\u0142\u00f3wna","item":"https:\/\/kalinski.pl\/serwis\/"},{"@type":"ListItem","position":2,"name":"T\u0142umiki, rury i ko\u0144c\u00f3wki wydechu do motocykli eng"}]},{"@type":"WebSite","@id":"https:\/\/kalinski.pl\/serwis\/#website","url":"https:\/\/kalinski.pl\/serwis\/","name":"Kali\u0144ski","description":"Uk\u0142ady wydechowe","publisher":{"@id":"https:\/\/kalinski.pl\/serwis\/#organization"},"potentialAction":[{"@type":"SearchAction","target":{"@type":"EntryPoint","urlTemplate":"https:\/\/kalinski.pl\/serwis\/?s={search_term_string}"},"query-input":{"@type":"PropertyValueSpecification","valueRequired":true,"valueName":"search_term_string"}}],"inLanguage":"pl-PL"},{"@type":"Organization","@id":"https:\/\/kalinski.pl\/serwis\/#organization","name":"Kali\u0144ski","url":"https:\/\/kalinski.pl\/serwis\/","logo":{"@type":"ImageObject","inLanguage":"pl-PL","@id":"https:\/\/kalinski.pl\/serwis\/#\/schema\/logo\/image\/","url":"https:\/\/kalinski.pl\/serwis\/wp-content\/uploads\/2019\/03\/cropped-logo_white.jpg","contentUrl":"https:\/\/kalinski.pl\/serwis\/wp-content\/uploads\/2019\/03\/cropped-logo_white.jpg","width":240,"height":63,"caption":"Kali\u0144ski"},"image":{"@id":"https:\/\/kalinski.pl\/serwis\/#\/schema\/logo\/image\/"}}]}},"_links":{"self":[{"href":"https:\/\/kalinski.pl\/serwis\/wp-json\/wp\/v2\/pages\/1837","targetHints":{"allow":["GET"]}}],"collection":[{"href":"https:\/\/kalinski.pl\/serwis\/wp-json\/wp\/v2\/pages"}],"about":[{"href":"https:\/\/kalinski.pl\/serwis\/wp-json\/wp\/v2\/types\/page"}],"author":[{"embeddable":true,"href":"https:\/\/kalinski.pl\/serwis\/wp-json\/wp\/v2\/users\/1024"}],"replies":[{"embeddable":true,"href":"https:\/\/kalinski.pl\/serwis\/wp-json\/wp\/v2\/comments?post=1837"}],"version-history":[{"count":0,"href":"https:\/\/kalinski.pl\/serwis\/wp-json\/wp\/v2\/pages\/1837\/revisions"}],"wp:attachment":[{"href":"https:\/\/kalinski.pl\/serwis\/wp-json\/wp\/v2\/media?parent=1837"}],"curies":[{"name":"wp","href":"https:\/\/api.w.org\/{rel}","templated":true}]}}