{"id":1764,"date":"2020-08-12T12:00:18","date_gmt":"2020-08-12T10:00:18","guid":{"rendered":"https:\/\/kalinski.pl\/?page_id=1764"},"modified":"2020-08-24T09:28:36","modified_gmt":"2020-08-24T07:28:36","slug":"history","status":"publish","type":"page","link":"https:\/\/kalinski.pl\/serwis\/en\/history\/","title":{"rendered":"History"},"content":{"rendered":"<div class=\"historia_left\">\n<div class=\"h_text\">\n<p>The Kalinski exhaust systems company was established in 1992 in Chyby near Pozna\u0144. The family company founded W\u0142odzimierz Kali\u0144ski.<\/p>\n<p>In the beginning we only dealt with the sale of the silencers and their mounting elements. It quickly became apparent that we had chosen the right way that enabled the company to develop. Already in 1995 we had the services and exchange of sub-groups of exhaust systems in our offer. A few years later, we started exporting products that are efficiently entering foreign markets today.<\/p>\n<p>Increasing numbers of customers and their increasing needs have tended us to expand the company headquarters in 1998. The expansion has contributed to the opening of new departments. In addition to cars, we have started to operate trucks and motorcycles. We followed the automotive industry development and dealt with the particulate filters and other sub-groups in the exhaust systems.<\/p>\n<p>With the increasing number of products, we have expanded the sales channels and ensured our service quality. We received the ISO 9001 certificate in 2015. A year later we opened the internet shop. At the turn of the past few years, we expanded our headquarters by building two new halls. We have achieved a strong market position in recent years, but we continue to improve our service, introduce modern technologies and mark new development ways.<\/p>\n<\/div>\n<\/div>\n<div class=\"historia_right\">\n<div class=\"historia_slider\"><\/div>\n<div class=\"historia_daty\">\n<div class=\"h_r_header\">The most important dates in the history of the company<\/div>\n<div class=\"historia_ul\">\n<ul class=\"bar\">\n<li>2019<br \/>\nCommissioning of a new hall for trucks<\/li>\n<li>2017<br \/>\nCommissioning of a new hall and the independent production department<\/li>\n<li>2016<br \/>\nStart of the webshop<\/li>\n<li>2015<br \/>\nIntroduction of the quality management system ISO 9001<\/li>\n<li>2011<br \/>\nSecond expansion of the company headquarters<\/li>\n<li>1998<br \/>\nFirst expansion of the company headquarters<\/li>\n<li>1998<br \/>\nStart of exporting products to foreign markets<\/li>\n<li>1995<br \/>\nStart exhaust system service<\/li>\n<li>1992<br \/>\nThe foundation of the company<\/li>\n<\/ul>\n<\/div>\n<\/div>\n<\/div>\n","protected":false},"excerpt":{"rendered":"<p>The Kalinski exhaust systems company was established in 1992 in Chyby near Pozna\u0144. The family company founded W\u0142odzimierz Kali\u0144ski. In the beginning we only dealt with the sale of the silencers and their mounting elements. It quickly became apparent that we had chosen the right way that enabled the company to develop. Already in 1995 &hellip; <a href=\"https:\/\/kalinski.pl\/serwis\/en\/history\/\" class=\"more-link\">Czytaj dalej<span class=\"screen-reader-text\"> History<\/span><\/a><\/p>\n","protected":false},"author":2,"featured_media":0,"parent":0,"menu_order":0,"comment_status":"closed","ping_status":"closed","template":"","meta":{"footnotes":""},"class_list":["post-1764","page","type-page","status-publish","hentry"],"yoast_head":"<!-- This site is optimized with the Yoast SEO plugin v26.7 - https:\/\/yoast.com\/wordpress\/plugins\/seo\/ -->\n<title>History | Kali\u0144ski<\/title>\n<meta name=\"robots\" content=\"index, follow, max-snippet:-1, max-image-preview:large, max-video-preview:-1\" \/>\n<link rel=\"canonical\" href=\"https:\/\/kalinski.pl\/serwis\/en\/history\/\" \/>\n<meta property=\"og:locale\" content=\"pl_PL\" \/>\n<meta property=\"og:type\" content=\"article\" \/>\n<meta property=\"og:title\" content=\"History | Kali\u0144ski\" \/>\n<meta property=\"og:description\" content=\"The Kalinski exhaust systems company was established in 1992 in Chyby near Pozna\u0144. The family company founded W\u0142odzimierz Kali\u0144ski. In the beginning we only dealt with the sale of the silencers and their mounting elements. It quickly became apparent that we had chosen the right way that enabled the company to develop. Already in 1995 &hellip; Czytaj dalej History\" \/>\n<meta property=\"og:url\" content=\"https:\/\/kalinski.pl\/serwis\/en\/history\/\" \/>\n<meta property=\"og:site_name\" content=\"Kali\u0144ski\" \/>\n<meta property=\"article:modified_time\" content=\"2020-08-24T07:28:36+00:00\" \/>\n<meta name=\"twitter:card\" content=\"summary_large_image\" \/>\n<meta name=\"twitter:label1\" content=\"Szacowany czas czytania\" \/>\n\t<meta name=\"twitter:data1\" content=\"1 minuta\" \/>\n<script type=\"application\/ld+json\" class=\"yoast-schema-graph\">{\"@context\":\"https:\/\/schema.org\",\"@graph\":[{\"@type\":\"WebPage\",\"@id\":\"https:\/\/kalinski.pl\/serwis\/en\/history\/\",\"url\":\"https:\/\/kalinski.pl\/serwis\/en\/history\/\",\"name\":\"History | Kali\u0144ski\",\"isPartOf\":{\"@id\":\"https:\/\/kalinski.pl\/serwis\/#website\"},\"datePublished\":\"2020-08-12T10:00:18+00:00\",\"dateModified\":\"2020-08-24T07:28:36+00:00\",\"breadcrumb\":{\"@id\":\"https:\/\/kalinski.pl\/serwis\/en\/history\/#breadcrumb\"},\"inLanguage\":\"pl-PL\",\"potentialAction\":[{\"@type\":\"ReadAction\",\"target\":[\"https:\/\/kalinski.pl\/serwis\/en\/history\/\"]}]},{\"@type\":\"BreadcrumbList\",\"@id\":\"https:\/\/kalinski.pl\/serwis\/en\/history\/#breadcrumb\",\"itemListElement\":[{\"@type\":\"ListItem\",\"position\":1,\"name\":\"Strona g\u0142\u00f3wna\",\"item\":\"https:\/\/kalinski.pl\/serwis\/\"},{\"@type\":\"ListItem\",\"position\":2,\"name\":\"History\"}]},{\"@type\":\"WebSite\",\"@id\":\"https:\/\/kalinski.pl\/serwis\/#website\",\"url\":\"https:\/\/kalinski.pl\/serwis\/\",\"name\":\"Kali\u0144ski\",\"description\":\"Uk\u0142ady wydechowe\",\"publisher\":{\"@id\":\"https:\/\/kalinski.pl\/serwis\/#organization\"},\"potentialAction\":[{\"@type\":\"SearchAction\",\"target\":{\"@type\":\"EntryPoint\",\"urlTemplate\":\"https:\/\/kalinski.pl\/serwis\/?s={search_term_string}\"},\"query-input\":{\"@type\":\"PropertyValueSpecification\",\"valueRequired\":true,\"valueName\":\"search_term_string\"}}],\"inLanguage\":\"pl-PL\"},{\"@type\":\"Organization\",\"@id\":\"https:\/\/kalinski.pl\/serwis\/#organization\",\"name\":\"Kali\u0144ski\",\"url\":\"https:\/\/kalinski.pl\/serwis\/\",\"logo\":{\"@type\":\"ImageObject\",\"inLanguage\":\"pl-PL\",\"@id\":\"https:\/\/kalinski.pl\/serwis\/#\/schema\/logo\/image\/\",\"url\":\"https:\/\/kalinski.pl\/serwis\/wp-content\/uploads\/2019\/03\/cropped-logo_white.jpg\",\"contentUrl\":\"https:\/\/kalinski.pl\/serwis\/wp-content\/uploads\/2019\/03\/cropped-logo_white.jpg\",\"width\":240,\"height\":63,\"caption\":\"Kali\u0144ski\"},\"image\":{\"@id\":\"https:\/\/kalinski.pl\/serwis\/#\/schema\/logo\/image\/\"}}]}<\/script>\n<!-- \/ Yoast SEO plugin. -->","yoast_head_json":{"title":"History | Kali\u0144ski","robots":{"index":"index","follow":"follow","max-snippet":"max-snippet:-1","max-image-preview":"max-image-preview:large","max-video-preview":"max-video-preview:-1"},"canonical":"https:\/\/kalinski.pl\/serwis\/en\/history\/","og_locale":"pl_PL","og_type":"article","og_title":"History | Kali\u0144ski","og_description":"The Kalinski exhaust systems company was established in 1992 in Chyby near Pozna\u0144. The family company founded W\u0142odzimierz Kali\u0144ski. In the beginning we only dealt with the sale of the silencers and their mounting elements. It quickly became apparent that we had chosen the right way that enabled the company to develop. Already in 1995 &hellip; Czytaj dalej History","og_url":"https:\/\/kalinski.pl\/serwis\/en\/history\/","og_site_name":"Kali\u0144ski","article_modified_time":"2020-08-24T07:28:36+00:00","twitter_card":"summary_large_image","twitter_misc":{"Szacowany czas czytania":"1 minuta"},"schema":{"@context":"https:\/\/schema.org","@graph":[{"@type":"WebPage","@id":"https:\/\/kalinski.pl\/serwis\/en\/history\/","url":"https:\/\/kalinski.pl\/serwis\/en\/history\/","name":"History | Kali\u0144ski","isPartOf":{"@id":"https:\/\/kalinski.pl\/serwis\/#website"},"datePublished":"2020-08-12T10:00:18+00:00","dateModified":"2020-08-24T07:28:36+00:00","breadcrumb":{"@id":"https:\/\/kalinski.pl\/serwis\/en\/history\/#breadcrumb"},"inLanguage":"pl-PL","potentialAction":[{"@type":"ReadAction","target":["https:\/\/kalinski.pl\/serwis\/en\/history\/"]}]},{"@type":"BreadcrumbList","@id":"https:\/\/kalinski.pl\/serwis\/en\/history\/#breadcrumb","itemListElement":[{"@type":"ListItem","position":1,"name":"Strona g\u0142\u00f3wna","item":"https:\/\/kalinski.pl\/serwis\/"},{"@type":"ListItem","position":2,"name":"History"}]},{"@type":"WebSite","@id":"https:\/\/kalinski.pl\/serwis\/#website","url":"https:\/\/kalinski.pl\/serwis\/","name":"Kali\u0144ski","description":"Uk\u0142ady wydechowe","publisher":{"@id":"https:\/\/kalinski.pl\/serwis\/#organization"},"potentialAction":[{"@type":"SearchAction","target":{"@type":"EntryPoint","urlTemplate":"https:\/\/kalinski.pl\/serwis\/?s={search_term_string}"},"query-input":{"@type":"PropertyValueSpecification","valueRequired":true,"valueName":"search_term_string"}}],"inLanguage":"pl-PL"},{"@type":"Organization","@id":"https:\/\/kalinski.pl\/serwis\/#organization","name":"Kali\u0144ski","url":"https:\/\/kalinski.pl\/serwis\/","logo":{"@type":"ImageObject","inLanguage":"pl-PL","@id":"https:\/\/kalinski.pl\/serwis\/#\/schema\/logo\/image\/","url":"https:\/\/kalinski.pl\/serwis\/wp-content\/uploads\/2019\/03\/cropped-logo_white.jpg","contentUrl":"https:\/\/kalinski.pl\/serwis\/wp-content\/uploads\/2019\/03\/cropped-logo_white.jpg","width":240,"height":63,"caption":"Kali\u0144ski"},"image":{"@id":"https:\/\/kalinski.pl\/serwis\/#\/schema\/logo\/image\/"}}]}},"_links":{"self":[{"href":"https:\/\/kalinski.pl\/serwis\/wp-json\/wp\/v2\/pages\/1764","targetHints":{"allow":["GET"]}}],"collection":[{"href":"https:\/\/kalinski.pl\/serwis\/wp-json\/wp\/v2\/pages"}],"about":[{"href":"https:\/\/kalinski.pl\/serwis\/wp-json\/wp\/v2\/types\/page"}],"author":[{"embeddable":true,"href":"https:\/\/kalinski.pl\/serwis\/wp-json\/wp\/v2\/users\/2"}],"replies":[{"embeddable":true,"href":"https:\/\/kalinski.pl\/serwis\/wp-json\/wp\/v2\/comments?post=1764"}],"version-history":[{"count":0,"href":"https:\/\/kalinski.pl\/serwis\/wp-json\/wp\/v2\/pages\/1764\/revisions"}],"wp:attachment":[{"href":"https:\/\/kalinski.pl\/serwis\/wp-json\/wp\/v2\/media?parent=1764"}],"curies":[{"name":"wp","href":"https:\/\/api.w.org\/{rel}","templated":true}]}}