{"id":1738,"date":"2020-07-16T16:44:33","date_gmt":"2020-07-16T14:44:33","guid":{"rendered":"https:\/\/kalinski.pl\/?page_id=1738"},"modified":"2026-03-18T11:37:03","modified_gmt":"2026-03-18T10:37:03","slug":"tlumiki-rury-i-koncowki-wydechu-do-motocykli","status":"publish","type":"page","link":"https:\/\/kalinski.pl\/serwis\/tlumiki-rury-i-koncowki-wydechu-do-motocykli\/","title":{"rendered":"T\u0142umiki, rury i ko\u0144c\u00f3wki wydechu do motocykli"},"content":{"rendered":"<p align=\"justify\"><img decoding=\"async\" class=\"alignnone wp-image-1433 size-large\" src=\"https:\/\/kalinski.pl\/wp-content\/uploads\/Indian_Chief_1.jpg\" alt=\"\" width=\"1024\" height=\"683\" \/><\/p>\n<p align=\"justify\">Ka\u017cdy mi\u0142o\u015bnik jedno\u015blad\u00f3w wie o tym, \u017ce sprawny uk\u0142ad wydechowy jest szczeg\u00f3lnie istotnym czynnikiem w przypadku motocykli. Jednocze\u015bnie z racji na swoje po\u0142o\u017cenie zar\u00f3wno <a href=\"https:\/\/kalinski.pl\/sklep\/pl\/4368-tlumiki-kolektory\"><strong>t\u0142umiki motocyklowe<\/strong><\/a>, jak i rury wydechu s\u0105 stosunkowo podatne na uszkodzenia. Dlatego firma Kali\u0144ski oferuje pomoc wszystkim w\u0142a\u015bcicielom jedno\u015blad\u00f3w, kt\u00f3rzy chcieliby wymieni\u0107 lub naprawi\u0107 uszkodzony wydech w swoim motorze.<\/p>\n<p align=\"justify\">Nasz zesp\u00f3\u0142 sk\u0142ada si\u0119 z prawdziwych pasjonat\u00f3w motoryzacji. Doskonale wiemy o tym, \u017ce motocykl jest nieraz przys\u0142owiowym oczkiem w g\u0142owie swojego w\u0142a\u015bciciela. Z tego powodu do ka\u017cdego zlecenia podchodzimy z zachowaniem pe\u0142nego profesjonalizmu. Koniec ko\u0144c\u00f3w sami kochamy te maszyny i z nich korzystamy.<\/p>\n<p align=\"justify\">W naszej ofercie znajduje si\u0119 zar\u00f3wno <strong>naprawa t\u0142umik\u00f3w motocyklowych<\/strong>, jak i <strong>wymiana t\u0142umik\u00f3w motocyklowych<\/strong>. Od czego zale\u017cy taki wyb\u00f3r? Tak naprawd\u0119 g\u0142\u00f3wnym czynnikiem s\u0105 tutaj odczucia w\u0142a\u015bciciela danego pojazdu. <strong>Naprawa t\u0142umik\u00f3w motocyklowych<\/strong> jest wskazana wtedy, gdy t\u0142umik sprawowa\u0142 si\u0119 bardzo dobrze, ale nagle uleg\u0142 uszkodzeniu. Z kolei wymiana b\u0119dzie lepszym rozwi\u0105zaniem, je\u017celi w\u0142a\u015bciciel nie jest do ko\u0144ca zadowolony z pracy tej cz\u0119\u015bci. Co istotne, <strong>wymiana t\u0142umik\u00f3w motocyklowych<\/strong> zapewnia naprawd\u0119 du\u017ce mo\u017cliwo\u015bci. Dlaczego? Poniewa\u017c <strong>t\u0142umiki motocyklowe<\/strong> to akcesoria o bardzo zr\u00f3\u017cnicowanej specyfikacji technicznej. Przy korzystaniu z fabrycznych cz\u0119\u015bci ta r\u00f3\u017cnica mo\u017ce by\u0107 niezauwa\u017calna. Jednak wystarczy postawi\u0107 na <a href=\"https:\/\/kalinski.pl\/sklep\/pl\/814-tlumiki-kolektory-yamaha\"><strong>t\u0142umik sportowy motocyklowy<\/strong><\/a>, aby ka\u017cda trasa pokonywana na motorze nabra\u0142a zupe\u0142nie innego charakteru. Dlaczego wi\u0119c nie spr\u00f3bowa\u0107?&#8230;<\/p>\n<p align=\"justify\">Jednocze\u015bnie pragniemy podkre\u015bli\u0107, \u017ce jako firma Kali\u0144ski sami jeste\u015bmy producentami cz\u0119\u015bci zwi\u0105zanych z uk\u0142adem wydechowym. Nasza oferta obejmuje mi\u0119dzy innymi: <strong>t\u0142umiki akcesoryjne do motocykli<\/strong>, rury, kolanka oraz ko\u0144c\u00f3wki t\u0142umik\u00f3w motocyklowych. T\u0142umiki Kali\u0144ski s\u0105 chwalone przez motocyklist\u00f3w ze wzgl\u0119du na swoje konkretne basowe brzmienie. To z kolei sprawia, \u017ce niekt\u00f3rzy od razu wymieniaj\u0105 fabryczny t\u0142umik na wybrany produkt z naszej oferty.<\/p>\n<p align=\"justify\">Monta\u017c wybranego t\u0142umika z naszego asortymentu zapewnia r\u00f3wnie\u017c mo\u017cliwo\u015b\u0107 dopasowania jego ko\u0144c\u00f3wki. Niejednokrotnie przekonali\u015bmy si\u0119 o tym, \u017ce wielu motocyklist\u00f3w zwraca uwag\u0119 na wygl\u0105d takich element\u00f3w. Dlatego w ofercie firmy Kali\u0144ski mo\u017cna znale\u017a\u0107 ozdobne <strong>ko\u0144c\u00f3wki t\u0142umik\u00f3w motocyklowych<\/strong>. <strong>Cena<\/strong> takich akcesori\u00f3w nie jest wysoka, cho\u0107 w praktyce ich monta\u017c zapewnia naprawd\u0119 znakomity efekt wizualny. Wszystkie oferowane <strong>ko\u0144c\u00f3wki t\u0142umik\u00f3w motocyklowych <\/strong>s\u0105 przeznaczone do u\u017cycia wraz z t\u0142umikami marki Kali\u0144ski.<\/p>\n<p align=\"justify\">Ze wzgl\u0119du na to, \u017ce sami produkujemy uk\u0142ady wydechowe \u2013 mo\u017cemy zaoferowa\u0107 co\u015b ekstra nawet tym najbardziej wymagaj\u0105cym klientom. Nasz asortyment obejmuje bowiem <strong>t\u0142umiki motocyklowe na zam\u00f3wienie<\/strong>. Oczywi\u015bcie s\u0105 one dopasowane do parametr\u00f3w fabrycznie montowanych t\u0142umik\u00f3w. Dzi\u0119ki temu mo\u017cemy zapewni\u0107 naszym klientom pe\u0142n\u0105 gwarancj\u0119 satysfakcji.<\/p>\n<p align=\"justify\">Co istotne, nasz dzia\u0142 motocykli zajmuje si\u0119 tak\u017ce realizacj\u0105 zlece\u0144 dotycz\u0105cych: motorower\u00f3w, quad\u00f3w oraz trajek. Aby uzyska\u0107 wi\u0119cej informacji na temat us\u0142ug w zakresie naprawy lub wymiany cz\u0119\u015bci w takich pojazdach, serdecznie zapraszamy do kontaktu.<\/p>\n<p align=\"justify\">Nasza firma mie\u015bci si\u0119 przy ulicy Szamotulskiej 40 (Chyby\/Pozna\u0144) \u2013 tu\u017c obok obwodnicy zachodniej Poznania i drogi S11. Dogodna lokalizacja sprawia, \u017ce wszyscy klienci \u0142atwo odnajd\u0105 nasz\u0105 siedzib\u0119. Zapraszamy do skorzystania z naszych us\u0142ug!<\/p>\n<div class=\"kontakt_frame_main\">\n\n<div class=\"su-posts su-posts-single-post \">\n\n\t\t\t\t\t\t\n\t\t\t\n\t\t\t<div id=\"su-post-4947\" class=\"su-post \">\n\t\t\t\t<h1 class=\"su-post-title\">Kontakt motocykle Grzegorz<\/h1>\n\t\t\t\t<div class=\"su-post-meta\">\n\t\t\t\t\tOpublikowano:\n\t\t\t\t\t18 marca 2026\t\t\t\t\t\t\t\t\t<\/div>\n\t\t\t\t<div class=\"su-post-content\">\n\t\t\t\t\t\t\t<div data-elementor-type=\"wp-post\" data-elementor-id=\"4947\" class=\"elementor elementor-4947\">\n\t\t\t\t\t\t<section class=\"elementor-section elementor-top-section elementor-element elementor-element-e07a5d6 elementor-section-boxed elementor-section-height-default elementor-section-height-default\" data-id=\"e07a5d6\" data-element_type=\"section\">\n\t\t\t\t\t\t<div class=\"elementor-container elementor-column-gap-default\">\n\t\t\t\t\t<div class=\"elementor-column elementor-col-100 elementor-top-column elementor-element elementor-element-6ff27ac\" data-id=\"6ff27ac\" data-element_type=\"column\">\n\t\t\t<div class=\"elementor-widget-wrap elementor-element-populated\">\n\t\t\t\t\t\t<div class=\"elementor-element elementor-element-f8d48b6 h3_kontakt elementor-widget elementor-widget-heading\" data-id=\"f8d48b6\" data-element_type=\"widget\" data-widget_type=\"heading.default\">\n\t\t\t\t<div class=\"elementor-widget-container\">\n\t\t\t\t\t<h3 class=\"elementor-heading-title elementor-size-default\">Motocykle<\/h3>\t\t\t\t<\/div>\n\t\t\t\t<\/div>\n\t\t\t\t\t<\/div>\n\t\t<\/div>\n\t\t\t\t\t<\/div>\n\t\t<\/section>\n\t\t\t\t<section class=\"elementor-section elementor-top-section elementor-element elementor-element-e351a33 elementor-section-boxed elementor-section-height-default elementor-section-height-default\" data-id=\"e351a33\" data-element_type=\"section\">\n\t\t\t\t\t\t<div class=\"elementor-container elementor-column-gap-default\">\n\t\t\t\t\t<div class=\"elementor-column elementor-col-100 elementor-top-column elementor-element elementor-element-93f914a\" data-id=\"93f914a\" data-element_type=\"column\">\n\t\t\t<div class=\"elementor-widget-wrap elementor-element-populated\">\n\t\t\t\t\t\t<div class=\"elementor-element elementor-element-6df6146 elementor-position-left elementor-widget__width-initial member-name elementor-vertical-align-top elementor-widget elementor-widget-image-box\" data-id=\"6df6146\" data-element_type=\"widget\" data-widget_type=\"image-box.default\">\n\t\t\t\t<div class=\"elementor-widget-container\">\n\t\t\t\t\t<div class=\"elementor-image-box-wrapper\"><figure class=\"elementor-image-box-img\"><img fetchpriority=\"high\" fetchpriority=\"high\" decoding=\"async\" width=\"400\" height=\"400\" src=\"https:\/\/kalinski.pl\/serwis\/wp-content\/uploads\/kk_grzegorzstaszak.jpg\" class=\"attachment-full size-full wp-image-4702\" alt=\"kk grzegorzstaszak\" \/><\/figure><div class=\"elementor-image-box-content\"><h3 class=\"elementor-image-box-title\">Grzegorz Staszak<\/h3><p class=\"elementor-image-box-description\">\n<div class=\"member-role\">Menad\u017cer dzia\u0142u cz\u0119\u015bci i akcesori\u00f3w<br \/>\nSpecjalista ds. tuningu i motocykli<\/div>\n<div class=\"member-contact\"><a href=\"tel:48618142777\">+48 61 814 27 77 wew. 104<\/a><br \/>691 083 346<\/a><br \/>\nmotocykle@kalinski.pl<\/div><\/p><\/div><\/div>\t\t\t\t<\/div>\n\t\t\t\t<\/div>\n\t\t\t\t\t<\/div>\n\t\t<\/div>\n\t\t\t\t\t<\/div>\n\t\t<\/section>\n\t\t\t\t<\/div>\n\t\t\t\t\t\t<\/div>\n\t\t\t<\/div>\n\n\t\t\t\t\n<\/div>\n<\/div>\n","protected":false},"excerpt":{"rendered":"<p>Ka\u017cdy mi\u0142o\u015bnik jedno\u015blad\u00f3w wie o tym, \u017ce sprawny uk\u0142ad wydechowy jest szczeg\u00f3lnie istotnym czynnikiem w przypadku motocykli. Jednocze\u015bnie z racji na swoje po\u0142o\u017cenie zar\u00f3wno t\u0142umiki motocyklowe, jak i rury wydechu s\u0105 stosunkowo podatne na uszkodzenia. Dlatego firma Kali\u0144ski oferuje pomoc wszystkim w\u0142a\u015bcicielom jedno\u015blad\u00f3w, kt\u00f3rzy chcieliby wymieni\u0107 lub naprawi\u0107 uszkodzony wydech w swoim motorze. Nasz zesp\u00f3\u0142 &hellip; <a href=\"https:\/\/kalinski.pl\/serwis\/kontakt-motocykle-grzegorz\/\" class=\"more-link\">Czytaj dalej<span class=\"screen-reader-text\"> Kontakt motocykle Grzegorz<\/span><\/a><\/p>\n","protected":false},"author":821794,"featured_media":0,"parent":0,"menu_order":0,"comment_status":"closed","ping_status":"closed","template":"","meta":{"footnotes":""},"class_list":["post-1738","page","type-page","status-publish","hentry"],"yoast_head":"<!-- This site is optimized with the Yoast SEO plugin v26.7 - https:\/\/yoast.com\/wordpress\/plugins\/seo\/ -->\n<title>Naprawa, wymiana t\u0142umik\u00f3w motocyklowych - t\u0142umiki sportowe na zam\u00f3wienie | Kali\u0144ski<\/title>\n<meta name=\"robots\" content=\"index, follow, max-snippet:-1, max-image-preview:large, max-video-preview:-1\" \/>\n<link rel=\"canonical\" href=\"https:\/\/kalinski.pl\/serwis\/tlumiki-rury-i-koncowki-wydechu-do-motocykli\/\" \/>\n<meta property=\"og:locale\" content=\"pl_PL\" \/>\n<meta property=\"og:type\" content=\"article\" \/>\n<meta property=\"og:title\" content=\"Naprawa, wymiana t\u0142umik\u00f3w motocyklowych - t\u0142umiki sportowe na zam\u00f3wienie | Kali\u0144ski\" \/>\n<meta property=\"og:description\" content=\"Ka\u017cdy mi\u0142o\u015bnik jedno\u015blad\u00f3w wie o tym, \u017ce sprawny uk\u0142ad wydechowy jest szczeg\u00f3lnie istotnym czynnikiem w przypadku motocykli. Jednocze\u015bnie z racji na swoje po\u0142o\u017cenie zar\u00f3wno t\u0142umiki motocyklowe, jak i rury wydechu s\u0105 stosunkowo podatne na uszkodzenia. Dlatego firma Kali\u0144ski oferuje pomoc wszystkim w\u0142a\u015bcicielom jedno\u015blad\u00f3w, kt\u00f3rzy chcieliby wymieni\u0107 lub naprawi\u0107 uszkodzony wydech w swoim motorze. Nasz zesp\u00f3\u0142 &hellip; Czytaj dalej Kontakt motocykle Grzegorz\" \/>\n<meta property=\"og:url\" content=\"https:\/\/kalinski.pl\/serwis\/tlumiki-rury-i-koncowki-wydechu-do-motocykli\/\" \/>\n<meta property=\"og:site_name\" content=\"Kali\u0144ski\" \/>\n<meta property=\"article:modified_time\" content=\"2026-03-18T10:37:03+00:00\" \/>\n<meta property=\"og:image\" content=\"https:\/\/kalinski.pl\/serwis\/wp-content\/uploads\/Indian_Chief_1.jpg\" \/>\n\t<meta property=\"og:image:width\" content=\"1024\" \/>\n\t<meta property=\"og:image:height\" content=\"683\" \/>\n\t<meta property=\"og:image:type\" content=\"image\/jpeg\" \/>\n<meta name=\"twitter:card\" content=\"summary_large_image\" \/>\n<meta name=\"twitter:label1\" content=\"Szacowany czas czytania\" \/>\n\t<meta name=\"twitter:data1\" content=\"3 minuty\" \/>\n<script type=\"application\/ld+json\" class=\"yoast-schema-graph\">{\"@context\":\"https:\/\/schema.org\",\"@graph\":[{\"@type\":\"WebPage\",\"@id\":\"https:\/\/kalinski.pl\/serwis\/tlumiki-rury-i-koncowki-wydechu-do-motocykli\/\",\"url\":\"https:\/\/kalinski.pl\/serwis\/tlumiki-rury-i-koncowki-wydechu-do-motocykli\/\",\"name\":\"Naprawa, wymiana t\u0142umik\u00f3w motocyklowych - t\u0142umiki sportowe na zam\u00f3wienie | Kali\u0144ski\",\"isPartOf\":{\"@id\":\"https:\/\/kalinski.pl\/serwis\/#website\"},\"primaryImageOfPage\":{\"@id\":\"https:\/\/kalinski.pl\/serwis\/tlumiki-rury-i-koncowki-wydechu-do-motocykli\/#primaryimage\"},\"image\":{\"@id\":\"https:\/\/kalinski.pl\/serwis\/tlumiki-rury-i-koncowki-wydechu-do-motocykli\/#primaryimage\"},\"thumbnailUrl\":\"https:\/\/kalinski.pl\/wp-content\/uploads\/Indian_Chief_1.jpg\",\"datePublished\":\"2020-07-16T14:44:33+00:00\",\"dateModified\":\"2026-03-18T10:37:03+00:00\",\"breadcrumb\":{\"@id\":\"https:\/\/kalinski.pl\/serwis\/tlumiki-rury-i-koncowki-wydechu-do-motocykli\/#breadcrumb\"},\"inLanguage\":\"pl-PL\",\"potentialAction\":[{\"@type\":\"ReadAction\",\"target\":[\"https:\/\/kalinski.pl\/serwis\/tlumiki-rury-i-koncowki-wydechu-do-motocykli\/\"]}]},{\"@type\":\"ImageObject\",\"inLanguage\":\"pl-PL\",\"@id\":\"https:\/\/kalinski.pl\/serwis\/tlumiki-rury-i-koncowki-wydechu-do-motocykli\/#primaryimage\",\"url\":\"https:\/\/kalinski.pl\/wp-content\/uploads\/Indian_Chief_1.jpg\",\"contentUrl\":\"https:\/\/kalinski.pl\/wp-content\/uploads\/Indian_Chief_1.jpg\"},{\"@type\":\"BreadcrumbList\",\"@id\":\"https:\/\/kalinski.pl\/serwis\/tlumiki-rury-i-koncowki-wydechu-do-motocykli\/#breadcrumb\",\"itemListElement\":[{\"@type\":\"ListItem\",\"position\":1,\"name\":\"Strona g\u0142\u00f3wna\",\"item\":\"https:\/\/kalinski.pl\/serwis\/\"},{\"@type\":\"ListItem\",\"position\":2,\"name\":\"T\u0142umiki, rury i ko\u0144c\u00f3wki wydechu do motocykli\"}]},{\"@type\":\"WebSite\",\"@id\":\"https:\/\/kalinski.pl\/serwis\/#website\",\"url\":\"https:\/\/kalinski.pl\/serwis\/\",\"name\":\"Kali\u0144ski\",\"description\":\"Uk\u0142ady wydechowe\",\"publisher\":{\"@id\":\"https:\/\/kalinski.pl\/serwis\/#organization\"},\"potentialAction\":[{\"@type\":\"SearchAction\",\"target\":{\"@type\":\"EntryPoint\",\"urlTemplate\":\"https:\/\/kalinski.pl\/serwis\/?s={search_term_string}\"},\"query-input\":{\"@type\":\"PropertyValueSpecification\",\"valueRequired\":true,\"valueName\":\"search_term_string\"}}],\"inLanguage\":\"pl-PL\"},{\"@type\":\"Organization\",\"@id\":\"https:\/\/kalinski.pl\/serwis\/#organization\",\"name\":\"Kali\u0144ski\",\"url\":\"https:\/\/kalinski.pl\/serwis\/\",\"logo\":{\"@type\":\"ImageObject\",\"inLanguage\":\"pl-PL\",\"@id\":\"https:\/\/kalinski.pl\/serwis\/#\/schema\/logo\/image\/\",\"url\":\"https:\/\/kalinski.pl\/serwis\/wp-content\/uploads\/2019\/03\/cropped-logo_white.jpg\",\"contentUrl\":\"https:\/\/kalinski.pl\/serwis\/wp-content\/uploads\/2019\/03\/cropped-logo_white.jpg\",\"width\":240,\"height\":63,\"caption\":\"Kali\u0144ski\"},\"image\":{\"@id\":\"https:\/\/kalinski.pl\/serwis\/#\/schema\/logo\/image\/\"}}]}<\/script>\n<!-- \/ Yoast SEO plugin. -->","yoast_head_json":{"title":"Naprawa, wymiana t\u0142umik\u00f3w motocyklowych - t\u0142umiki sportowe na zam\u00f3wienie | Kali\u0144ski","robots":{"index":"index","follow":"follow","max-snippet":"max-snippet:-1","max-image-preview":"max-image-preview:large","max-video-preview":"max-video-preview:-1"},"canonical":"https:\/\/kalinski.pl\/serwis\/tlumiki-rury-i-koncowki-wydechu-do-motocykli\/","og_locale":"pl_PL","og_type":"article","og_title":"Naprawa, wymiana t\u0142umik\u00f3w motocyklowych - t\u0142umiki sportowe na zam\u00f3wienie | Kali\u0144ski","og_description":"Ka\u017cdy mi\u0142o\u015bnik jedno\u015blad\u00f3w wie o tym, \u017ce sprawny uk\u0142ad wydechowy jest szczeg\u00f3lnie istotnym czynnikiem w przypadku motocykli. Jednocze\u015bnie z racji na swoje po\u0142o\u017cenie zar\u00f3wno t\u0142umiki motocyklowe, jak i rury wydechu s\u0105 stosunkowo podatne na uszkodzenia. Dlatego firma Kali\u0144ski oferuje pomoc wszystkim w\u0142a\u015bcicielom jedno\u015blad\u00f3w, kt\u00f3rzy chcieliby wymieni\u0107 lub naprawi\u0107 uszkodzony wydech w swoim motorze. Nasz zesp\u00f3\u0142 &hellip; Czytaj dalej Kontakt motocykle Grzegorz","og_url":"https:\/\/kalinski.pl\/serwis\/tlumiki-rury-i-koncowki-wydechu-do-motocykli\/","og_site_name":"Kali\u0144ski","article_modified_time":"2026-03-18T10:37:03+00:00","og_image":[{"width":1024,"height":683,"url":"https:\/\/kalinski.pl\/serwis\/wp-content\/uploads\/Indian_Chief_1.jpg","type":"image\/jpeg"}],"twitter_card":"summary_large_image","twitter_misc":{"Szacowany czas czytania":"3 minuty"},"schema":{"@context":"https:\/\/schema.org","@graph":[{"@type":"WebPage","@id":"https:\/\/kalinski.pl\/serwis\/tlumiki-rury-i-koncowki-wydechu-do-motocykli\/","url":"https:\/\/kalinski.pl\/serwis\/tlumiki-rury-i-koncowki-wydechu-do-motocykli\/","name":"Naprawa, wymiana t\u0142umik\u00f3w motocyklowych - t\u0142umiki sportowe na zam\u00f3wienie | Kali\u0144ski","isPartOf":{"@id":"https:\/\/kalinski.pl\/serwis\/#website"},"primaryImageOfPage":{"@id":"https:\/\/kalinski.pl\/serwis\/tlumiki-rury-i-koncowki-wydechu-do-motocykli\/#primaryimage"},"image":{"@id":"https:\/\/kalinski.pl\/serwis\/tlumiki-rury-i-koncowki-wydechu-do-motocykli\/#primaryimage"},"thumbnailUrl":"https:\/\/kalinski.pl\/wp-content\/uploads\/Indian_Chief_1.jpg","datePublished":"2020-07-16T14:44:33+00:00","dateModified":"2026-03-18T10:37:03+00:00","breadcrumb":{"@id":"https:\/\/kalinski.pl\/serwis\/tlumiki-rury-i-koncowki-wydechu-do-motocykli\/#breadcrumb"},"inLanguage":"pl-PL","potentialAction":[{"@type":"ReadAction","target":["https:\/\/kalinski.pl\/serwis\/tlumiki-rury-i-koncowki-wydechu-do-motocykli\/"]}]},{"@type":"ImageObject","inLanguage":"pl-PL","@id":"https:\/\/kalinski.pl\/serwis\/tlumiki-rury-i-koncowki-wydechu-do-motocykli\/#primaryimage","url":"https:\/\/kalinski.pl\/wp-content\/uploads\/Indian_Chief_1.jpg","contentUrl":"https:\/\/kalinski.pl\/wp-content\/uploads\/Indian_Chief_1.jpg"},{"@type":"BreadcrumbList","@id":"https:\/\/kalinski.pl\/serwis\/tlumiki-rury-i-koncowki-wydechu-do-motocykli\/#breadcrumb","itemListElement":[{"@type":"ListItem","position":1,"name":"Strona g\u0142\u00f3wna","item":"https:\/\/kalinski.pl\/serwis\/"},{"@type":"ListItem","position":2,"name":"T\u0142umiki, rury i ko\u0144c\u00f3wki wydechu do motocykli"}]},{"@type":"WebSite","@id":"https:\/\/kalinski.pl\/serwis\/#website","url":"https:\/\/kalinski.pl\/serwis\/","name":"Kali\u0144ski","description":"Uk\u0142ady wydechowe","publisher":{"@id":"https:\/\/kalinski.pl\/serwis\/#organization"},"potentialAction":[{"@type":"SearchAction","target":{"@type":"EntryPoint","urlTemplate":"https:\/\/kalinski.pl\/serwis\/?s={search_term_string}"},"query-input":{"@type":"PropertyValueSpecification","valueRequired":true,"valueName":"search_term_string"}}],"inLanguage":"pl-PL"},{"@type":"Organization","@id":"https:\/\/kalinski.pl\/serwis\/#organization","name":"Kali\u0144ski","url":"https:\/\/kalinski.pl\/serwis\/","logo":{"@type":"ImageObject","inLanguage":"pl-PL","@id":"https:\/\/kalinski.pl\/serwis\/#\/schema\/logo\/image\/","url":"https:\/\/kalinski.pl\/serwis\/wp-content\/uploads\/2019\/03\/cropped-logo_white.jpg","contentUrl":"https:\/\/kalinski.pl\/serwis\/wp-content\/uploads\/2019\/03\/cropped-logo_white.jpg","width":240,"height":63,"caption":"Kali\u0144ski"},"image":{"@id":"https:\/\/kalinski.pl\/serwis\/#\/schema\/logo\/image\/"}}]}},"_links":{"self":[{"href":"https:\/\/kalinski.pl\/serwis\/wp-json\/wp\/v2\/pages\/1738","targetHints":{"allow":["GET"]}}],"collection":[{"href":"https:\/\/kalinski.pl\/serwis\/wp-json\/wp\/v2\/pages"}],"about":[{"href":"https:\/\/kalinski.pl\/serwis\/wp-json\/wp\/v2\/types\/page"}],"author":[{"embeddable":true,"href":"https:\/\/kalinski.pl\/serwis\/wp-json\/wp\/v2\/users\/821794"}],"replies":[{"embeddable":true,"href":"https:\/\/kalinski.pl\/serwis\/wp-json\/wp\/v2\/comments?post=1738"}],"version-history":[{"count":4,"href":"https:\/\/kalinski.pl\/serwis\/wp-json\/wp\/v2\/pages\/1738\/revisions"}],"predecessor-version":[{"id":4954,"href":"https:\/\/kalinski.pl\/serwis\/wp-json\/wp\/v2\/pages\/1738\/revisions\/4954"}],"wp:attachment":[{"href":"https:\/\/kalinski.pl\/serwis\/wp-json\/wp\/v2\/media?parent=1738"}],"curies":[{"name":"wp","href":"https:\/\/api.w.org\/{rel}","templated":true}]}}