{"id":1688,"date":"2020-06-29T14:23:04","date_gmt":"2020-06-29T12:23:04","guid":{"rendered":"https:\/\/kalinski.pl\/?page_id=1688"},"modified":"2020-06-29T14:23:04","modified_gmt":"2020-06-29T12:23:04","slug":"obrobka-plastyczna-rur-de","status":"publish","type":"page","link":"https:\/\/kalinski.pl\/serwis\/de\/obrobka-plastyczna-rur-de\/","title":{"rendered":"Obr\u00f3bka plastyczna rur DE"},"content":{"rendered":"<div class=\"katalizatory_png\"><img fetchpriority=\"high\" decoding=\"async\" class=\"alignnone size-full wp-image-1531\" src=\"https:\/\/kalinski.pl\/wp-content\/uploads\/Obrobka_plastyczna_PNG.png\" alt=\"\" width=\"1920\" height=\"524\"><\/div>\n<div>&nbsp;<\/div>\n<div>&nbsp;<\/div>\n<div class=\"odstepy_strona\">\n<p>Us\u0142uga gi\u0119cia rur jest kolejn\u0105 ga\u0142\u0119zi\u0105 szerokiego wachlarza wykonywanych przez nas zlece\u0144. <strong>Obr\u00f3bka rur stalowych<\/strong> jest wykonywana mi\u0119dzy innymi trzpieniow\u0105 gi\u0119tark\u0105 do rur renomowanej firmy AMOB model mdh 90 cn2. Jest to urz\u0105dzenie pozwalaj\u0105ce na gi\u0119cie rur z bardzo du\u017c\u0105 dok\u0142adno\u015bci\u0105 a dzi\u0119ki zastosowaniu technologii trzpieniowej, eliminujemy mo\u017cliwo\u015b\u0107 powstawania wyp\u0142aszcze\u0144 oraz pofa\u0142dowa\u0144 materia\u0142u w miejscu gi\u0119cia.<\/p>\n<p><strong>Obr\u00f3bka rur<\/strong> na gi\u0119tarce odbywa si\u0119 automatycznie po wprowadzeniu parametr\u00f3w gi\u0119cia do komputera gi\u0119tarki. Operator wprowadza odpowiedni program z uwzgl\u0119dnieniem k\u0105t\u00f3w gi\u0119cia oraz obrotu rury w gi\u0119tarce, nast\u0119pnie inicjuje proces gi\u0119cia ca\u0142y czas czuwaj\u0105c nad jego poprawnym przebiegiem. W trakcie gi\u0119cia opr\u00f3cz planowanego k\u0105ta uwzgl\u0119dniana jest r\u00f3wnie\u017c kompensacja spr\u0119\u017cysto\u015bci rury, kt\u00f3ra jest inna dla ka\u017cdego materia\u0142u. <strong>Obr\u00f3bka rur nierdzewnych<\/strong> wymaga wprowadzenia wi\u0119kszej poprawki ze wzgl\u0119du na spr\u0119\u017cysto\u015b\u0107 materia\u0142u ni\u017c w przypadku gi\u0119cia rur ze stali czarnej. Do tej pory jednak nie realizowali\u015bmy jeszcze <strong>obr\u00f3bki rur miedzianych<\/strong> czy <strong>obr\u00f3bki rurek miedzianych.<\/strong><\/p>\n<p>Wykonujemy <strong>gi\u0119cia rur pojedyncze<\/strong> (kolana) oraz <strong>gi\u0119cia rur bardziej z\u0142o\u017cone<\/strong> gdzie na jednym odcinku rury wyst\u0119puje kilka gi\u0119\u0107 w r\u00f3\u017cnych p\u0142aszczyznach jak w przypadku np. uk\u0142ad\u00f3w wydechowych. <strong>Gniemy rury<\/strong> r\u00f3\u017cnej \u015brednicy, od 32mm po 88,9mm pod dowolnym k\u0105tem mieszcz\u0105cym si\u0119 w zakresie 1-180 stopni. W\u015br\u00f3d naszych realizacji s\u0105 mi\u0119dzy innymi por\u0119cze, wiaty, zadaszenia, stojaki rowerowe ale tak\u017ce bardziej nietypowe wykonania jak hamak ogrodowy ze stali nierdzewnej czy s\u0142upy o\u015bwietleniowe. Jednymi najciekawszych projekt\u00f3w by\u0142o wykonanie schod\u00f3w basenowych ze stali nierdzewnej czy element\u00f3w wydechu do formu\u0142y student w ca\u0142o\u015bci ugi\u0119tych z rury tytanowej.<\/p>\n<p>Mo\u017cliwe jest wyko\u0144czenie obrabianej rury poprzez jej polerowanie lub szlif (satyna). <strong>Obr\u00f3bka plastyczna<\/strong> <strong>rur<\/strong> jest poj\u0119ciem bardzo szerokim, zach\u0119camy zatem do kontaktu, ch\u0119tnie odpowiemy na wszelkie pytania z nim zwi\u0105zane. Nasza siedziba znajduje si\u0119 w odleg\u0142o\u015bci oko\u0142o 15 kilometr\u00f3w od <strong>centrum Poznania.<\/strong> Cena ustalana jest zawsze indywidualnie i zale\u017cy mi\u0119dzy innymi od \u015brednicy gi\u0119tej rury, Ilo\u015bci wykonywanych egzemplarzy oraz u\u017cytego materia\u0142u. Nale\u017cy nadmieni\u0107 i\u017c posiadamy <strong>magazyn rur ze stali nierdzewnej<\/strong> 304, lecz na \u017cyczenie klienta mo\u017cemy wykona\u0107 us\u0142ug\u0119 z materia\u0142u powierzonego, musi on jednak spe\u0142nia\u0107 pewne wymagania o kt\u00f3rych ch\u0119tnie porozmawiamy telefonicznie. Zapraszamy do wsp\u00f3\u0142pracy.<\/p>\n<\/div>\n","protected":false},"excerpt":{"rendered":"<p>&nbsp; &nbsp; Us\u0142uga gi\u0119cia rur jest kolejn\u0105 ga\u0142\u0119zi\u0105 szerokiego wachlarza wykonywanych przez nas zlece\u0144. Obr\u00f3bka rur stalowych jest wykonywana mi\u0119dzy innymi trzpieniow\u0105 gi\u0119tark\u0105 do rur renomowanej firmy AMOB model mdh 90 cn2. Jest to urz\u0105dzenie pozwalaj\u0105ce na gi\u0119cie rur z bardzo du\u017c\u0105 dok\u0142adno\u015bci\u0105 a dzi\u0119ki zastosowaniu technologii trzpieniowej, eliminujemy mo\u017cliwo\u015b\u0107 powstawania wyp\u0142aszcze\u0144 oraz pofa\u0142dowa\u0144 materia\u0142u &hellip; <a href=\"https:\/\/kalinski.pl\/serwis\/de\/obrobka-plastyczna-rur-de\/\" class=\"more-link\">Czytaj dalej<span class=\"screen-reader-text\"> Obr\u00f3bka plastyczna rur DE<\/span><\/a><\/p>\n","protected":false},"author":1024,"featured_media":0,"parent":0,"menu_order":0,"comment_status":"closed","ping_status":"closed","template":"","meta":{"footnotes":""},"class_list":["post-1688","page","type-page","status-publish","hentry"],"yoast_head":"<!-- This site is optimized with the Yoast SEO plugin v26.7 - https:\/\/yoast.com\/wordpress\/plugins\/seo\/ -->\n<title>Obr\u00f3bka plastyczna rur DE | Kali\u0144ski<\/title>\n<meta name=\"description\" content=\"Jeste\u015bmy firm\u0105, kt\u00f3ra wykonuje obr\u00f3bk\u0119 plastyczn\u0105 rur gi\u0119tych. Gniemy rury aluminiowe, ze stali zwyk\u0142ej a tak\u017ce nierdzewnej do konta 180 stopni.\" \/>\n<meta name=\"robots\" content=\"index, follow, max-snippet:-1, max-image-preview:large, max-video-preview:-1\" \/>\n<link rel=\"canonical\" href=\"https:\/\/kalinski.pl\/serwis\/de\/obrobka-plastyczna-rur-de\/\" \/>\n<meta property=\"og:locale\" content=\"pl_PL\" \/>\n<meta property=\"og:type\" content=\"article\" \/>\n<meta property=\"og:title\" content=\"Obr\u00f3bka plastyczna rur DE | Kali\u0144ski\" \/>\n<meta property=\"og:description\" content=\"Jeste\u015bmy firm\u0105, kt\u00f3ra wykonuje obr\u00f3bk\u0119 plastyczn\u0105 rur gi\u0119tych. Gniemy rury aluminiowe, ze stali zwyk\u0142ej a tak\u017ce nierdzewnej do konta 180 stopni.\" \/>\n<meta property=\"og:url\" content=\"https:\/\/kalinski.pl\/serwis\/de\/obrobka-plastyczna-rur-de\/\" \/>\n<meta property=\"og:site_name\" content=\"Kali\u0144ski\" \/>\n<meta property=\"og:image\" content=\"https:\/\/kalinski.pl\/wp-content\/uploads\/Obrobka_plastyczna_PNG.png\" \/>\n<meta name=\"twitter:card\" content=\"summary_large_image\" \/>\n<meta name=\"twitter:label1\" content=\"Szacowany czas czytania\" \/>\n\t<meta name=\"twitter:data1\" content=\"2 minuty\" \/>\n<script type=\"application\/ld+json\" class=\"yoast-schema-graph\">{\"@context\":\"https:\/\/schema.org\",\"@graph\":[{\"@type\":\"WebPage\",\"@id\":\"https:\/\/kalinski.pl\/serwis\/de\/obrobka-plastyczna-rur-de\/\",\"url\":\"https:\/\/kalinski.pl\/serwis\/de\/obrobka-plastyczna-rur-de\/\",\"name\":\"Obr\u00f3bka plastyczna rur DE | Kali\u0144ski\",\"isPartOf\":{\"@id\":\"https:\/\/kalinski.pl\/serwis\/#website\"},\"primaryImageOfPage\":{\"@id\":\"https:\/\/kalinski.pl\/serwis\/de\/obrobka-plastyczna-rur-de\/#primaryimage\"},\"image\":{\"@id\":\"https:\/\/kalinski.pl\/serwis\/de\/obrobka-plastyczna-rur-de\/#primaryimage\"},\"thumbnailUrl\":\"https:\/\/kalinski.pl\/wp-content\/uploads\/Obrobka_plastyczna_PNG.png\",\"datePublished\":\"2020-06-29T12:23:04+00:00\",\"description\":\"Jeste\u015bmy firm\u0105, kt\u00f3ra wykonuje obr\u00f3bk\u0119 plastyczn\u0105 rur gi\u0119tych. Gniemy rury aluminiowe, ze stali zwyk\u0142ej a tak\u017ce nierdzewnej do konta 180 stopni.\",\"breadcrumb\":{\"@id\":\"https:\/\/kalinski.pl\/serwis\/de\/obrobka-plastyczna-rur-de\/#breadcrumb\"},\"inLanguage\":\"pl-PL\",\"potentialAction\":[{\"@type\":\"ReadAction\",\"target\":[\"https:\/\/kalinski.pl\/serwis\/de\/obrobka-plastyczna-rur-de\/\"]}]},{\"@type\":\"ImageObject\",\"inLanguage\":\"pl-PL\",\"@id\":\"https:\/\/kalinski.pl\/serwis\/de\/obrobka-plastyczna-rur-de\/#primaryimage\",\"url\":\"https:\/\/kalinski.pl\/wp-content\/uploads\/Obrobka_plastyczna_PNG.png\",\"contentUrl\":\"https:\/\/kalinski.pl\/wp-content\/uploads\/Obrobka_plastyczna_PNG.png\"},{\"@type\":\"BreadcrumbList\",\"@id\":\"https:\/\/kalinski.pl\/serwis\/de\/obrobka-plastyczna-rur-de\/#breadcrumb\",\"itemListElement\":[{\"@type\":\"ListItem\",\"position\":1,\"name\":\"Strona g\u0142\u00f3wna\",\"item\":\"https:\/\/kalinski.pl\/serwis\/\"},{\"@type\":\"ListItem\",\"position\":2,\"name\":\"Obr\u00f3bka plastyczna rur DE\"}]},{\"@type\":\"WebSite\",\"@id\":\"https:\/\/kalinski.pl\/serwis\/#website\",\"url\":\"https:\/\/kalinski.pl\/serwis\/\",\"name\":\"Kali\u0144ski\",\"description\":\"Uk\u0142ady wydechowe\",\"publisher\":{\"@id\":\"https:\/\/kalinski.pl\/serwis\/#organization\"},\"potentialAction\":[{\"@type\":\"SearchAction\",\"target\":{\"@type\":\"EntryPoint\",\"urlTemplate\":\"https:\/\/kalinski.pl\/serwis\/?s={search_term_string}\"},\"query-input\":{\"@type\":\"PropertyValueSpecification\",\"valueRequired\":true,\"valueName\":\"search_term_string\"}}],\"inLanguage\":\"pl-PL\"},{\"@type\":\"Organization\",\"@id\":\"https:\/\/kalinski.pl\/serwis\/#organization\",\"name\":\"Kali\u0144ski\",\"url\":\"https:\/\/kalinski.pl\/serwis\/\",\"logo\":{\"@type\":\"ImageObject\",\"inLanguage\":\"pl-PL\",\"@id\":\"https:\/\/kalinski.pl\/serwis\/#\/schema\/logo\/image\/\",\"url\":\"https:\/\/kalinski.pl\/serwis\/wp-content\/uploads\/2019\/03\/cropped-logo_white.jpg\",\"contentUrl\":\"https:\/\/kalinski.pl\/serwis\/wp-content\/uploads\/2019\/03\/cropped-logo_white.jpg\",\"width\":240,\"height\":63,\"caption\":\"Kali\u0144ski\"},\"image\":{\"@id\":\"https:\/\/kalinski.pl\/serwis\/#\/schema\/logo\/image\/\"}}]}<\/script>\n<!-- \/ Yoast SEO plugin. -->","yoast_head_json":{"title":"Obr\u00f3bka plastyczna rur DE | Kali\u0144ski","description":"Jeste\u015bmy firm\u0105, kt\u00f3ra wykonuje obr\u00f3bk\u0119 plastyczn\u0105 rur gi\u0119tych. Gniemy rury aluminiowe, ze stali zwyk\u0142ej a tak\u017ce nierdzewnej do konta 180 stopni.","robots":{"index":"index","follow":"follow","max-snippet":"max-snippet:-1","max-image-preview":"max-image-preview:large","max-video-preview":"max-video-preview:-1"},"canonical":"https:\/\/kalinski.pl\/serwis\/de\/obrobka-plastyczna-rur-de\/","og_locale":"pl_PL","og_type":"article","og_title":"Obr\u00f3bka plastyczna rur DE | Kali\u0144ski","og_description":"Jeste\u015bmy firm\u0105, kt\u00f3ra wykonuje obr\u00f3bk\u0119 plastyczn\u0105 rur gi\u0119tych. Gniemy rury aluminiowe, ze stali zwyk\u0142ej a tak\u017ce nierdzewnej do konta 180 stopni.","og_url":"https:\/\/kalinski.pl\/serwis\/de\/obrobka-plastyczna-rur-de\/","og_site_name":"Kali\u0144ski","og_image":[{"url":"https:\/\/kalinski.pl\/wp-content\/uploads\/Obrobka_plastyczna_PNG.png","type":"","width":"","height":""}],"twitter_card":"summary_large_image","twitter_misc":{"Szacowany czas czytania":"2 minuty"},"schema":{"@context":"https:\/\/schema.org","@graph":[{"@type":"WebPage","@id":"https:\/\/kalinski.pl\/serwis\/de\/obrobka-plastyczna-rur-de\/","url":"https:\/\/kalinski.pl\/serwis\/de\/obrobka-plastyczna-rur-de\/","name":"Obr\u00f3bka plastyczna rur DE | Kali\u0144ski","isPartOf":{"@id":"https:\/\/kalinski.pl\/serwis\/#website"},"primaryImageOfPage":{"@id":"https:\/\/kalinski.pl\/serwis\/de\/obrobka-plastyczna-rur-de\/#primaryimage"},"image":{"@id":"https:\/\/kalinski.pl\/serwis\/de\/obrobka-plastyczna-rur-de\/#primaryimage"},"thumbnailUrl":"https:\/\/kalinski.pl\/wp-content\/uploads\/Obrobka_plastyczna_PNG.png","datePublished":"2020-06-29T12:23:04+00:00","description":"Jeste\u015bmy firm\u0105, kt\u00f3ra wykonuje obr\u00f3bk\u0119 plastyczn\u0105 rur gi\u0119tych. Gniemy rury aluminiowe, ze stali zwyk\u0142ej a tak\u017ce nierdzewnej do konta 180 stopni.","breadcrumb":{"@id":"https:\/\/kalinski.pl\/serwis\/de\/obrobka-plastyczna-rur-de\/#breadcrumb"},"inLanguage":"pl-PL","potentialAction":[{"@type":"ReadAction","target":["https:\/\/kalinski.pl\/serwis\/de\/obrobka-plastyczna-rur-de\/"]}]},{"@type":"ImageObject","inLanguage":"pl-PL","@id":"https:\/\/kalinski.pl\/serwis\/de\/obrobka-plastyczna-rur-de\/#primaryimage","url":"https:\/\/kalinski.pl\/wp-content\/uploads\/Obrobka_plastyczna_PNG.png","contentUrl":"https:\/\/kalinski.pl\/wp-content\/uploads\/Obrobka_plastyczna_PNG.png"},{"@type":"BreadcrumbList","@id":"https:\/\/kalinski.pl\/serwis\/de\/obrobka-plastyczna-rur-de\/#breadcrumb","itemListElement":[{"@type":"ListItem","position":1,"name":"Strona g\u0142\u00f3wna","item":"https:\/\/kalinski.pl\/serwis\/"},{"@type":"ListItem","position":2,"name":"Obr\u00f3bka plastyczna rur DE"}]},{"@type":"WebSite","@id":"https:\/\/kalinski.pl\/serwis\/#website","url":"https:\/\/kalinski.pl\/serwis\/","name":"Kali\u0144ski","description":"Uk\u0142ady wydechowe","publisher":{"@id":"https:\/\/kalinski.pl\/serwis\/#organization"},"potentialAction":[{"@type":"SearchAction","target":{"@type":"EntryPoint","urlTemplate":"https:\/\/kalinski.pl\/serwis\/?s={search_term_string}"},"query-input":{"@type":"PropertyValueSpecification","valueRequired":true,"valueName":"search_term_string"}}],"inLanguage":"pl-PL"},{"@type":"Organization","@id":"https:\/\/kalinski.pl\/serwis\/#organization","name":"Kali\u0144ski","url":"https:\/\/kalinski.pl\/serwis\/","logo":{"@type":"ImageObject","inLanguage":"pl-PL","@id":"https:\/\/kalinski.pl\/serwis\/#\/schema\/logo\/image\/","url":"https:\/\/kalinski.pl\/serwis\/wp-content\/uploads\/2019\/03\/cropped-logo_white.jpg","contentUrl":"https:\/\/kalinski.pl\/serwis\/wp-content\/uploads\/2019\/03\/cropped-logo_white.jpg","width":240,"height":63,"caption":"Kali\u0144ski"},"image":{"@id":"https:\/\/kalinski.pl\/serwis\/#\/schema\/logo\/image\/"}}]}},"_links":{"self":[{"href":"https:\/\/kalinski.pl\/serwis\/wp-json\/wp\/v2\/pages\/1688","targetHints":{"allow":["GET"]}}],"collection":[{"href":"https:\/\/kalinski.pl\/serwis\/wp-json\/wp\/v2\/pages"}],"about":[{"href":"https:\/\/kalinski.pl\/serwis\/wp-json\/wp\/v2\/types\/page"}],"author":[{"embeddable":true,"href":"https:\/\/kalinski.pl\/serwis\/wp-json\/wp\/v2\/users\/1024"}],"replies":[{"embeddable":true,"href":"https:\/\/kalinski.pl\/serwis\/wp-json\/wp\/v2\/comments?post=1688"}],"version-history":[{"count":0,"href":"https:\/\/kalinski.pl\/serwis\/wp-json\/wp\/v2\/pages\/1688\/revisions"}],"wp:attachment":[{"href":"https:\/\/kalinski.pl\/serwis\/wp-json\/wp\/v2\/media?parent=1688"}],"curies":[{"name":"wp","href":"https:\/\/api.w.org\/{rel}","templated":true}]}}