{"id":1540,"date":"2020-06-09T11:46:13","date_gmt":"2020-06-09T09:46:13","guid":{"rendered":"https:\/\/kalinski.pl\/?page_id=1540"},"modified":"2024-03-22T13:55:47","modified_gmt":"2024-03-22T12:55:47","slug":"naprawa-spawanie-wymaina-tlumikow-i-rur-wydechowych","status":"publish","type":"page","link":"https:\/\/kalinski.pl\/serwis\/naprawa-spawanie-wymaina-tlumikow-i-rur-wydechowych\/","title":{"rendered":"Naprawa t\u0142umik\u00f3w i rur wydechowych"},"content":{"rendered":"<div class=\"katalizatory_png\"><img fetchpriority=\"high\" decoding=\"async\" width=\"1100\" height=\"300\" class=\"alignnone size-full wp-image-1575\" src=\"https:\/\/kalinski.pl\/wp-content\/uploads\/tlumikikalinski.jpg\" alt=\"\" \/><\/div>\n<div class=\"odstepy_strona\">\n<p>&nbsp;<\/p>\n<p><strong>T\u0142umiki<\/strong> stanowi\u0105 bardzo wa\u017cny element uk\u0142adu wydechowego, ka\u017cdy samoch\u00f3d a nawet pojazd z silnikiem spalinowym musi posiada\u0107 <strong>t\u0142umik<\/strong>. T\u0142umiki odpowiedzialne s\u0105 za <strong>odprowadzanie spalin z silnika<\/strong> pojazdu. Opr\u00f3cz odprowadzania spalin <strong><a href=\"https:\/\/kalinski.pl\/sklep\/pl\/4354-tlumiki-rury\" rel=\"noopener\">t\u0142umiki<\/a> pe\u0142ni\u0105 funkcj\u0119 t\u0142umienia d\u017awi\u0119ku<\/strong>. T\u0142umiki s\u0105 najcz\u0119\u015bciej ostatnim elementem uk\u0142adu wydechowego. Zako\u0144czeniem t\u0142umika mo\u017ce by\u0107 dodatkowo zamontowana ozdobna ko\u0144c\u00f3wka wydechu.<\/p>\n<p><strong>Uk\u0142ad wydechowy<\/strong> mo\u017ce sk\u0142ada\u0107 si\u0119 z <strong>kilku t\u0142umik\u00f3w \u2013 t\u0142umika drga\u0144 (elementu elastycznego), t\u0142umika pocz\u0105tkowego, t\u0142umika \u015brodkowego, t\u0142umika ko\u0144cowego<\/strong> oraz z rury wydechowej, ko\u0144cowej. T\u0142umik pocz\u0105tkowy zazwyczaj jest cylindryczn\u0105 rur\u0105, o du\u017cej \u015brednicy. T\u0142umik \u015brodkowy cz\u0119sto sk\u0142ada si\u0119 z rur stalowych o r\u00f3\u017cnym kszta\u0142cie. Natomiast <strong>t\u0142umik ko\u0144cowy ma bardzo r\u00f3\u017cne kszta\u0142ty<\/strong>, niekiedy ma kszta\u0142t cylindryczny, jest dosy\u0107 szeroki i podobny do t\u0142umika pocz\u0105tkowego, ale coraz cz\u0119\u015bciej ze wzgl\u0119d\u00f3w konstrukcyjnych i ograniczonej przestrzeni jest on dopasowany kszta\u0142tem do miejsca w p\u0142ycie pod\u0142ogowej.\u00a0<\/p>\n<p>W ramach naprawy uk\u0142ad\u00f3w wydechowych zajmujemy si\u0119 <strong>wymian\u0105 t\u0142umik\u00f3w, spawaniem t\u0142umik\u00f3w czy regeneracj\u0105 t\u0142umik\u00f3w.<\/strong> Us\u0142ugi dotycz\u0105ce <strong>naprawy wydech\u00f3w<\/strong> dedykujemy g\u0142\u00f3wnie mieszka\u0144com Poznania oraz okolic. Mamy jednak klient\u00f3w, kt\u00f3rzy pojawiaj\u0105 si\u0119 w naszym serwisie z dalszych obszar\u00f3w regionu a nawet ca\u0142ego kraju. <strong>Serwis Kali\u0144ski<\/strong> znajduje si\u0119 w Chybach, blisko drogi wojew\u00f3dzkiej numer 184 oraz zachodniej obwodnicy Poznania, drogi S-11. Bardzo \u0142atwo i szybko mo\u017cna dojecha\u0107 do naszej firmy.<\/p>\n<p>W naszej ofercie znajduj\u0105 si\u0119 m.in. <strong><a href=\"https:\/\/kalinski.pl\/sklep\/pl\/464-tlumiki-porsche\" rel=\"noopener\">t\u0142umiki do pojazd\u00f3w osobowych<\/a>, motocyklowych, ci\u0119\u017carowych, maszyn roboczych.<\/strong> Wszystkie produkty mo\u017cna znale\u017a\u0107 w sklepie internetowym, pod adresem Kalinski.pl\/sklep. W sklepie poznamy jaka jest cena t\u0142umik\u00f3w. Je\u015bli chcemy natomiast pozna\u0107 koszt naprawy t\u0142umik\u00f3w i ich monta\u017cu najlepiej skontaktowa\u0107 si\u0119 z nami telefonicznie.<\/p>\n<p><strong>Jeste\u015bmy dystrybutorem t\u0142umik\u00f3w<\/strong> najlepszych producent\u00f3w, takich jak <strong>Bosal, Walker czy te\u017c Imasaf.<\/strong> Sprzedajemy r\u00f3wnie\u017c produkty polskich firm, m.in. marki <strong>Polmostr\u00f3w<\/strong>. Ze wzgl\u0119du na bogate zaplecze oraz sprz\u0119t zajmujemy si\u0119 r\u00f3wnie\u017c <strong>produkcj\u0105 t\u0142umik\u00f3w pod mark\u0105 w\u0142asn\u0105 \u2013 Kali\u0144ski.<\/strong> G\u0142\u00f3wnie tworzymy t\u0142umiki motocyklowe, ale <strong>tak\u017ce rekonstruujemy, odnawiamy czy odtwarzamy t\u0142umiki<\/strong> do pojazd\u00f3w zabytkowych, sportowych na specjalne zam\u00f3wienia.<\/p>\n<p>Atutem wsp\u00f3\u0142pracy z nami jest <strong>dost\u0119pno\u015b\u0107 produkt\u00f3w.<\/strong> W naszym magazynie posiadamy kilkadziesi\u0105t tysi\u0119cy produkt\u00f3w, w tym t\u0142umik\u00f3w. Obszerny magazyn pozwala nam <strong>na realizacj\u0119 zam\u00f3wie\u0144 w<\/strong> <strong>maksymalnie dwa dni po jego z\u0142o\u017ceniu.<\/strong> Mo\u017cemy dos\u0142a\u0107 t\u0142umik do wybranego serwisu jak i bezpo\u015brednio do domu klienta.<\/p>\n<p>Na prze\u0142omie lat dzia\u0142alno\u015bci naszej firmy zasz\u0142y bardzo du\u017ce zmiany dotycz\u0105ce t\u0142umik\u00f3w. Obecnie <strong>t\u0142umiki produkowane s\u0105 z coraz trwalszych i doskonalszych materia\u0142\u00f3w,<\/strong> co ma zdecydowany wp\u0142yw na <strong>przed\u0142u\u017cenie si\u0119 ich \u017cywotno\u015b\u0107.<\/strong> Dzi\u015b t\u0142umiki zaliczamy do ma\u0142o awaryjnych podzespo\u0142\u00f3w samochodowych.<\/p>\n<\/div>\n","protected":false},"excerpt":{"rendered":"<p>&nbsp; T\u0142umiki stanowi\u0105 bardzo wa\u017cny element uk\u0142adu wydechowego, ka\u017cdy samoch\u00f3d a nawet pojazd z silnikiem spalinowym musi posiada\u0107 t\u0142umik. T\u0142umiki odpowiedzialne s\u0105 za odprowadzanie spalin z silnika pojazdu. Opr\u00f3cz odprowadzania spalin t\u0142umiki pe\u0142ni\u0105 funkcj\u0119 t\u0142umienia d\u017awi\u0119ku. T\u0142umiki s\u0105 najcz\u0119\u015bciej ostatnim elementem uk\u0142adu wydechowego. Zako\u0144czeniem t\u0142umika mo\u017ce by\u0107 dodatkowo zamontowana ozdobna ko\u0144c\u00f3wka wydechu. Uk\u0142ad wydechowy mo\u017ce &hellip; <a href=\"https:\/\/kalinski.pl\/serwis\/naprawa-spawanie-wymaina-tlumikow-i-rur-wydechowych\/\" class=\"more-link\">Czytaj dalej<span class=\"screen-reader-text\"> Naprawa t\u0142umik\u00f3w i rur wydechowych<\/span><\/a><\/p>\n","protected":false},"author":2,"featured_media":0,"parent":0,"menu_order":0,"comment_status":"closed","ping_status":"closed","template":"","meta":{"footnotes":""},"class_list":["post-1540","page","type-page","status-publish","hentry"],"yoast_head":"<!-- This site is optimized with the Yoast SEO plugin v26.7 - https:\/\/yoast.com\/wordpress\/plugins\/seo\/ -->\n<title>Serwis t\u0142umik\u00f3w - spawanie, regeneracja, wymiana i naprawa wydech\u00f3w | Kali\u0144ski<\/title>\n<meta name=\"description\" content=\"W naszej bogatej ofercie t\u0142umiki i rury nale\u017c\u0105 do jednych z najbardziej popularnych produkt\u00f3w. Zajmujemy si\u0119 zar\u00f3wno produkcj\u0105 jak i dystrybucj\u0105 t\u0142umik\u00f3w.\" \/>\n<meta name=\"robots\" content=\"index, follow, max-snippet:-1, max-image-preview:large, max-video-preview:-1\" \/>\n<link rel=\"canonical\" href=\"https:\/\/kalinski.pl\/serwis\/naprawa-spawanie-wymaina-tlumikow-i-rur-wydechowych\/\" \/>\n<meta property=\"og:locale\" content=\"pl_PL\" \/>\n<meta property=\"og:type\" content=\"article\" \/>\n<meta property=\"og:title\" content=\"Serwis t\u0142umik\u00f3w - spawanie, regeneracja, wymiana i naprawa wydech\u00f3w | Kali\u0144ski\" \/>\n<meta property=\"og:description\" content=\"W naszej bogatej ofercie t\u0142umiki i rury nale\u017c\u0105 do jednych z najbardziej popularnych produkt\u00f3w. Zajmujemy si\u0119 zar\u00f3wno produkcj\u0105 jak i dystrybucj\u0105 t\u0142umik\u00f3w.\" \/>\n<meta property=\"og:url\" content=\"https:\/\/kalinski.pl\/serwis\/naprawa-spawanie-wymaina-tlumikow-i-rur-wydechowych\/\" \/>\n<meta property=\"og:site_name\" content=\"Kali\u0144ski\" \/>\n<meta property=\"article:modified_time\" content=\"2024-03-22T12:55:47+00:00\" \/>\n<meta property=\"og:image\" content=\"https:\/\/kalinski.pl\/wp-content\/uploads\/tlumikikalinski.jpg\" \/>\n<meta name=\"twitter:card\" content=\"summary_large_image\" \/>\n<meta name=\"twitter:label1\" content=\"Szacowany czas czytania\" \/>\n\t<meta name=\"twitter:data1\" content=\"3 minuty\" \/>\n<script type=\"application\/ld+json\" class=\"yoast-schema-graph\">{\"@context\":\"https:\/\/schema.org\",\"@graph\":[{\"@type\":\"WebPage\",\"@id\":\"https:\/\/kalinski.pl\/serwis\/naprawa-spawanie-wymaina-tlumikow-i-rur-wydechowych\/\",\"url\":\"https:\/\/kalinski.pl\/serwis\/naprawa-spawanie-wymaina-tlumikow-i-rur-wydechowych\/\",\"name\":\"Serwis t\u0142umik\u00f3w - spawanie, regeneracja, wymiana i naprawa wydech\u00f3w | Kali\u0144ski\",\"isPartOf\":{\"@id\":\"https:\/\/kalinski.pl\/serwis\/#website\"},\"primaryImageOfPage\":{\"@id\":\"https:\/\/kalinski.pl\/serwis\/naprawa-spawanie-wymaina-tlumikow-i-rur-wydechowych\/#primaryimage\"},\"image\":{\"@id\":\"https:\/\/kalinski.pl\/serwis\/naprawa-spawanie-wymaina-tlumikow-i-rur-wydechowych\/#primaryimage\"},\"thumbnailUrl\":\"https:\/\/kalinski.pl\/wp-content\/uploads\/tlumikikalinski.jpg\",\"datePublished\":\"2020-06-09T09:46:13+00:00\",\"dateModified\":\"2024-03-22T12:55:47+00:00\",\"description\":\"W naszej bogatej ofercie t\u0142umiki i rury nale\u017c\u0105 do jednych z najbardziej popularnych produkt\u00f3w. Zajmujemy si\u0119 zar\u00f3wno produkcj\u0105 jak i dystrybucj\u0105 t\u0142umik\u00f3w.\",\"breadcrumb\":{\"@id\":\"https:\/\/kalinski.pl\/serwis\/naprawa-spawanie-wymaina-tlumikow-i-rur-wydechowych\/#breadcrumb\"},\"inLanguage\":\"pl-PL\",\"potentialAction\":[{\"@type\":\"ReadAction\",\"target\":[\"https:\/\/kalinski.pl\/serwis\/naprawa-spawanie-wymaina-tlumikow-i-rur-wydechowych\/\"]}]},{\"@type\":\"ImageObject\",\"inLanguage\":\"pl-PL\",\"@id\":\"https:\/\/kalinski.pl\/serwis\/naprawa-spawanie-wymaina-tlumikow-i-rur-wydechowych\/#primaryimage\",\"url\":\"https:\/\/kalinski.pl\/wp-content\/uploads\/tlumikikalinski.jpg\",\"contentUrl\":\"https:\/\/kalinski.pl\/wp-content\/uploads\/tlumikikalinski.jpg\"},{\"@type\":\"BreadcrumbList\",\"@id\":\"https:\/\/kalinski.pl\/serwis\/naprawa-spawanie-wymaina-tlumikow-i-rur-wydechowych\/#breadcrumb\",\"itemListElement\":[{\"@type\":\"ListItem\",\"position\":1,\"name\":\"Strona g\u0142\u00f3wna\",\"item\":\"https:\/\/kalinski.pl\/serwis\/\"},{\"@type\":\"ListItem\",\"position\":2,\"name\":\"Naprawa t\u0142umik\u00f3w i rur wydechowych\"}]},{\"@type\":\"WebSite\",\"@id\":\"https:\/\/kalinski.pl\/serwis\/#website\",\"url\":\"https:\/\/kalinski.pl\/serwis\/\",\"name\":\"Kali\u0144ski\",\"description\":\"Uk\u0142ady wydechowe\",\"publisher\":{\"@id\":\"https:\/\/kalinski.pl\/serwis\/#organization\"},\"potentialAction\":[{\"@type\":\"SearchAction\",\"target\":{\"@type\":\"EntryPoint\",\"urlTemplate\":\"https:\/\/kalinski.pl\/serwis\/?s={search_term_string}\"},\"query-input\":{\"@type\":\"PropertyValueSpecification\",\"valueRequired\":true,\"valueName\":\"search_term_string\"}}],\"inLanguage\":\"pl-PL\"},{\"@type\":\"Organization\",\"@id\":\"https:\/\/kalinski.pl\/serwis\/#organization\",\"name\":\"Kali\u0144ski\",\"url\":\"https:\/\/kalinski.pl\/serwis\/\",\"logo\":{\"@type\":\"ImageObject\",\"inLanguage\":\"pl-PL\",\"@id\":\"https:\/\/kalinski.pl\/serwis\/#\/schema\/logo\/image\/\",\"url\":\"https:\/\/kalinski.pl\/serwis\/wp-content\/uploads\/2019\/03\/cropped-logo_white.jpg\",\"contentUrl\":\"https:\/\/kalinski.pl\/serwis\/wp-content\/uploads\/2019\/03\/cropped-logo_white.jpg\",\"width\":240,\"height\":63,\"caption\":\"Kali\u0144ski\"},\"image\":{\"@id\":\"https:\/\/kalinski.pl\/serwis\/#\/schema\/logo\/image\/\"}}]}<\/script>\n<!-- \/ Yoast SEO plugin. -->","yoast_head_json":{"title":"Serwis t\u0142umik\u00f3w - spawanie, regeneracja, wymiana i naprawa wydech\u00f3w | Kali\u0144ski","description":"W naszej bogatej ofercie t\u0142umiki i rury nale\u017c\u0105 do jednych z najbardziej popularnych produkt\u00f3w. Zajmujemy si\u0119 zar\u00f3wno produkcj\u0105 jak i dystrybucj\u0105 t\u0142umik\u00f3w.","robots":{"index":"index","follow":"follow","max-snippet":"max-snippet:-1","max-image-preview":"max-image-preview:large","max-video-preview":"max-video-preview:-1"},"canonical":"https:\/\/kalinski.pl\/serwis\/naprawa-spawanie-wymaina-tlumikow-i-rur-wydechowych\/","og_locale":"pl_PL","og_type":"article","og_title":"Serwis t\u0142umik\u00f3w - spawanie, regeneracja, wymiana i naprawa wydech\u00f3w | Kali\u0144ski","og_description":"W naszej bogatej ofercie t\u0142umiki i rury nale\u017c\u0105 do jednych z najbardziej popularnych produkt\u00f3w. Zajmujemy si\u0119 zar\u00f3wno produkcj\u0105 jak i dystrybucj\u0105 t\u0142umik\u00f3w.","og_url":"https:\/\/kalinski.pl\/serwis\/naprawa-spawanie-wymaina-tlumikow-i-rur-wydechowych\/","og_site_name":"Kali\u0144ski","article_modified_time":"2024-03-22T12:55:47+00:00","og_image":[{"url":"https:\/\/kalinski.pl\/wp-content\/uploads\/tlumikikalinski.jpg","type":"","width":"","height":""}],"twitter_card":"summary_large_image","twitter_misc":{"Szacowany czas czytania":"3 minuty"},"schema":{"@context":"https:\/\/schema.org","@graph":[{"@type":"WebPage","@id":"https:\/\/kalinski.pl\/serwis\/naprawa-spawanie-wymaina-tlumikow-i-rur-wydechowych\/","url":"https:\/\/kalinski.pl\/serwis\/naprawa-spawanie-wymaina-tlumikow-i-rur-wydechowych\/","name":"Serwis t\u0142umik\u00f3w - spawanie, regeneracja, wymiana i naprawa wydech\u00f3w | Kali\u0144ski","isPartOf":{"@id":"https:\/\/kalinski.pl\/serwis\/#website"},"primaryImageOfPage":{"@id":"https:\/\/kalinski.pl\/serwis\/naprawa-spawanie-wymaina-tlumikow-i-rur-wydechowych\/#primaryimage"},"image":{"@id":"https:\/\/kalinski.pl\/serwis\/naprawa-spawanie-wymaina-tlumikow-i-rur-wydechowych\/#primaryimage"},"thumbnailUrl":"https:\/\/kalinski.pl\/wp-content\/uploads\/tlumikikalinski.jpg","datePublished":"2020-06-09T09:46:13+00:00","dateModified":"2024-03-22T12:55:47+00:00","description":"W naszej bogatej ofercie t\u0142umiki i rury nale\u017c\u0105 do jednych z najbardziej popularnych produkt\u00f3w. Zajmujemy si\u0119 zar\u00f3wno produkcj\u0105 jak i dystrybucj\u0105 t\u0142umik\u00f3w.","breadcrumb":{"@id":"https:\/\/kalinski.pl\/serwis\/naprawa-spawanie-wymaina-tlumikow-i-rur-wydechowych\/#breadcrumb"},"inLanguage":"pl-PL","potentialAction":[{"@type":"ReadAction","target":["https:\/\/kalinski.pl\/serwis\/naprawa-spawanie-wymaina-tlumikow-i-rur-wydechowych\/"]}]},{"@type":"ImageObject","inLanguage":"pl-PL","@id":"https:\/\/kalinski.pl\/serwis\/naprawa-spawanie-wymaina-tlumikow-i-rur-wydechowych\/#primaryimage","url":"https:\/\/kalinski.pl\/wp-content\/uploads\/tlumikikalinski.jpg","contentUrl":"https:\/\/kalinski.pl\/wp-content\/uploads\/tlumikikalinski.jpg"},{"@type":"BreadcrumbList","@id":"https:\/\/kalinski.pl\/serwis\/naprawa-spawanie-wymaina-tlumikow-i-rur-wydechowych\/#breadcrumb","itemListElement":[{"@type":"ListItem","position":1,"name":"Strona g\u0142\u00f3wna","item":"https:\/\/kalinski.pl\/serwis\/"},{"@type":"ListItem","position":2,"name":"Naprawa t\u0142umik\u00f3w i rur wydechowych"}]},{"@type":"WebSite","@id":"https:\/\/kalinski.pl\/serwis\/#website","url":"https:\/\/kalinski.pl\/serwis\/","name":"Kali\u0144ski","description":"Uk\u0142ady wydechowe","publisher":{"@id":"https:\/\/kalinski.pl\/serwis\/#organization"},"potentialAction":[{"@type":"SearchAction","target":{"@type":"EntryPoint","urlTemplate":"https:\/\/kalinski.pl\/serwis\/?s={search_term_string}"},"query-input":{"@type":"PropertyValueSpecification","valueRequired":true,"valueName":"search_term_string"}}],"inLanguage":"pl-PL"},{"@type":"Organization","@id":"https:\/\/kalinski.pl\/serwis\/#organization","name":"Kali\u0144ski","url":"https:\/\/kalinski.pl\/serwis\/","logo":{"@type":"ImageObject","inLanguage":"pl-PL","@id":"https:\/\/kalinski.pl\/serwis\/#\/schema\/logo\/image\/","url":"https:\/\/kalinski.pl\/serwis\/wp-content\/uploads\/2019\/03\/cropped-logo_white.jpg","contentUrl":"https:\/\/kalinski.pl\/serwis\/wp-content\/uploads\/2019\/03\/cropped-logo_white.jpg","width":240,"height":63,"caption":"Kali\u0144ski"},"image":{"@id":"https:\/\/kalinski.pl\/serwis\/#\/schema\/logo\/image\/"}}]}},"_links":{"self":[{"href":"https:\/\/kalinski.pl\/serwis\/wp-json\/wp\/v2\/pages\/1540","targetHints":{"allow":["GET"]}}],"collection":[{"href":"https:\/\/kalinski.pl\/serwis\/wp-json\/wp\/v2\/pages"}],"about":[{"href":"https:\/\/kalinski.pl\/serwis\/wp-json\/wp\/v2\/types\/page"}],"author":[{"embeddable":true,"href":"https:\/\/kalinski.pl\/serwis\/wp-json\/wp\/v2\/users\/2"}],"replies":[{"embeddable":true,"href":"https:\/\/kalinski.pl\/serwis\/wp-json\/wp\/v2\/comments?post=1540"}],"version-history":[{"count":3,"href":"https:\/\/kalinski.pl\/serwis\/wp-json\/wp\/v2\/pages\/1540\/revisions"}],"predecessor-version":[{"id":4284,"href":"https:\/\/kalinski.pl\/serwis\/wp-json\/wp\/v2\/pages\/1540\/revisions\/4284"}],"wp:attachment":[{"href":"https:\/\/kalinski.pl\/serwis\/wp-json\/wp\/v2\/media?parent=1540"}],"curies":[{"name":"wp","href":"https:\/\/api.w.org\/{rel}","templated":true}]}}